CREATE TABLE IF NOT EXISTS `emo_sectors` (
  `id` bigint(20) unsigned NOT NULL AUTO_INCREMENT,
  `descrizione` varchar(255) DEFAULT NULL,
  `responsabile_id` bigint(20) unsigned DEFAULT NULL,
  `note` varchar(255) DEFAULT NULL,
  `created_at` datetime NOT NULL DEFAULT current_timestamp(),
  `updated_at` datetime NOT NULL DEFAULT current_timestamp(),
  `user_id` bigint(20) unsigned DEFAULT NULL,
  PRIMARY KEY (`id`),
  KEY `emo_sector_index_descrizione` (`descrizione`)
) ENGINE=InnoDB AUTO_INCREMENT=41 DEFAULT CHARSET=utf8;

-- Dump dei dati della tabella cittadini_dev.emo_sectors: ~40 rows (circa)
INSERT INTO `emo_sectors` (`id`, `descrizione`, `responsabile_id`, `note`, `created_at`, `updated_at`, `user_id`) VALUES
	(1, 'DAMANHURCREA - DIRETTIVO', 222, '', '2017-12-25 18:16:18', '2018-02-03 17:20:57', NULL),
	(2, 'KD - INFORMATICI', 174, '', '2017-12-25 18:16:43', '2018-02-03 17:26:31', NULL),
	(3, 'SOCIALE - SCUOLA', 126, '', '2018-02-03 16:48:37', '2018-02-03 17:26:39', NULL),
	(4, 'SOCIALE - REGUIDA', 156, '', '2018-02-03 16:49:45', '2018-02-03 17:26:21', NULL),
	(5, 'SOCIALE - SAGGI', 52, '', '2018-02-03 16:50:01', '2018-02-03 17:26:12', NULL),
	(6, 'SOCIALE - SEGRETERIA DAMJL', 101, '', '2018-02-03 16:50:13', '2018-02-03 17:26:04', NULL),
	(7, 'KD - CED', 28, '', '2018-02-03 16:50:59', '2018-02-03 17:19:51', NULL),
	(8, 'SOCIALE - NEWLIFE', 235, '', '2018-02-03 16:51:15', '2018-02-03 17:25:56', NULL),
	(9, 'SOCIALE - DSD', 271, '', '2018-02-03 16:51:24', '2018-02-03 17:25:48', NULL),
	(10, 'SOCIALE - SPORTELLO SOCIO - ASSISTENZIALE', 163, '', '2018-02-03 16:51:48', '2018-08-28 07:12:31', 3),
	(11, 'SOCIALE - EDUCAZIONE', 62, '', '2018-02-03 16:52:12', '2018-02-03 17:25:30', NULL),
	(12, 'EDITORIA', 139, '', '2018-02-03 16:52:47', '2018-02-03 16:52:47', NULL),
	(13, 'SOCIALE - DIVERSI', 156, '', '2018-02-03 16:53:01', '2018-02-03 17:25:20', NULL),
	(14, 'PRANOSELF', 268, '', '2018-02-03 16:53:31', '2018-02-03 16:53:31', NULL),
	(15, 'SOCIALE - POLITICA', 107, '', '2018-02-03 16:53:42', '2018-02-03 17:25:10', NULL),
	(16, 'KD - MARKETING COMMERCIALE', NULL, '', '2018-02-03 17:19:42', '2018-02-03 17:19:42', NULL),
	(17, 'KD - ECONOMIA SVILUPPO', NULL, '', '2018-02-03 17:20:06', '2018-02-03 17:20:06', NULL),
	(18, 'DAMANHURCREA - RECEPTION', 85, '', '2018-02-03 17:20:44', '2018-02-03 17:20:44', NULL),
	(19, 'DAMANHURCREA - SEGRETERIA', 28, '', '2018-02-03 17:21:18', '2018-02-03 17:21:18', NULL),
	(20, 'DAMANHURCREA - PULIZIE', 373, '', '2018-02-03 17:21:34', '2018-02-03 17:21:34', NULL),
	(21, 'DAMANHURCREA - MANUTENZIONI', 186, '', '2018-02-03 17:21:47', '2018-02-03 17:21:47', NULL),
	(22, 'FONDAZIONE - SEGRETERIA', 373, '', '2018-02-03 17:22:20', '2018-02-20 09:22:03', NULL),
	(23, 'FONDAZIONE - ESTERI', 16, '', '2018-02-03 17:22:31', '2018-03-05 07:21:21', NULL),
	(24, 'DAMANHURCREA - REGIA', 9, '', '2018-02-03 17:23:15', '2018-02-03 17:23:15', NULL),
	(25, 'DAMANHURCREA - GUARDIE', 222, '', '2018-02-03 17:23:40', '2018-02-03 17:23:40', NULL),
	(26, 'KD - IMMOBILIARE', 175, '', '2018-02-03 17:24:24', '2018-02-03 17:24:24', NULL),
	(27, 'KD - DIVERSI', 175, '', '2018-02-03 17:24:47', '2018-02-03 17:24:47', NULL),
	(28, 'KD - COMUNICAZIONE', 392, '', '2018-02-12 14:29:05', '2018-02-12 14:29:05', NULL),
	(29, 'KD - UFFICIO STAMPA', 83, '', '2018-02-12 14:29:19', '2018-02-12 14:29:19', NULL),
	(30, 'DAMANHURCREA - DIVERSI', 222, '', '2018-02-12 14:51:47', '2018-02-12 14:51:47', NULL),
	(31, 'FONDAZIONE - AMBASCIATORI', 377, '', '2018-02-20 09:21:41', '2018-02-20 09:21:41', NULL),
	(32, 'KD - LEGALE', 91, '', '2018-03-05 07:33:21', '2018-03-05 07:33:21', NULL),
	(33, 'KD - BANDI FINANZIAMENTI', 107, '', '2018-07-21 14:14:23', '2018-07-21 14:14:23', 3),
	(34, 'KD - BRILLOR', 363, '', '2018-08-20 13:34:39', '2018-08-20 13:34:49', 3),
	(35, 'TEMPLI EDILI', 40, '', '2018-09-10 15:37:56', '2018-09-10 15:37:56', 2),
	(36, 'TEMPLI ARTE', 237, '', '2018-09-10 15:38:29', '2018-09-10 15:38:29', 2),
	(37, 'TEMPLI RECEPTION', 109, '', '2018-09-10 15:39:05', '2018-09-10 15:39:05', 2),
	(38, 'TEMPLI ABATON', 203, '', '2018-09-10 15:40:32', '2018-09-10 15:40:32', 2),
	(39, 'CASA DELLA SALUTE', NULL, '', '2018-10-15 11:05:30', '2018-10-15 11:05:30', 16),
	(40, 'TEMPLI DIVERSI', 109, '', '2018-10-22 15:24:54', '2018-10-22 15:24:54', 12);

-- Dump della struttura di tabella cittadini_dev.houses
CREATE TABLE IF NOT EXISTS `houses` (
  `id` bigint(20) unsigned NOT NULL AUTO_INCREMENT,
  `attivo` tinyint(1) NOT NULL DEFAULT 1,
  `nucleo_type_id` bigint(20) unsigned DEFAULT NULL,
  `is_entity` tinyint(1) NOT NULL DEFAULT 0,
  `descrizione` varchar(255) DEFAULT NULL,
  `affitto` decimal(10,3) DEFAULT 0.000,
  `affitto_istat` decimal(10,3) DEFAULT 0.000,
  `telefono` varchar(255) DEFAULT NULL,
  `mail` varchar(100) DEFAULT NULL,
  `codice_radio` varchar(255) DEFAULT NULL,
  `region_id` bigint(20) unsigned DEFAULT NULL,
  `familyhead_id` bigint(20) unsigned DEFAULT NULL,
  `bursar_id` bigint(20) unsigned DEFAULT NULL,
  `realestatemanager_id` bigint(20) unsigned DEFAULT NULL,
  `note` text DEFAULT NULL,
  `created_at` datetime NOT NULL DEFAULT current_timestamp(),
  `updated_at` datetime NOT NULL DEFAULT current_timestamp(),
  `user_id` bigint(20) unsigned DEFAULT NULL,
  PRIMARY KEY (`id`),
  KEY `fki_house_region` (`region_id`)
) ENGINE=InnoDB AUTO_INCREMENT=107 DEFAULT CHARSET=utf8;

-- Dump dei dati della tabella cittadini_dev.houses: ~96 rows (circa)
INSERT INTO `houses` (`id`, `attivo`, `nucleo_type_id`, `is_entity`, `descrizione`, `affitto`, `affitto_istat`, `telefono`, `mail`, `codice_radio`, `region_id`, `familyhead_id`, `bursar_id`, `realestatemanager_id`, `note`, `created_at`, `updated_at`, `user_id`) VALUES
	(1, 1, 2, 0, 'Sorgente', 1414.000, NULL, '', '', 'rosa1', 4, 169, 147, NULL, '', '2012-09-07 10:59:57', '2018-06-21 19:18:01', NULL),
	(3, 1, 3, 0, 'Tiglio', 1391.000, NULL, '', '', 'grigio3', 7, 258, 258, NULL, '', '2012-09-07 10:59:57', '2018-04-09 07:38:45', NULL),
	(4, 1, 3, 0, 'Dendera', 2400.000, NULL, '', '', 'verde2', 1, 161, 181, NULL, '', '2012-09-07 10:59:57', '2018-06-21 19:13:49', NULL),
	(5, 1, 3, 0, 'Damjl ', 2750.000, NULL, '', '', 'giallo1', 6, 101, 128, NULL, '', '2012-09-07 10:59:57', '2018-06-21 19:13:27', NULL),
	(6, 1, 2, 0, 'Venta', 1250.000, NULL, '', '', 'arancio2', 10, NULL, NULL, NULL, NULL, '2012-09-07 10:59:57', '2017-08-07 15:38:08', NULL),
	(8, 1, 6, 0, 'Naiade Barbagianni*', 0.000, NULL, '', '', 'Azzurro 1', 7, NULL, NULL, NULL, '', '2012-09-07 10:59:57', '2018-06-21 19:21:20', NULL),
	(9, 1, 2, 0, 'Sidalte', 425.000, NULL, '', '', 'rosso3', 8, 385, 66, NULL, '', '2012-09-07 10:59:57', '2018-06-21 19:17:39', NULL),
	(10, 1, 3, 0, 'Porta della Terra (PdT)', 4612.000, NULL, '', '', 'blu3', 2, 17, 287, NULL, '', '2012-09-07 10:59:57', '2018-06-21 19:17:18', NULL),
	(12, 1, 3, 0, 'Tijal', 1200.000, NULL, '', '', 'azzurro2', 7, 34, 291, NULL, '', '2012-09-07 10:59:57', '2018-06-21 19:20:58', NULL),
	(13, 1, 2, 0, 'Cibele', 660.000, NULL, '', '', 'rosso2', 8, NULL, NULL, NULL, NULL, '2012-09-07 10:59:57', '2017-08-07 15:18:39', NULL),
	(14, 0, 1, 0, 'Fammjlpiacere', 0.000, NULL, '', '', 'arancio3', 10, NULL, NULL, NULL, '', '2012-09-07 10:59:57', '2018-09-01 16:24:22', NULL),
	(15, 1, 5, 0, 'Aria', NULL, NULL, '', '', 'arancio4', 10, NULL, NULL, NULL, '', '2012-09-07 10:59:57', '2018-06-21 19:23:34', NULL),
	(16, 1, 3, 0, 'Pejda', 3104.000, NULL, '', '', 'grigio2', 7, 340, NULL, NULL, '', '2012-09-07 10:59:57', '2018-06-21 19:16:09', NULL),
	(18, 1, 3, 0, 'Ognidove', 2340.000, NULL, '', '', 'rosso1', 8, 222, NULL, NULL, '', '2012-09-07 10:59:57', '2018-06-21 19:15:47', NULL),
	(20, 1, 3, 0, 'Porta del Sole (PdS)', -15.000, 2715.000, '', '', 'indaco1', 8, 232, 268, NULL, '', '2012-09-07 10:59:57', '2018-06-21 19:22:07', NULL),
	(21, 1, 3, 0, 'Eco', 1879.000, NULL, '', '', 'grigio1', 7, NULL, NULL, NULL, NULL, '2012-09-07 10:59:57', '2017-08-07 15:21:12', NULL),
	(23, 0, 1, 0, 'Assamil', 0.000, NULL, '', '', 'rosa2', 12, NULL, NULL, NULL, '', '2012-09-07 10:59:57', '2018-04-20 23:44:58', NULL),
	(25, 1, 2, 0, 'Casa del Lago (CdL)', 604.000, NULL, '', '', 'bianco2', 1, 65, NULL, NULL, '', '2012-09-07 10:59:57', '2018-06-21 19:10:11', NULL),
	(26, 1, 3, 0, 'Magilla', 1850.000, NULL, '', '', 'verde1', 1, 235, 156, NULL, '', '2012-09-07 10:59:57', '2018-06-21 19:15:19', NULL),
	(27, 1, 3, 0, 'Porta della Luna (PdL)', 2900.000, NULL, '', '', 'bianco1', 3, 236, 286, NULL, '', '2012-09-07 10:59:57', '2018-06-21 19:16:53', NULL),
	(28, 1, 3, 0, 'Tin', 512.000, NULL, '', '', 'rosa3', 4, 36, 129, NULL, '', '2012-09-07 10:59:57', '2018-06-21 19:19:03', NULL),
	(30, 1, 3, 0, 'Cornucopia', 3200.000, NULL, '', '', 'azzurro1', 7, 243, 145, NULL, '', '2012-09-07 10:59:57', '2018-06-21 19:20:11', NULL),
	(31, 1, 3, 0, 'Atenà ', 1500.000, NULL, '', '', 'giallo3', 6, 248, 354, NULL, '', '2012-09-07 10:59:57', '2018-06-21 19:11:25', NULL),
	(32, 1, 2, 0, 'Lavallaorò', 3400.000, NULL, '', '', 'blu1', 2, 389, 81, NULL, '', '2012-09-07 10:59:57', '2018-06-21 19:14:32', NULL),
	(33, 1, 2, 0, 'Cambioidea', 2127.000, NULL, '', '', 'arancio1', 10, NULL, NULL, NULL, NULL, '2012-09-07 10:59:57', '2017-08-07 15:13:12', NULL),
	(34, 1, 8, 0, 'Milte', 1033.230, NULL, NULL, NULL, 'giallo4', 6, NULL, NULL, NULL, NULL, '2012-09-07 17:33:53', '2017-03-08 09:18:28', NULL),
	(35, 0, 8, 0, 'Z - Ospiti o recesso cittadinanza', NULL, NULL, '', '', '', 12, NULL, NULL, NULL, NULL, '2013-07-17 15:15:59', '2017-10-19 14:00:13', NULL),
	(36, 0, 8, 0, 'Z - Soglia deceduti', NULL, NULL, '', '', '', 12, NULL, NULL, NULL, NULL, '2013-08-27 15:36:47', '2018-01-25 04:14:53', NULL),
	(39, 0, 8, 0, 'Cittadini singoli o n.r.', NULL, NULL, '', '', '', 12, NULL, NULL, NULL, NULL, '2014-08-12 10:44:46', '2017-11-29 07:13:18', NULL),
	(40, 0, 1, 0, 'Casa Collina', NULL, NULL, '', '', 'grigio 4', 7, NULL, NULL, NULL, '', '2014-08-12 10:50:33', '2018-09-01 16:23:51', NULL),
	(41, 1, 2, 0, 'Aval ', 390.000, 410.000, '', '', 'BLU 1', 2, 305, 82, NULL, '', '2015-07-14 08:55:12', '2018-12-10 08:32:33', NULL),
	(42, 0, 1, 0, 'Nuovi Citt. Alice', NULL, NULL, '', '', 'Verde 3     ', 1, NULL, NULL, NULL, '', '2016-05-13 13:33:04', '2018-09-01 16:25:26', NULL),
	(43, 1, 2, 0, 'Alteco', 267.570, NULL, '', '', 'Grigio 1', 7, NULL, NULL, NULL, NULL, '2016-07-15 14:22:21', '2017-03-09 14:41:30', NULL),
	(44, 1, 9, 0, 'Semil', NULL, NULL, '', '', '', 10, NULL, NULL, NULL, NULL, '2016-10-28 16:05:56', '2016-10-28 16:05:56', NULL),
	(45, 1, 10, 0, 'Bettum', NULL, NULL, '', '', '', 12, NULL, NULL, NULL, NULL, '2017-06-04 08:08:59', '2017-06-04 08:08:59', NULL),
	(46, 1, 6, 0, 'Esperide*', NULL, NULL, '', '', '', 12, NULL, NULL, NULL, NULL, '2017-09-09 12:37:51', '2017-10-06 19:27:17', NULL),
	(47, 1, 6, 0, 'Lucciola Bisonte*', NULL, NULL, '', '', '', 12, NULL, NULL, NULL, NULL, '2017-09-09 12:38:09', '2017-10-06 19:27:25', NULL),
	(48, 1, 6, 0, 'Vultura Piviere*', NULL, NULL, '', '', '', 12, NULL, NULL, NULL, NULL, '2017-09-09 12:38:23', '2017-10-06 19:26:53', NULL),
	(49, 1, 6, 0, 'Chrysoperla*', NULL, NULL, '', '', '', 12, NULL, NULL, NULL, NULL, '2017-09-09 12:38:36', '2017-10-06 19:27:05', NULL),
	(50, 1, 2, 0, 'Farfalla*', NULL, NULL, '', '', '', 12, NULL, NULL, NULL, NULL, '2017-10-24 16:40:04', '2018-01-25 04:13:55', NULL),
	(51, 0, 8, 0, 'Universitari', NULL, NULL, '', '', '', 12, NULL, NULL, NULL, NULL, '2017-10-26 08:57:01', '2017-11-29 07:14:35', NULL),
	(52, 0, 1, 0, 'Nikki*', NULL, NULL, '', '', '', 12, NULL, NULL, NULL, '', '2017-11-02 15:07:48', '2018-09-01 16:24:44', NULL),
	(53, 0, 1, 0, 'Uistiti*', NULL, NULL, '', '', '', 12, NULL, NULL, NULL, '', '2017-11-26 04:49:18', '2018-09-01 16:26:11', NULL),
	(54, 1, 6, 0, 'Sparviero*', NULL, NULL, '', '', '', 12, NULL, NULL, NULL, NULL, '2017-12-28 19:59:16', '2018-01-04 15:30:48', NULL),
	(55, 0, 1, 0, 'Quokka*', NULL, NULL, '', '', '', 12, NULL, NULL, NULL, '', '2018-01-04 16:05:11', '2018-09-01 16:25:47', NULL),
	(56, 1, 6, 0, 'Coniglio Rinoceronte*', NULL, NULL, '', '', '', 12, NULL, NULL, NULL, '', '2018-01-04 16:05:57', '2018-09-19 09:03:15', NULL),
	(57, 1, 11, 1, 'X-DAMJL CROTALO', NULL, NULL, '', '', '', 12, NULL, NULL, NULL, '', '2018-03-18 20:12:13', '2018-04-20 23:49:27', NULL),
	(58, 1, 11, 1, 'X-DAMJL IRIDE', NULL, NULL, '', '', '', 12, NULL, NULL, NULL, '', '2018-03-18 20:12:45', '2018-04-20 23:50:08', NULL),
	(59, 1, 11, 1, 'X-DAMJL MANTIDE', NULL, NULL, '', '', '', 12, NULL, NULL, NULL, '', '2018-03-18 20:13:39', '2018-04-20 23:50:19', NULL),
	(60, 1, 11, 1, 'X-DAMJL TROVATUTTO', NULL, NULL, '', '', '', 12, NULL, NULL, NULL, '', '2018-03-18 20:14:03', '2018-04-20 23:51:09', NULL),
	(61, 1, 11, 1, 'X-DAMJL GDV', NULL, NULL, '', '', '', 12, NULL, NULL, NULL, '', '2018-03-18 20:14:28', '2018-04-20 23:49:55', NULL),
	(62, 1, 11, 1, 'X-DAMJL SCO', NULL, NULL, '', '', '', 12, NULL, NULL, NULL, '', '2018-03-18 20:15:03', '2018-04-20 23:50:50', NULL),
	(63, 1, 11, 1, 'X-DAMJL MEDIT', NULL, NULL, '', '', '', 12, NULL, NULL, NULL, '', '2018-03-18 20:15:29', '2018-04-20 23:50:32', NULL),
	(64, 1, 11, 1, 'X-DAMJL QDQ', NULL, NULL, '', '', '', 12, NULL, NULL, NULL, '', '2018-03-18 20:15:50', '2018-04-20 23:50:41', NULL),
	(65, 1, 11, 1, 'X-DAMJL DINGO', NULL, NULL, '', '', '', 12, NULL, NULL, NULL, '', '2018-03-18 20:26:35', '2018-04-20 23:49:41', NULL),
	(66, 1, 13, 1, 'X-DIVERSI CANNONE', NULL, NULL, '', '', '', 12, NULL, NULL, NULL, '', '2018-03-18 20:45:24', '2018-04-20 23:51:25', NULL),
	(67, 1, 12, 1, 'X-DHCREA SOLPARK', NULL, NULL, '', '', '', 12, NULL, NULL, NULL, '', '2018-03-18 20:45:48', '2018-04-20 23:51:17', NULL),
	(68, 1, 11, 1, 'X-DAMJL STANZA PRANO', NULL, NULL, '', '', '', 12, NULL, NULL, NULL, '', '2018-03-22 09:08:37', '2018-04-20 23:50:59', NULL),
	(69, 1, 14, 1, 'X-FSN IRIDE', NULL, NULL, '', '', '', 12, NULL, NULL, NULL, '', '2018-03-29 06:32:02', '2018-04-20 23:51:54', NULL),
	(70, 1, 14, 1, 'X-FSN CASA SALUTE', NULL, NULL, '', '', '', 12, NULL, NULL, NULL, '', '2018-03-29 06:32:19', '2018-04-20 23:51:36', NULL),
	(71, 1, 14, 1, 'X-FSN MICROATTRATTORI', NULL, NULL, '', '', '', 12, NULL, NULL, NULL, '', '2018-03-29 06:35:16', '2018-04-20 23:52:03', NULL),
	(72, 1, 14, 1, 'X-FSN PRANOSELF', NULL, NULL, '', '', '', 12, NULL, NULL, NULL, '', '2018-03-29 06:36:00', '2018-04-20 23:52:13', NULL),
	(73, 1, 14, 1, 'X-FSN SELF', NULL, NULL, '', '', '', 12, NULL, NULL, NULL, '', '2018-03-29 06:36:20', '2018-04-20 23:05:01', NULL),
	(74, 1, 14, 1, 'X-FSN FISIO', NULL, NULL, '', '', '', 12, NULL, NULL, NULL, '', '2018-03-29 06:55:19', '2018-04-20 23:51:45', NULL),
	(75, 1, 2, 1, 'REGIONE DAMJL', NULL, NULL, '', '', '', 6, NULL, NULL, NULL, '', '2018-04-26 14:54:55', '2018-06-13 07:57:10', NULL),
	(76, 1, 13, 1, 'X-DIVERSI BAITA', NULL, NULL, '', '', '', 12, NULL, NULL, NULL, '', '2018-05-20 13:22:38', '2018-06-13 07:57:40', NULL),
	(77, 1, 12, 1, 'X-DHCREA TESSITURA EX MENSA', NULL, NULL, '', '', '', 12, NULL, NULL, NULL, '', '2018-05-31 10:09:20', '2018-05-31 10:10:03', NULL),
	(78, 1, 6, 0, 'Melusine*', NULL, NULL, '', '', '', 12, NULL, NULL, NULL, '', '2018-06-11 08:35:50', '2018-06-11 09:06:54', NULL),
	(79, 1, 6, 0, 'Sterna', NULL, NULL, '', '', '', 12, NULL, NULL, NULL, '', '2018-06-25 14:01:53', '2018-06-25 14:01:53', NULL),
	(80, 1, 5, 0, 'Vidracco - Porta di Vidrè', NULL, NULL, '', '', '', 5, 301, NULL, NULL, '', '2018-08-02 08:54:30', '2018-08-12 06:33:47', NULL),
	(81, 1, 6, 0, 'Gambero*', NULL, NULL, '', '', '', 12, NULL, NULL, NULL, '', '2018-08-02 15:05:54', '2018-08-21 14:05:44', NULL),
	(82, 1, 2, 0, 'Quetzal', NULL, NULL, '', '', '', 12, NULL, NULL, NULL, '', '2018-08-06 15:40:57', '2018-08-31 12:15:07', NULL),
	(83, 1, 16, 1, 'X-ASS ctpp', NULL, NULL, '', '', '', 12, NULL, NULL, NULL, '', '2018-08-13 14:22:28', '2018-09-01 16:27:21', NULL),
	(84, 1, 16, 1, 'X-ASS pejda', NULL, NULL, '', '', '', 12, NULL, NULL, NULL, '', '2018-08-13 14:22:46', '2018-09-01 16:27:35', NULL),
	(85, 1, 2, 0, 'Casa Alice', NULL, NULL, '', '', '', 12, 28, NULL, NULL, '', '2018-08-21 13:18:00', '2018-11-21 21:35:09', NULL),
	(86, 1, 6, 0, 'Usignolo', NULL, NULL, '', '', '', 12, NULL, NULL, NULL, '', '2018-08-21 14:47:17', '2018-08-21 14:47:17', NULL),
	(87, 1, 13, 1, 'X-DIVERSI-LUPA', NULL, NULL, '', '', '', 12, NULL, NULL, NULL, '', '2018-08-28 09:34:55', '2018-08-28 09:34:55', NULL),
	(88, 1, 8, 0, 'Z - CITTADINI B', NULL, NULL, '', '', '', 12, NULL, NULL, NULL, '', '2018-09-13 15:23:23', '2018-10-02 09:34:24', NULL),
	(89, 1, 8, 0, 'Z - CITTADINI C', NULL, NULL, '', '', '', 12, NULL, NULL, NULL, '', '2018-09-13 15:23:52', '2018-10-06 06:17:26', NULL),
	(90, 1, 8, 0, 'Z - CITTADINI D', NULL, NULL, '', '', '', 12, NULL, NULL, NULL, '', '2018-09-13 15:24:15', '2018-09-13 15:24:15', NULL),
	(91, 1, 6, 0, 'Granchia', NULL, NULL, '', '', '', 12, NULL, NULL, NULL, '', '2018-09-25 13:41:16', '2018-09-25 13:41:16', NULL),
	(92, 1, 6, 0, 'Focena', NULL, NULL, '', '', '', 12, NULL, NULL, NULL, '', '2018-09-25 13:41:52', '2018-09-25 13:41:52', NULL),
	(93, 1, 6, 0, 'Merlo', NULL, NULL, '', '', '', 12, NULL, NULL, NULL, '', '2018-09-25 13:42:06', '2018-09-25 13:42:06', NULL),
	(94, 1, 6, 0, 'Tursiope', NULL, NULL, '', '', '', 12, NULL, NULL, NULL, '', '2018-10-09 11:04:05', '2018-10-09 11:04:05', NULL),
	(95, 1, 6, 0, 'Fauno', 0.000, 0.000, '', '', '', 12, NULL, NULL, NULL, '', '2018-10-24 07:32:09', '2018-10-24 07:32:09', NULL),
	(96, 1, 6, 0, 'Cernia*', 0.000, 0.000, '', '', '', 12, NULL, NULL, NULL, '', '2018-11-27 13:44:48', '2019-01-18 11:27:09', NULL),
	(97, 1, 6, 0, 'Ninfa', 0.000, 0.000, '', '', '', 12, NULL, NULL, NULL, '', '2018-11-27 13:45:09', '2018-11-27 13:45:09', NULL),
	(98, 1, 9, 0, 'Atlan', 0.000, 0.000, '', '', '', 6, 131, 215, NULL, '', '2018-11-30 13:55:21', '2018-11-30 13:55:21', NULL),
	(99, 1, 6, 0, 'Upupa', 0.000, 0.000, '', '', '', 12, NULL, NULL, NULL, '', '2018-12-20 13:47:37', '2018-12-20 13:47:37', NULL),
	(100, 1, 6, 0, 'Arciere*', 0.000, 0.000, '', '', '', 12, NULL, NULL, NULL, '', '2018-12-28 15:08:51', '2019-01-18 11:03:00', NULL),
	(101, 1, 6, 0, 'Squalo', 0.000, 0.000, '', '', '', 12, NULL, NULL, NULL, '', '2019-01-15 13:34:12', '2019-01-15 13:34:12', NULL),
	(102, 1, 6, 0, 'Silfi', 0.000, 0.000, '', '', '', 12, NULL, NULL, NULL, '', '2019-01-15 13:34:45', '2019-01-15 13:34:45', NULL),
	(103, 1, 6, 0, 'Casa Oracolo', 0.000, 0.000, '', '', '', 12, NULL, NULL, NULL, '', '2019-01-15 13:35:43', '2019-01-15 13:35:43', NULL),
	(104, 1, 6, 0, 'Casa Albatros/Capriolo*', 0.000, 0.000, '', '', '', 12, NULL, NULL, NULL, '', '2019-01-15 13:36:26', '2019-01-18 11:26:44', NULL),
	(105, 1, 6, 0, 'Gallo C/Tortora', 0.000, 0.000, '', '', '', 12, NULL, NULL, NULL, '', '2019-01-15 13:36:48', '2019-01-15 13:36:48', NULL),
	(106, 1, 6, 0, 'Wapiti', 0.000, 0.000, '', '', '', 12, NULL, NULL, NULL, '', '2019-01-21 11:18:04', '2019-01-21 11:18:04', NULL);

-- Dump della struttura di tabella cittadini_dev.house_accounts
CREATE TABLE IF NOT EXISTS `house_accounts` (
  `id` bigint(20) unsigned NOT NULL AUTO_INCREMENT,
  `codice` varchar(255) DEFAULT NULL,
  `descrizione` varchar(255) DEFAULT NULL,
  `is_system` tinyint(1) DEFAULT 0,
  `view_order` int(11) NOT NULL DEFAULT 0,
  `created_at` datetime NOT NULL DEFAULT current_timestamp(),
  `updated_at` datetime NOT NULL DEFAULT current_timestamp(),
  `user_id` bigint(20) unsigned DEFAULT NULL,
  PRIMARY KEY (`id`),
  KEY `fki_house_account_codice` (`codice`),
  KEY `fki_house_account` (`id`)
) ENGINE=InnoDB AUTO_INCREMENT=19 DEFAULT CHARSET=utf8;

-- Dump dei dati della tabella cittadini_dev.house_accounts: ~16 rows (circa)
INSERT INTO `house_accounts` (`id`, `codice`, `descrizione`, `is_system`, `view_order`, `created_at`, `updated_at`, `user_id`) VALUES
	(1, 'ALI', 'Alimentazione', 0, 2, '2018-08-24 08:47:31', '2018-11-05 22:38:31', 13),
	(2, 'MUT', 'Mutui e finanziamenti', 0, 16, '2018-08-24 20:05:51', '2018-11-05 22:33:57', 13),
	(3, 'ATT', 'Attività di nucleo', 0, 7, '2018-08-24 20:06:48', '2018-10-03 09:05:38', 13),
	(4, 'REG', 'Regione', 0, 14, '2018-08-24 20:14:27', '2018-11-03 10:55:55', 13),
	(5, 'INV', 'Investimenti', 0, 10, '2018-08-24 20:14:46', '2018-09-07 11:24:36', 13),
	(6, 'AFF', 'Affitto casa', 0, 15, '2018-08-24 20:15:17', '2018-11-02 09:58:22', 13),
	(7, 'VAR', 'Spese varie casa', 0, 5, '2018-09-07 11:16:50', '2018-10-03 09:01:40', 13),
	(8, 'UTE', 'Utenze casa', 0, 13, '2018-09-07 11:17:07', '2018-11-03 10:55:45', 13),
	(9, 'MAN', 'Manutenzioni casa', 0, 4, '2018-09-07 11:17:25', '2018-10-03 09:01:17', 13),
	(10, 'FON', 'Fondi nucleo', 0, 18, '2018-09-07 11:25:31', '2018-11-02 09:57:02', 13),
	(11, 'DAM', 'Damanhur', 0, 20, '2018-09-07 11:25:43', '2018-10-03 08:21:34', 13),
	(12, 'PER', 'Spese personali', 0, 17, '2018-09-07 11:25:55', '2018-11-05 22:33:24', 13),
	(13, 'ENT', 'Entrate del nucleo', 0, 30, '2018-09-10 06:08:13', '2018-10-03 08:36:23', 13),
	(16, 'ANI', 'animali di compagnia', 0, 10, '2018-09-19 13:45:21', '2018-09-19 13:45:21', 22),
	(17, 'SCO', 'scorte', 0, 6, '2018-09-19 15:22:34', '2018-10-03 09:02:52', 13),
	(18, 'ALI2', 'Alimentazione in base ai pasti', 0, 3, '2018-10-19 10:21:08', '2018-10-22 22:21:17', 13);

-- Dump della struttura di tabella cittadini_dev.house_adacs
CREATE TABLE IF NOT EXISTS `house_adacs` (
  `id` bigint(20) unsigned NOT NULL AUTO_INCREMENT,
  `house_id` bigint(20) unsigned DEFAULT NULL,
  `competenza` date DEFAULT NULL,
  `importo` decimal(10,3) DEFAULT 0.000,
  `descrizione` varchar(255) DEFAULT NULL,
  `rate` int(11) DEFAULT NULL,
  `rata` int(11) DEFAULT NULL,
  `house_crb_id` bigint(20) unsigned DEFAULT NULL,
  `person_id` bigint(20) unsigned DEFAULT NULL,
  `scadenza` date DEFAULT NULL,
  `created_at` datetime NOT NULL DEFAULT current_timestamp(),
  `updated_at` datetime NOT NULL DEFAULT current_timestamp(),
  `user_id` bigint(20) unsigned DEFAULT NULL,
  PRIMARY KEY (`id`),
  KEY `srg_house_adac_competenza` (`competenza`),
  KEY `fki_house_adac_crbs` (`house_crb_id`),
  KEY `fki_house_adac_houses` (`house_id`),
  KEY `fki_house_adac_people` (`person_id`)
) ENGINE=InnoDB AUTO_INCREMENT=38 DEFAULT CHARSET=utf8;

-- Dump dei dati della tabella cittadini_dev.house_adacs: ~32 rows (circa)
INSERT INTO `house_adacs` (`id`, `house_id`, `competenza`, `importo`, `descrizione`, `rate`, `rata`, `house_crb_id`, `person_id`, `scadenza`, `created_at`, `updated_at`, `user_id`) VALUES
	(1, 3, '2018-08-01', 2000.000, 'alimentazione', 1, 1, 1, NULL, NULL, '2018-09-15 10:16:50', '2018-09-15 10:16:50', 1),
	(2, 3, '2018-08-01', 100.000, 'acquisto lavatrice', 10, 1, 22, NULL, NULL, '2018-09-15 13:38:38', '2018-09-15 13:38:38', 1),
	(3, 16, '2018-09-01', 100.000, 'CdG a favore di Capodogio da versare all\'economo di Alteco', 60, 41, 74, 148, '2019-03-15', '2018-09-16 17:04:43', '2018-11-20 15:41:32', 17),
	(5, 16, '2018-09-01', -190.000, 'Rimborso prestito al nucleo  per generatore', 48, 45, 23, 162, '2018-11-15', '2018-09-17 08:22:49', '2018-09-17 09:59:47', 17),
	(6, 16, '2018-09-01', 50.000, 'Rimborso prestito di Scimpanzé', 60, 15, 74, 308, '2022-07-20', '2018-09-17 09:43:05', '2018-11-20 15:41:45', 17),
	(7, 16, '2018-09-01', 114.500, 'Rimborso prestito di Scimpanzé', 60, 15, 74, 266, '2022-07-20', '2018-09-17 09:48:06', '2018-11-20 15:41:54', 17),
	(8, 16, '2018-09-01', -114.500, 'Restituzione prestito da Scarabeo', 60, 15, 74, 340, '2022-07-20', '2018-09-17 09:57:06', '2018-11-20 15:42:03', 17),
	(9, 16, '2018-09-01', -50.000, 'Restituzione prestito da Visone', 60, 15, 74, 340, '2022-07-20', '2018-09-17 09:58:54', '2018-11-20 15:42:11', 17),
	(10, 56, '2018-09-01', -50.000, 'rip bagno', 10, 1, 7, NULL, NULL, '2018-09-21 09:20:58', '2018-09-21 09:20:58', 20),
	(11, 16, '2018-09-01', 60.000, 'Pasti MaraSole e Giada', NULL, NULL, 68, 86, NULL, '2018-10-20 14:31:01', '2018-10-22 16:19:07', 17),
	(12, 16, '2018-09-01', 100.000, 'Pasti EvaLuna e IreneGaia', NULL, NULL, 68, 193, NULL, '2018-10-20 14:33:41', '2018-10-22 16:19:18', 17),
	(13, 16, '2018-09-01', 60.000, 'Pasti di Sirio e Asia', NULL, NULL, 68, 207, NULL, '2018-10-20 14:35:02', '2018-10-22 16:19:30', 17),
	(14, 16, '2018-08-01', -190.000, 'Rimborso prestito al nucleo  per generatore', 48, 44, 23, 162, '2018-11-15', '2018-10-22 16:15:19', '2018-10-22 16:15:52', 17),
	(15, 16, '2018-08-01', 100.000, 'CdG a favore di Capodogio da versare all\'economo di Alteco', 60, 40, 74, 148, '2019-03-15', '2018-10-22 16:15:19', '2018-11-20 15:42:19', 17),
	(16, 16, '2018-08-01', 50.000, 'Rimborso prestito di Scimpanzé', 60, 14, 74, 308, '2022-07-20', '2018-10-22 16:15:19', '2018-11-20 15:42:29', 17),
	(17, 16, '2018-08-01', 114.500, 'Rimborso prestito di Scimpanzé', 60, 14, 74, 266, '2022-07-20', '2018-10-22 16:15:19', '2018-11-20 15:42:37', 17),
	(18, 16, '2018-08-01', -114.500, 'Restituzione prestito da Scarabeo', 60, 14, 74, 340, '2022-07-20', '2018-10-22 16:15:19', '2018-11-20 15:42:45', 17),
	(19, 16, '2018-08-01', -50.000, 'Restituzione prestito da Visone', 60, 14, 74, 340, '2022-07-20', '2018-10-22 16:15:19', '2018-11-20 15:42:52', 17),
	(20, 16, '2018-08-01', 60.000, 'Pasti MaraSole e Giada', NULL, NULL, 68, 86, NULL, '2018-10-22 16:20:39', '2018-10-22 16:20:39', 17),
	(21, 16, '2018-08-01', 100.000, 'Pasti EvaLuna e IreneGaia', NULL, NULL, 68, 193, NULL, '2018-10-22 16:21:08', '2018-10-22 16:21:08', 17),
	(22, 16, '2018-08-01', 60.000, 'Pasti di Sirio e Asia', NULL, NULL, 68, 207, NULL, '2018-10-22 16:21:39', '2018-10-22 16:21:39', 17),
	(27, 16, '2018-08-01', 3979.000, 'Paniere fisso di casa', NULL, NULL, 71, NULL, NULL, '2018-11-20 15:38:46', '2018-11-20 15:57:39', 17),
	(28, 16, '2018-08-01', 1327.000, 'Da ripartire in base ai pasti', NULL, NULL, 70, NULL, NULL, '2018-11-20 15:39:58', '2018-11-20 15:57:54', 17),
	(29, 16, '2018-08-01', 221.000, '', NULL, NULL, 24, NULL, NULL, '2018-11-20 15:45:12', '2018-11-20 15:45:12', 17),
	(30, 16, '2018-08-01', 423.000, 'Utenze: Luce, Rifiuti', NULL, NULL, 33, NULL, NULL, '2018-11-20 15:46:14', '2018-11-20 15:46:14', 17),
	(31, 16, '2018-08-01', 5.000, '', NULL, NULL, 69, 53, NULL, '2018-11-20 15:48:27', '2018-11-20 15:48:27', 17),
	(32, 16, '2018-08-01', 76.000, '', NULL, NULL, 69, 59, NULL, '2018-11-20 15:49:50', '2018-11-20 15:49:50', 17),
	(33, 16, '2018-08-01', 45.000, '', NULL, NULL, 69, 92, NULL, '2018-11-20 15:50:11', '2018-11-20 15:50:11', 17),
	(34, 16, '2018-08-01', 4.000, '', NULL, NULL, 69, 193, NULL, '2018-11-20 15:50:38', '2018-11-20 15:50:38', 17),
	(35, 16, '2018-08-01', 8.000, '', NULL, NULL, 69, 206, NULL, '2018-11-20 15:52:16', '2018-11-20 15:52:16', 17),
	(36, 16, '2018-08-01', 8.000, '', NULL, NULL, 69, 266, NULL, '2018-11-20 15:52:35', '2018-11-20 15:52:35', 17),
	(37, 16, '2018-08-01', 135.000, '', NULL, NULL, 69, 340, NULL, '2018-11-20 15:52:53', '2018-11-20 15:52:53', 17);

-- Dump della struttura di tabella cittadini_dev.house_crbs
CREATE TABLE IF NOT EXISTS `house_crbs` (
  `id` bigint(20) unsigned NOT NULL AUTO_INCREMENT,
  `is_system` tinyint(1) DEFAULT 0,
  `codice` varchar(255) DEFAULT NULL,
  `descrizione` varchar(255) DEFAULT NULL,
  `house_account_id` bigint(20) unsigned NOT NULL,
  `created_at` datetime NOT NULL DEFAULT current_timestamp(),
  `updated_at` datetime NOT NULL DEFAULT current_timestamp(),
  `user_id` bigint(20) unsigned DEFAULT NULL,
  PRIMARY KEY (`id`),
  KEY `fki_house_crb_codice` (`codice`),
  KEY `fki_house_crb` (`id`)
) ENGINE=InnoDB AUTO_INCREMENT=75 DEFAULT CHARSET=utf8;

-- Dump dei dati della tabella cittadini_dev.house_crbs: ~70 rows (circa)
INSERT INTO `house_crbs` (`id`, `is_system`, `codice`, `descrizione`, `house_account_id`, `created_at`, `updated_at`, `user_id`) VALUES
	(1, 0, 'SPSINT', 'Spesa interna: generico', 1, '2018-08-24 08:48:08', '2018-09-17 10:42:12', 13),
	(2, 0, 'ALIOSP', 'Incasso pasti da ospiti', 1, '2018-08-24 20:12:02', '2018-09-07 16:40:09', 13),
	(3, 0, 'ATTOSP', 'Ospitalità', 3, '2018-08-24 20:12:35', '2018-09-17 10:45:13', 13),
	(4, 0, 'ATTPZZ', 'Pizzeria', 3, '2018-08-24 20:13:01', '2018-09-17 10:45:24', 13),
	(5, 0, 'MANIDR', 'Idraulica', 9, '2018-08-24 20:27:06', '2018-09-17 10:47:44', 13),
	(6, 0, 'MANELE', 'Elettriche', 9, '2018-08-24 20:28:05', '2018-09-14 22:06:54', 13),
	(7, 0, 'MANEDI', 'Edili', 9, '2018-08-24 20:30:09', '2018-09-14 22:06:42', 13),
	(8, 0, 'SPSEST', 'Spesa esterna: generico (Bennet, ecc)', 1, '2018-08-25 15:53:02', '2018-09-17 10:42:51', 13),
	(9, 1, 'AFFINT', 'Affitto interno', 6, '2018-09-07 16:37:52', '2018-09-15 11:15:14', 13),
	(10, 0, 'AFFEST', 'Affitto esterno', 6, '2018-09-07 16:38:07', '2018-09-07 16:38:07', 13),
	(11, 0, 'ATTNCL', 'Attività di nucleo', 3, '2018-09-07 16:41:10', '2018-09-07 16:41:10', 13),
	(12, 1, 'DAMQUO', 'Quote associative', 11, '2018-09-07 16:41:51', '2018-09-07 16:46:17', 13),
	(13, 1, 'DAMSOC', 'Contributo Sociale', 11, '2018-09-07 16:42:13', '2018-09-07 16:46:30', 13),
	(14, 1, 'DAMFON', 'Contributo Fondi sociali', 11, '2018-09-07 16:42:32', '2018-09-07 16:46:40', 13),
	(15, 1, 'DAMADA', 'Addebiti/Accrediti federali a carico del nucleo', 11, '2018-09-07 16:43:13', '2018-11-05 22:30:57', 13),
	(16, 0, 'FONSOL', 'Fondo solidarietà Nucleo', 10, '2018-09-07 16:47:36', '2018-09-07 16:47:36', 13),
	(17, 0, 'INVINV', 'Investimenti', 5, '2018-09-07 16:47:58', '2018-09-07 16:47:58', 13),
	(18, 0, 'MANRIS', 'Riscaldamento/caldaia', 9, '2018-09-07 16:50:31', '2018-09-17 10:48:08', 13),
	(19, 0, 'MANSOL', 'Impianto solare', 9, '2018-09-07 16:50:49', '2018-09-17 10:47:21', 13),
	(20, 0, 'MANFOT', 'Impianto fotovoltaico', 9, '2018-09-07 16:51:10', '2018-09-17 10:47:07', 13),
	(21, 0, 'MANVER', 'Aree verdi', 9, '2018-09-07 16:51:26', '2018-09-14 22:06:28', 13),
	(22, 0, 'MANDIV', 'Manutenzioni diverse', 9, '2018-09-07 16:51:42', '2018-09-07 16:51:42', 13),
	(23, 0, 'MUTMUT', 'Mutui e finanziamenti', 2, '2018-09-07 16:52:13', '2018-09-07 16:52:13', 13),
	(24, 0, 'REGREG', 'Regione', 4, '2018-09-07 16:52:35', '2018-09-07 16:52:35', 13),
	(25, 1, 'PERFON', 'Contributo Fondo Sociali', 12, '2018-09-07 16:53:12', '2018-09-07 16:53:12', 13),
	(26, 1, 'PERPEN', 'Fondo Pensione', 12, '2018-09-07 16:53:41', '2018-10-22 09:20:09', 13),
	(27, 1, 'PERADA', 'Addebiti/Accrediti da Fondi Sociali', 12, '2018-09-07 16:54:22', '2018-09-07 16:55:34', 13),
	(28, 1, 'PERADP', 'Addebiti/Accrediti federali personali', 11, '2018-09-07 16:55:13', '2018-11-05 22:30:07', 13),
	(29, 1, 'PERSRV', 'Servizi personali', 12, '2018-09-07 16:56:05', '2018-09-07 16:56:05', 13),
	(30, 0, 'PERNCL', 'Addebiti/Accrediti da Nucleo', 12, '2018-09-07 16:56:28', '2018-09-07 16:56:28', 13),
	(31, 0, 'VARPUL', 'Igiene e prodotti di pulizia', 7, '2018-09-07 16:57:19', '2018-09-07 16:57:19', 13),
	(32, 0, 'VARALT', 'Altre spese generiche', 7, '2018-09-07 16:57:39', '2018-09-07 16:57:39', 13),
	(33, 0, 'UTEELE', 'Energia elettrica', 8, '2018-09-07 16:58:13', '2018-09-07 16:58:13', 13),
	(34, 0, 'UTEGAS', 'Gas Metano', 8, '2018-09-07 16:58:35', '2018-09-07 16:58:35', 13),
	(35, 0, 'UTELEG', 'Legna', 8, '2018-09-07 16:58:53', '2018-09-07 16:58:53', 13),
	(36, 0, 'UTEPEL', 'Pellet', 8, '2018-09-07 16:59:20', '2018-09-07 16:59:20', 13),
	(37, 0, 'UTEGPL', 'GPL', 8, '2018-09-07 16:59:37', '2018-09-07 16:59:37', 13),
	(38, 0, 'UTEACQ', 'Acqua', 8, '2018-09-07 17:04:57', '2018-09-07 17:04:57', 13),
	(39, 0, 'UTERIF', 'Tari + rifiuti', 8, '2018-09-07 17:05:19', '2018-09-07 17:05:19', 13),
	(40, 0, 'UTETEL', 'Telefono', 8, '2018-09-07 17:05:33', '2018-09-07 17:05:33', 13),
	(41, 0, 'UTEINT', 'Internet', 8, '2018-09-07 17:05:46', '2018-09-07 17:05:46', 13),
	(42, 0, 'UTEATV', 'Abbonamento TV', 8, '2018-09-07 17:06:04', '2018-09-07 17:06:04', 13),
	(43, 1, 'UTEASS', 'Rimborsi utenze da associazioni', 8, '2018-09-07 17:06:28', '2018-09-07 17:06:28', 13),
	(44, 0, 'GIRCON', 'Giroconto', 10, '2018-09-09 09:28:55', '2018-09-09 09:28:55', 13),
	(45, 0, 'ENTNUC', 'Versamento quota cittadino', 13, '2018-09-10 06:08:52', '2018-09-14 22:07:39', 13),
	(46, 0, 'ENTSCS', 'Saldo cassa', 13, '2018-09-15 08:54:50', '2018-09-17 21:26:34', 13),
	(50, 0, 'ALIEOL', 'Spesa esterna: Olio', 1, '2018-09-16 09:24:14', '2018-09-17 10:43:25', 13),
	(51, 0, 'ALIEPE', 'Spesa esterna: Pesce', 1, '2018-09-16 09:26:59', '2018-09-17 10:43:39', 13),
	(52, 0, 'ALIIOL', 'Spesa interna: olio ns. olivete', 1, '2018-09-16 09:41:45', '2018-09-17 10:44:19', 13),
	(53, 0, 'ALISCA', 'Spesa interna: formaggi e gelati Scarabeo', 1, '2018-09-16 09:42:50', '2018-09-17 10:44:01', 13),
	(54, 0, 'ATTORT', 'Orto', 3, '2018-09-16 09:47:58', '2018-09-17 10:44:34', 13),
	(55, 0, 'ATTMAI', 'Maiali', 3, '2018-09-16 09:48:24', '2018-09-17 10:15:38', 13),
	(56, 0, 'ENTMER', 'Mercatino', 13, '2018-09-16 15:55:12', '2018-09-17 10:45:39', 13),
	(57, 0, 'ENTNEW', 'Ospitalità e New life', 13, '2018-09-16 15:57:55', '2018-09-17 10:46:21', 13),
	(58, 0, 'ATTAVI', 'Allevamento avicolo', 3, '2018-09-17 10:16:05', '2018-09-17 10:16:05', 13),
	(59, 0, 'ATTAVI', 'Allevamento avicolo', 3, '2018-09-17 10:44:54', '2018-09-17 10:44:54', 13),
	(60, 1, 'ENTQUO', 'Saldo quota mese precedente', 13, '2018-09-17 21:39:58', '2018-11-14 15:27:25', 13),
	(61, 0, 'VARPUI', 'Prodotti pulizia interni', 7, '2018-09-19 09:56:36', '2018-10-20 20:22:18', 13),
	(62, 0, 'VARTUR', 'Turni retribuiti', 7, '2018-09-19 11:29:30', '2018-10-20 20:21:29', 13),
	(63, 0, 'ALIVIN', 'Vino', 1, '2018-09-19 11:32:54', '2018-09-19 11:32:54', 22),
	(64, 0, 'VARRIT', 'Ritualità', 7, '2018-09-19 13:31:57', '2018-10-20 20:21:51', 13),
	(65, 0, 'ANI', 'animali da compagnia', 16, '2018-09-19 15:08:18', '2018-09-19 15:08:18', 22),
	(66, 0, 'SCO', 'scorte alimentari', 17, '2018-09-19 15:23:09', '2018-09-19 15:23:09', 22),
	(67, 0, 'ENTRIMB', 'Rimborsi vari', 13, '2018-09-27 21:23:24', '2018-09-27 21:23:24', 17),
	(68, 0, 'ALIPAR', 'Contributo pasti figli da parametrazione', 12, '2018-10-19 16:34:42', '2018-11-20 16:09:31', 13),
	(69, 0, 'ALIOSPNU', 'Incasso pasti ospiti da nucleandi', 12, '2018-10-19 17:00:06', '2018-11-05 22:23:23', 13),
	(70, 0, 'ALIIBP', 'riparto 50% spesa pasti', 18, '2018-10-19 18:29:38', '2018-10-22 22:23:40', 13),
	(71, 0, 'ALIPFC', 'Paniere fisso di casa', 1, '2018-10-22 14:03:24', '2018-10-22 22:27:02', 13),
	(73, 0, 'ALI T', 'TENTATY', 1, '2018-10-23 17:37:10', '2018-10-23 17:37:10', 23),
	(74, 0, 'PERPER', 'Addebiti/Accrediti personali', 12, '2018-11-05 03:56:45', '2018-11-05 03:56:45', 13);

-- Dump della struttura di tabella cittadini_dev.house_pns
CREATE TABLE IF NOT EXISTS `house_pns` (
  `id` bigint(20) unsigned NOT NULL AUTO_INCREMENT,
  `house_id` bigint(20) unsigned NOT NULL,
  `data` date DEFAULT NULL,
  `descrizione` varchar(255) DEFAULT NULL,
  `importo` decimal(10,3) DEFAULT 0.000,
  `house_pn_fund_id` bigint(20) unsigned DEFAULT NULL,
  `competenza` date DEFAULT NULL,
  `person_id` bigint(20) unsigned DEFAULT NULL,
  `house_crb_id` bigint(20) unsigned NOT NULL,
  `created_at` datetime NOT NULL DEFAULT current_timestamp(),
  `updated_at` datetime NOT NULL DEFAULT current_timestamp(),
  `user_id` bigint(20) unsigned DEFAULT NULL,
  PRIMARY KEY (`id`),
  KEY `fki_house_pn_crb` (`house_crb_id`),
  KEY `fki_house_pn` (`id`),
  KEY `fki_house_pn_person` (`person_id`)
) ENGINE=InnoDB AUTO_INCREMENT=1900 DEFAULT CHARSET=utf8;

-- Dump dei dati della tabella cittadini_dev.house_pns: ~1.129 rows (circa)
INSERT INTO `house_pns` (`id`, `house_id`, `data`, `descrizione`, `importo`, `house_pn_fund_id`, `competenza`, `person_id`, `house_crb_id`, `created_at`, `updated_at`, `user_id`) VALUES
	(1, 3, '2018-08-07', 'Spesa Tentaty', -100.000, 4, '2018-07-01', NULL, 1, '2018-08-21 13:00:31', '2018-08-21 13:34:19', 1),
	(2, 3, '2018-08-18', 'Spesa Tentaty', -150.000, 4, '2018-07-01', NULL, 1, '2018-08-21 13:01:12', '2018-08-21 13:34:14', 1),
	(3, 3, '2018-08-07', 'Spurgo acque nere', -250.000, 7, '2018-07-01', NULL, 7, '2018-08-21 13:01:53', '2018-08-24 20:30:22', 1),
	(4, 3, '2018-08-15', 'Potatura alberi', -100.000, 7, '2018-07-01', NULL, 7, '2018-08-21 13:02:13', '2018-08-24 20:30:37', 1),
	(5, 3, '2018-08-15', 'Pesce al Bennet', -74.000, 3, '2018-07-01', NULL, 1, '2018-08-21 13:11:22', '2018-08-21 13:33:27', 1),
	(6, 3, '2018-08-21', 'Legna per la caldaia', -300.000, 7, '2018-07-01', NULL, 7, '2018-08-21 13:13:18', '2018-08-24 20:30:50', 1),
	(7, 3, '2018-08-21', 'Incasso quota', 800.000, 5, '2018-07-01', 37, 5, '2018-08-21 13:14:00', '2018-08-24 20:29:07', 1),
	(8, 3, '2018-08-21', 'Incasso quota', 780.000, 5, '2018-07-01', 292, 5, '2018-08-21 13:14:20', '2018-08-24 20:28:39', 1),
	(9, 3, '2018-08-21', 'Quota', 800.000, 5, '2018-07-01', 51, 5, '2018-08-21 13:30:45', '2018-08-24 20:28:24', 1),
	(10, 3, '2018-08-21', 'Campeggio', 40.000, 9, '2018-07-01', NULL, 3, '2018-08-21 13:34:59', '2018-08-24 20:21:21', 1),
	(11, 3, '2018-08-21', 'Spesa per cena di Regione', -240.000, 11, '2018-07-01', NULL, 6, '2018-08-21 13:35:42', '2018-09-02 06:29:10', 1),
	(12, 3, '2018-08-21', 'Quota', 600.000, 5, '2018-07-01', 18, 5, '2018-08-21 13:36:18', '2018-08-24 20:27:36', 1),
	(13, 3, '2018-08-21', 'Quota', 740.000, 5, '2018-07-01', 320, 5, '2018-08-21 13:37:24', '2018-08-24 20:27:24', 1),
	(14, 3, '2018-08-25', 'ggygiuiu uig iuguiuig uigug iugguiug uio ouooo h ohhiohhio ioo', -1000.000, 1, '2018-08-01', NULL, 1, '2018-08-25 15:26:43', '2018-08-25 15:26:43', 1),
	(17, 3, '2018-09-14', 'pagamento scontrini al Tentaty dal 1/8 al 31/8', -1210.900, 1, '2018-08-01', NULL, 1, '2018-09-15 13:31:02', '2018-09-15 13:31:02', 1),
	(18, 3, '2018-09-15', 'acconto sulla quota di luglio', 500.000, 1, '2018-08-01', 5, 45, '2018-09-15 13:35:27', '2018-09-15 13:35:27', 1),
	(20, 16, '2018-09-16', 'Riporto saldo al 31/08/2018', 4787.330, 12, '2018-08-01', NULL, 46, '2018-09-16 17:24:36', '2018-09-16 18:05:31', 17),
	(21, 16, '2018-09-16', 'Saldo al 31/08/2018', 1163.000, 14, '2018-08-01', NULL, 46, '2018-09-16 17:26:49', '2018-09-16 17:26:49', 17),
	(22, 16, '2018-09-16', 'Riporto saldo al 31/08/2018', 1200.000, 15, '2018-08-01', NULL, 46, '2018-09-16 17:28:08', '2018-09-16 17:28:08', 17),
	(23, 16, '2018-09-16', 'Rporto saldo al 31/08/2018', 300.000, 16, '2018-08-01', NULL, 46, '2018-09-16 17:33:59', '2018-09-16 17:33:59', 17),
	(24, 16, '2018-09-16', 'Riporto saldo al 31/08/2018', 1321.000, 13, '2018-08-01', NULL, 46, '2018-09-16 17:40:04', '2018-09-16 17:40:04', 17),
	(25, 32, '2018-09-16', 'saldo cassa nucleo al 31.07.2018', 1986.770, 18, '2018-08-01', NULL, 46, '2018-09-16 17:40:48', '2018-09-30 15:56:09', 22),
	(26, 32, '2018-09-16', 'saldo al 31.07.2018 del conto ospitalità', 254.890, 26, '2018-08-01', NULL, 3, '2018-09-16 17:42:21', '2018-09-16 17:42:21', 22),
	(27, 32, '2018-09-19', 'turni pagati a giabirù per aspide', -90.000, 31, '2018-08-01', NULL, 16, '2018-09-19 09:45:22', '2018-09-19 09:45:22', 22),
	(28, 32, '2018-09-19', 'pulizia vetri', -80.000, 25, '2018-08-01', NULL, 32, '2018-09-19 09:49:03', '2018-09-19 09:49:03', 22),
	(29, 32, '2018-09-19', 'detergenti ramarra', -30.000, 25, '2018-08-01', NULL, 61, '2018-09-19 09:58:09', '2018-09-19 09:58:09', 22),
	(30, 32, '2018-09-19', '2 turni lun pom da tarta a coati', -60.000, 22, '2018-08-01', 294, 30, '2018-09-19 10:52:51', '2018-09-19 13:18:01', 22),
	(31, 32, '2018-09-19', '1 turno coati per aspide', -30.000, 31, '2018-08-01', NULL, 16, '2018-09-19 11:26:51', '2018-09-19 11:26:51', 22),
	(35, 32, '2018-09-19', '1 turno sab matt a coati da nucleo', -30.000, 18, '2018-08-01', NULL, 62, '2018-09-19 11:31:45', '2018-09-19 11:31:45', 22),
	(36, 32, '2018-09-19', '1 prosecco', -4.800, 120, '2018-08-01', NULL, 63, '2018-09-19 11:33:50', '2018-09-24 15:09:13', 22),
	(37, 32, '2018-09-19', 'quota', 4.800, 18, '2018-08-01', 254, 45, '2018-09-19 11:35:00', '2018-10-23 16:05:30', 22),
	(38, 32, '2018-09-19', 'prodotti sgorganti', -15.000, 24, '2018-08-01', NULL, 5, '2018-09-19 13:00:03', '2018-09-19 13:00:03', 22),
	(39, 32, '2018-09-19', 'quota', 15.000, 18, '2018-08-01', 81, 45, '2018-09-19 13:02:13', '2018-10-23 16:05:52', 22),
	(40, 32, '2018-09-19', 'quota $', 480.000, 18, '2018-08-01', 294, 45, '2018-09-19 13:03:52', '2018-10-23 16:06:18', 22),
	(41, 32, '2018-09-19', 'quota $', 400.000, 18, '2018-08-01', 525, 45, '2018-09-19 13:04:50', '2018-10-23 16:06:38', 22),
	(42, 32, '2018-09-19', 'luci esterne e lampadine', -34.000, 24, '2018-08-01', NULL, 6, '2018-09-19 13:07:34', '2018-09-19 13:07:34', 22),
	(43, 32, '2018-09-19', 'quota', 34.000, 18, '2018-08-01', 525, 45, '2018-09-19 13:08:14', '2018-10-23 16:06:56', 22),
	(44, 32, '2018-09-19', 'quota $', 1200.000, 18, '2018-08-01', 124, 45, '2018-09-19 13:08:53', '2018-10-23 16:07:11', 22),
	(45, 32, '2018-09-19', 'quota f', 250.000, 18, '2018-08-01', 6, 45, '2018-09-19 13:09:33', '2018-10-23 16:07:35', 22),
	(46, 32, '2018-09-19', 'quota f', 991.460, 18, '2018-08-01', 38, 45, '2018-09-19 13:10:10', '2018-10-23 16:07:53', 22),
	(47, 32, '2018-09-19', 'quota f', 1330.000, 18, '2018-08-01', 214, 45, '2018-09-19 13:11:05', '2018-10-23 16:08:09', 22),
	(48, 32, '2018-09-19', 'quota f', 460.000, 18, '2018-08-01', 294, 45, '2018-09-19 13:12:31', '2018-10-23 16:08:26', 22),
	(49, 32, '2018-09-19', 'pasti esterni figli luglio e agosto', -284.000, 18, '2018-08-01', 294, 30, '2018-09-19 13:14:11', '2018-10-23 16:09:30', 22),
	(50, 32, '2018-09-19', 'quota f', 1025.000, 18, '2018-08-01', 307, 45, '2018-09-19 13:17:05', '2018-10-23 16:10:35', 22),
	(51, 32, '2018-09-19', '5 turni merc matt a ocelot', -150.000, 22, '2018-08-01', 94, 30, '2018-09-19 13:19:42', '2018-09-19 13:19:42', 22),
	(52, 32, '2018-09-19', 'quota $', 500.000, 18, '2018-08-01', 389, 45, '2018-09-19 13:20:42', '2018-10-23 16:11:01', 22),
	(53, 32, '2018-09-19', '4 turni lun matt a martora', -120.000, 22, '2018-08-01', 525, 30, '2018-09-19 13:21:59', '2018-09-19 13:21:59', 22),
	(54, 32, '2018-09-19', 'quota', 120.000, 18, '2018-08-01', 192, 45, '2018-09-19 13:23:13', '2018-10-23 16:11:47', 22),
	(55, 32, '2018-09-19', 'quota $', 890.000, 18, '2018-08-01', 192, 45, '2018-09-19 13:24:28', '2018-10-23 16:12:18', 22),
	(56, 32, '2018-09-19', 'prodotti igiene esterno', 91.420, 25, '2018-08-01', NULL, 31, '2018-09-19 13:25:45', '2018-09-19 13:25:45', 22),
	(57, 32, '2018-09-19', 'tentaty', -990.750, 21, '2018-08-01', NULL, 1, '2018-09-19 13:28:08', '2018-09-19 13:28:08', 22),
	(58, 32, '2018-09-19', 'cibo esterno', -343.140, 20, '2018-08-01', NULL, 8, '2018-09-19 13:30:14', '2018-09-19 13:30:14', 22),
	(59, 32, '2018-09-19', 'ritualità (martora)', -14.600, 18, '2018-08-01', NULL, 64, '2018-09-19 13:33:57', '2018-09-19 13:33:57', 22),
	(60, 32, '2018-09-19', '8 bottiglioni grignolino', -36.000, 120, '2018-08-01', NULL, 63, '2018-09-19 13:34:38', '2018-09-24 15:10:59', 22),
	(61, 32, '2018-09-19', 'quota', 36.000, 18, '2018-08-01', 81, 45, '2018-09-19 13:35:05', '2018-10-23 16:13:36', 22),
	(62, 32, '2018-09-19', 'cibo core', -37.530, 118, '2018-08-01', NULL, 65, '2018-09-19 15:09:12', '2018-09-19 15:09:12', 22),
	(63, 32, '2018-09-19', 'quota', 37.530, 18, '2018-08-01', 81, 45, '2018-09-19 15:09:45', '2018-10-24 11:55:15', 22),
	(64, 32, '2018-09-19', '12 coltelli', -12.900, 18, '2018-08-01', NULL, 32, '2018-09-19 15:10:42', '2018-09-19 15:10:42', 22),
	(65, 32, '2018-09-19', 'quota', 12.900, 18, '2018-08-01', 81, 45, '2018-09-19 15:11:38', '2018-10-24 11:55:39', 22),
	(66, 32, '2018-09-19', '4 prosecco', -19.920, 120, '2018-08-01', NULL, 63, '2018-09-19 15:12:22', '2018-09-24 15:11:50', 22),
	(67, 32, '2018-09-19', 'quota', 19.920, 18, '2018-08-01', 81, 45, '2018-09-19 15:12:52', '2018-10-24 11:55:56', 22),
	(68, 32, '2018-09-19', 'bolletta sc 17.09', -60.050, 122, '2018-08-01', NULL, 34, '2018-09-19 15:14:53', '2018-09-30 16:20:36', 22),
	(69, 32, '2018-09-19', 'quota', 61.050, 18, '2018-08-01', 81, 45, '2018-09-19 15:16:14', '2018-10-24 11:56:13', 22),
	(70, 32, '2018-09-19', 'quota f', 130.000, 18, '2018-08-01', 307, 45, '2018-09-19 15:16:53', '2018-10-24 11:56:33', 22),
	(71, 32, '2018-09-19', 'quota $', 500.000, 18, '2018-08-01', 81, 45, '2018-09-19 15:17:44', '2018-10-24 11:56:53', 22),
	(72, 32, '2018-09-19', 'competenza gas aval: rimborso a lavallaorò', 103.500, 122, '2018-08-01', NULL, 34, '2018-09-19 15:19:14', '2018-09-30 16:19:43', 22),
	(73, 32, '2018-09-19', 'prodotti igiene', -9.770, 25, '2018-08-01', NULL, 31, '2018-09-19 15:20:10', '2018-09-19 15:20:10', 22),
	(74, 32, '2018-09-19', 'quota', 9.770, 18, '2018-08-01', 525, 45, '2018-09-19 15:20:40', '2018-10-24 11:57:15', 22),
	(75, 32, '2018-09-19', 'quota $', 600.000, 18, '2018-08-01', 525, 45, '2018-09-19 15:21:16', '2018-10-24 11:57:33', 22),
	(76, 32, '2018-09-19', 'scorte alimentari', -320.000, 33, '2018-08-01', NULL, 66, '2018-09-19 15:24:04', '2018-09-19 16:20:41', 22),
	(77, 32, '2018-09-19', 'quota', 320.000, 18, '2018-08-01', 94, 45, '2018-09-19 15:24:38', '2018-10-24 11:57:49', 22),
	(78, 16, '2018-09-01', 'Cena del sabato', -80.000, 12, '2018-08-01', 206, 51, '2018-09-20 20:12:15', '2018-09-20 20:13:11', 17),
	(79, 16, '2018-09-01', 'Acquisto Caffè', -23.280, 12, '2018-08-01', NULL, 8, '2018-09-20 20:16:43', '2018-09-20 20:16:43', 17),
	(80, 16, '2018-09-03', 'Spesa al Tentaty', -500.000, 12, '2018-08-01', 193, 1, '2018-09-20 20:18:17', '2018-09-20 20:34:17', 17),
	(81, 16, '2018-09-03', 'Dotazione del mese ', -100.000, 12, '2018-08-01', 162, 32, '2018-09-20 20:22:24', '2018-09-20 20:22:24', 17),
	(82, 16, '2018-09-03', 'Dotazione del mese per spese sanitarie', -20.000, 12, '2018-08-01', 207, 32, '2018-09-20 20:23:49', '2018-09-21 14:43:40', 17),
	(83, 16, '2018-09-03', 'Versato saldo quota AGOSTO', 1477.000, 12, '2018-08-01', 132, 45, '2018-09-20 20:25:52', '2018-09-20 20:25:52', 17),
	(84, 16, '2018-09-20', 'Pagato fatt. 2018/1315921 AGSM del 14/08/2018\r\n', -422.780, 12, '2018-08-01', NULL, 33, '2018-09-20 20:28:47', '2018-09-20 20:28:47', 17),
	(85, 16, '2018-09-03', 'Versato saldo quota MAGGIO', 100.000, 12, '2018-08-01', 59, 45, '2018-09-21 08:25:59', '2018-09-21 08:25:59', 17),
	(86, 16, '2018-09-03', 'Acquisto ceroli', -18.000, 12, '2018-08-01', 234, 64, '2018-09-21 08:27:15', '2018-09-21 08:27:15', 17),
	(87, 16, '2018-09-04', 'Uova di Pdt', -21.000, 12, '2018-08-01', NULL, 1, '2018-09-21 08:29:16', '2018-09-21 09:29:43', 17),
	(88, 16, '2018-09-04', 'Acquisto 300 piante fragole e radicchi', -200.000, 12, '2018-08-01', 148, 54, '2018-09-21 08:30:46', '2018-09-21 08:30:46', 17),
	(89, 16, '2018-09-08', 'Cena del sabato', -70.000, 12, '2018-08-01', 206, 51, '2018-09-21 08:31:44', '2018-09-21 09:30:35', 17),
	(90, 16, '2018-09-11', 'Pagato turno del venerdì', -35.000, 12, '2018-08-01', 162, 62, '2018-09-21 08:32:56', '2018-09-21 08:32:56', 17),
	(91, 16, '2018-09-11', 'Pagato  miele a Merinos', -55.000, 12, '2018-08-01', NULL, 1, '2018-09-21 08:34:08', '2018-09-21 09:30:05', 17),
	(92, 16, '2018-09-12', 'Spesa al Tentaty', -500.000, 12, '2018-08-01', 308, 1, '2018-09-21 08:35:30', '2018-09-21 08:41:20', 17),
	(93, 16, '2018-09-13', 'Lampadina', -4.990, 12, '2018-08-01', NULL, 6, '2018-09-21 08:43:27', '2018-09-21 08:43:27', 17),
	(94, 16, '2018-09-13', 'Vendita prodotti orticoli', 5.000, 12, '2018-08-01', NULL, 54, '2018-09-21 08:45:20', '2018-09-21 14:44:45', 17),
	(95, 16, '2018-09-13', 'Versato acconto quota GIUGNO (rata 14 prestito Scimpanzé)', 115.000, 12, '2018-08-01', 266, 45, '2018-09-21 08:51:42', '2018-09-21 08:51:42', 17),
	(96, 16, '2018-09-13', 'Acconto quota AGOSTO (rata 14 prestito Scimpanzé)', 50.000, 12, '2018-08-01', 308, 45, '2018-09-21 08:55:49', '2018-09-21 08:55:49', 17),
	(97, 16, '2018-09-13', 'Acconto quota GIUGNO (da rata 14 prestito Scarabeo/Visone)', 165.000, 12, '2018-08-01', 340, 45, '2018-09-21 09:01:15', '2018-09-21 09:01:15', 17),
	(98, 16, '2018-09-14', 'Pagato turno del venerdì a Tursiope', -35.000, 12, '2018-08-01', NULL, 62, '2018-09-21 09:03:09', '2018-09-21 09:03:33', 17),
	(99, 16, '2018-09-14', 'Versato saldo quota luglio e acconto AGOSTO', 1000.000, 12, '2018-08-01', 162, 45, '2018-09-21 09:04:47', '2018-09-21 09:05:43', 17),
	(100, 16, '2018-09-15', 'Versato saldo quota giugno e acconto LUGLIO', 887.000, 12, '2018-08-01', 238, 45, '2018-09-21 09:07:12', '2018-09-21 09:07:12', 17),
	(101, 16, '2018-09-15', 'Cena del sabato', -80.000, 12, '2018-08-01', 206, 51, '2018-09-21 09:08:41', '2018-09-21 09:34:10', 17),
	(102, 16, '2018-09-13', 'Rimborsato a Scimpanzé rata 14 prestito Scarabeo/Visone)', -165.000, 12, '2018-08-01', 340, 44, '2018-09-21 09:18:53', '2018-11-01 10:20:15', 17),
	(103, 56, '2018-09-21', 'Versamento manuale', -100.000, 12, '2018-08-01', NULL, 51, '2018-09-21 09:18:55', '2018-09-21 09:18:55', 20),
	(104, 32, '2018-09-21', 'nuova bandiera DH', -45.000, 18, '2018-08-01', NULL, 64, '2018-09-21 09:32:22', '2018-09-21 09:32:22', 22),
	(105, 16, '2018-09-16', 'Versato saldo quota AGOSTO', 1061.000, 12, '2018-08-01', 92, 45, '2018-09-21 09:38:43', '2018-09-21 09:38:43', 17),
	(106, 16, '2018-09-16', 'Pagato alla Regione kg. 25 di prugne', -50.000, 12, '2018-08-01', NULL, 1, '2018-09-21 09:51:49', '2018-09-21 14:33:59', 17),
	(107, 16, '2018-09-16', 'Materiale per riparazione caldaia', -11.300, 12, '2018-08-01', 340, 18, '2018-09-21 09:53:04', '2018-09-21 09:53:04', 17),
	(108, 16, '2018-09-17', ' Spesa al Tentaty', -500.000, 12, '2018-08-01', 308, 1, '2018-09-21 09:55:25', '2018-09-21 09:56:05', 17),
	(109, 16, '2018-09-17', 'Versato per quota AGOSTO', 600.000, 12, '2018-08-01', 86, 45, '2018-09-21 09:57:02', '2018-09-21 13:24:53', 17),
	(110, 16, '2018-09-17', 'Versato acconto quota LUGLIO', 119.000, 12, '2018-08-01', 238, 45, '2018-09-21 09:58:19', '2018-09-21 13:24:22', 17),
	(111, 16, '2018-09-17', 'Versato acconto quota LUGLIO', 500.000, 12, '2018-08-01', 148, 45, '2018-09-21 10:10:35', '2018-09-21 10:10:35', 17),
	(112, 16, '2018-09-18', 'Pagato farine a Quetzal', -54.000, 12, '2018-08-01', NULL, 8, '2018-09-21 13:40:30', '2018-09-21 13:40:30', 17),
	(113, 16, '2018-09-18', 'Pagato olio di semi a Quetzal', -46.000, 12, '2018-08-01', NULL, 50, '2018-09-21 13:41:37', '2018-09-21 13:41:37', 17),
	(114, 16, '2018-09-18', 'Pagato abbonamento QdQ Settembre', -60.000, 12, '2018-08-01', NULL, 32, '2018-09-21 13:45:19', '2018-09-21 13:45:19', 17),
	(115, 16, '2018-09-17', 'Versamento manuale', -856.000, 12, '2018-08-01', NULL, 13, '2018-09-21 13:49:01', '2018-09-21 13:49:01', 17),
	(117, 16, '2018-09-17', 'Incasso manuale', 562.000, 12, '2018-08-01', NULL, 14, '2018-09-21 13:57:03', '2018-09-21 13:57:03', 17),
	(118, 16, '2018-09-17', 'Versamento manuale Contributo patrimoniale AGOSTO', -3610.920, 12, '2018-08-01', NULL, 12, '2018-09-21 13:59:26', '2018-09-21 13:59:26', 17),
	(119, 16, '2018-09-17', 'Versamento manuale SERVIZI AGOSTO', -1059.000, 12, '2018-08-01', NULL, 12, '2018-09-21 14:00:36', '2018-09-21 14:00:36', 17),
	(121, 16, '2018-09-17', 'Versamento manuale a Capodoglio rata del debito di Gracchio', -100.000, 12, '2018-08-01', 61, 74, '2018-09-21 14:09:33', '2018-11-05 03:57:43', 13),
	(122, 16, '2018-09-18', 'Contributo del Fondo per spese mediche', -30.000, 14, '2018-08-01', 308, 16, '2018-09-21 14:14:31', '2018-09-21 15:38:35', 17),
	(123, 16, '2018-09-18', 'Incasso manuale Quota AGOSTO', 1050.000, 12, '2018-08-01', 30, 45, '2018-09-21 14:16:08', '2018-09-21 16:26:15', 17),
	(136, 16, '2018-09-18', 'Giroconto', -400.000, 12, '2018-08-01', NULL, 44, '2018-09-21 15:05:24', '2018-09-21 15:08:03', 17),
	(137, 16, '2018-09-18', 'Giroconto', 400.000, 15, '2018-08-01', NULL, 44, '2018-09-21 15:06:51', '2018-09-21 15:08:31', 17),
	(138, 16, '2018-09-18', 'Giroconto', 700.000, 13, '2018-08-01', NULL, 44, '2018-09-21 15:09:46', '2018-09-21 15:10:52', 17),
	(140, 16, '2018-09-18', 'Giroconto', -700.000, 12, '2018-08-01', NULL, 44, '2018-09-21 15:11:40', '2018-09-21 15:12:35', 17),
	(141, 16, '2018-09-18', 'Giroconto', 50.000, 14, '2018-08-01', NULL, 44, '2018-09-21 15:14:02', '2018-09-21 16:22:27', 17),
	(142, 16, '2018-09-18', 'Giroconto', -50.000, 12, '2018-08-01', NULL, 44, '2018-09-21 15:14:02', '2018-09-21 15:14:34', 17),
	(143, 16, '2018-09-18', 'Acquisto barattoli Bormioli per scorte', -41.000, 16, '2018-08-01', NULL, 66, '2018-09-21 15:51:23', '2018-09-21 15:51:50', 17),
	(144, 16, '2018-09-18', 'Incasso manuale Saldo quota Giugno e acconto LUGLIO', 811.300, 12, '2018-08-01', 340, 45, '2018-09-21 15:53:34', '2018-09-21 15:53:34', 17),
	(145, 16, '2018-09-18', 'Pagato vino a Riccardo', -120.000, 12, '2018-08-01', NULL, 63, '2018-09-21 15:55:22', '2018-09-21 16:01:02', 17),
	(146, 16, '2018-09-18', 'Incasso manuale acconto quota LUGLIO', 120.000, 12, '2018-08-01', 148, 45, '2018-09-21 15:57:04', '2018-09-21 15:57:04', 17),
	(147, 16, '2018-09-19', 'Pagato Pro-forma Idra per progetto casetta attrezzi', -587.840, 13, '2018-08-01', 148, 17, '2018-09-21 15:59:47', '2018-09-21 15:59:47', 17),
	(148, 16, '2018-09-20', 'Pagato Formaggi del 17/09', -25.000, 12, '2018-08-01', 266, 53, '2018-09-21 16:02:31', '2018-09-21 16:02:31', 17),
	(149, 16, '2018-09-21', 'Pagato Turno di nucleo Tursiope', -35.000, 12, '2018-08-01', NULL, 62, '2018-09-21 16:03:44', '2018-10-20 20:17:49', 17),
	(150, 16, '2018-09-21', 'Incasso manuale acconto quota GIUGNO', 25.000, 12, '2018-08-01', 266, 45, '2018-09-21 16:06:09', '2018-09-21 16:06:09', 17),
	(152, 16, '2018-09-23', 'Versamento manuale', -80.000, 12, '2018-08-01', 148, 51, '2018-09-23 09:38:25', '2018-09-23 09:38:25', 17),
	(153, 16, '2018-09-23', 'Versamento manuale', -20.000, 12, '2018-08-01', 148, 8, '2018-09-23 09:39:26', '2018-09-23 09:39:26', 17),
	(154, 16, '2018-09-23', 'Incasso manuale saldo quota AGOSTO', 949.000, 12, '2018-08-01', 308, 45, '2018-09-23 09:40:58', '2018-09-23 09:40:58', 17),
	(155, 16, '2018-09-24', 'Spesa al Tentaty', -500.000, 12, '2018-08-01', 308, 1, '2018-09-23 17:09:46', '2018-09-23 17:09:46', 17),
	(156, 16, '2018-09-23', 'Acquisto ceri', -8.940, 12, '2018-08-01', 234, 64, '2018-09-23 17:10:38', '2018-09-23 17:10:56', 17),
	(157, 16, '2018-09-24', 'Pagato saldo fornitura olio Reggello', -260.000, 12, '2018-08-01', 148, 52, '2018-09-23 17:20:29', '2018-09-23 17:20:29', 17),
	(158, 16, '2018-09-24', 'Pasti agosto di Niccolò', 55.000, 128, '2018-09-01', NULL, 2, '2018-09-23 19:20:31', '2018-11-05 15:16:46', 17),
	(160, 32, '2018-09-24', 'Versamento manuale', -1075.000, 12, '2018-08-01', NULL, 12, '2018-09-24 14:30:35', '2018-09-24 14:30:35', 22),
	(161, 32, '2018-09-24', 'Versamento manuale', -5262.000, 12, '2018-08-01', NULL, 9, '2018-09-24 14:31:33', '2018-09-24 14:31:33', 22),
	(162, 32, '2018-09-24', 'Versamento manuale', -1540.000, 12, '2018-08-01', NULL, 14, '2018-09-24 14:32:19', '2018-09-24 14:32:19', 22),
	(163, 32, '2018-09-24', 'Versamento manuale', -748.000, 12, '2018-08-01', NULL, 13, '2018-09-24 14:32:53', '2018-09-24 14:32:53', 22),
	(164, 32, '2018-09-24', 'Versamento manuale Damanhur Servizi', -676.100, 12, '2018-08-01', NULL, 15, '2018-09-24 14:41:02', '2018-09-24 14:41:02', 22),
	(165, 32, '2018-09-24', 'Versamento manuale Damanhur raccolta fondi pensione (ex quinto)', -634.000, 12, '2018-08-01', NULL, 15, '2018-09-24 14:42:21', '2018-09-24 14:42:21', 22),
	(166, 32, '2018-09-24', 'lotta alle zanzare', -11.990, 121, '2018-08-01', NULL, 32, '2018-09-24 15:23:24', '2018-09-24 15:23:24', 22),
	(167, 32, '2018-09-24', 'quota', 11.990, 18, '2018-08-01', 525, 45, '2018-09-24 15:25:55', '2018-10-24 11:58:15', 22),
	(168, 32, '2018-09-24', '6 prosecco', -30.000, 120, '2018-08-01', NULL, 63, '2018-09-24 15:26:32', '2018-09-24 15:26:32', 22),
	(169, 32, '2018-09-24', 'quota', 30.000, 18, '2018-08-01', 81, 45, '2018-09-24 15:27:05', '2018-10-24 11:58:34', 22),
	(170, 32, '2018-09-24', 'quota $', 1500.000, 18, '2018-08-01', 94, 45, '2018-09-24 15:28:43', '2018-10-24 11:58:56', 22),
	(171, 32, '2018-09-24', 'quota $', 320.000, 18, '2018-08-01', 294, 45, '2018-09-24 15:29:53', '2018-10-24 11:59:17', 22),
	(172, 32, '2018-09-24', 'quota $', 850.000, 18, '2018-08-01', 6, 45, '2018-09-24 15:30:25', '2018-10-24 11:59:35', 22),
	(173, 16, '2018-09-24', 'Versamento manuale', -1015.000, 12, '2018-08-01', NULL, 12, '2018-09-24 21:14:43', '2018-09-24 21:14:43', 17),
	(174, 16, '2018-09-24', 'Versamento manuale', -680.000, 12, '2018-08-01', NULL, 12, '2018-09-24 21:15:22', '2018-09-24 21:15:22', 17),
	(175, 16, '2018-09-25', 'Versato saldo quota aprile e acconto MAGGIO', 400.000, 12, '2018-08-01', 189, 45, '2018-09-25 12:42:45', '2018-09-25 12:42:45', 17),
	(176, 16, '2018-09-25', 'Pagato formaggi del 23/09', -35.000, 12, '2018-08-01', 266, 53, '2018-09-25 12:43:45', '2018-09-25 12:43:45', 17),
	(177, 16, '2018-09-25', 'Versato acconto quota GIUGNO', 35.000, 12, '2018-08-01', 266, 45, '2018-09-25 12:44:38', '2018-09-25 12:44:38', 17),
	(178, 16, '2018-09-26', 'Versato saldo quota AGOSTO', 602.000, 12, '2018-08-01', 193, 45, '2018-09-26 12:38:50', '2018-09-26 12:38:50', 17),
	(179, 16, '2018-09-26', 'Versamento manuale Fondo Pensione AGOSTO', -755.000, 12, '2018-08-01', NULL, 12, '2018-09-26 12:41:01', '2018-09-26 12:41:01', 17),
	(180, 16, '2018-09-26', 'Versato acconto quota GIUGNO', 653.000, 12, '2018-08-01', 59, 45, '2018-09-26 19:06:02', '2018-09-26 19:06:02', 17),
	(181, 16, '2018-09-27', 'Incasso manuale 3°  4° e 5° rata rientro quote arretrate', 300.000, 12, '2018-08-01', NULL, 45, '2018-09-27 21:17:21', '2018-09-27 21:28:17', 17),
	(182, 16, '2018-09-27', 'Rimborso carta fotocopie', 10.000, 12, '2018-08-01', NULL, 67, '2018-09-27 21:29:46', '2018-09-27 21:29:46', 17),
	(183, 16, '2018-09-27', 'Versamento manuale carta fotocopie', -3.950, 12, '2018-08-01', NULL, 32, '2018-09-27 21:49:32', '2018-09-27 21:49:32', 17),
	(184, 16, '2018-09-28', 'Pagato turno del venerdì', -35.000, 12, '2018-08-01', 193, 62, '2018-09-28 14:25:04', '2018-09-28 14:25:04', 17),
	(185, 16, '2018-09-28', 'Pagato contributo Regione AGOSTO', -221.000, 12, '2018-08-01', NULL, 24, '2018-09-28 14:46:29', '2018-09-28 14:46:29', 17),
	(186, 16, '2018-09-28', 'Versato acconto quot LUGLIO', 177.000, 12, '2018-08-01', 340, 45, '2018-09-28 20:48:54', '2018-09-30 15:39:11', 17),
	(187, 16, '2018-09-28', 'Pagato noleggio scvatore rifacimento strada per PEJDA', -240.000, 12, '2018-08-01', 53, 22, '2018-09-28 20:52:13', '2018-09-28 20:52:13', 17),
	(188, 16, '2018-09-28', 'Pagato per n.2 servomotore per la caldaia', -580.500, 15, '2018-08-01', 53, 18, '2018-09-28 20:53:47', '2018-09-28 20:53:47', 17),
	(189, 16, '2018-09-28', 'Cena del sabato - pesce', -80.000, 12, '2018-08-01', 148, 51, '2018-09-28 20:54:45', '2018-09-28 20:55:57', 17),
	(190, 16, '2018-09-28', 'Versato acconto quota LUGLIO', 600.000, 12, '2018-08-01', 266, 45, '2018-09-28 20:57:14', '2018-09-28 20:57:14', 17),
	(191, 16, '2018-09-30', 'Versato quota AGOSTO', 1200.000, 12, '2018-08-01', 234, 45, '2018-09-30 09:09:23', '2018-09-30 09:09:23', 17),
	(192, 32, '2018-09-30', 'saldo cassa metano al 31.07.18', 72.000, 122, '2018-08-01', NULL, 34, '2018-09-30 15:39:39', '2018-09-30 15:39:39', 22),
	(193, 32, '2018-09-30', 'saldo cassa enel al 31.07.18', 2000.000, 123, '2018-08-01', NULL, 33, '2018-09-30 15:40:24', '2018-09-30 15:40:24', 22),
	(194, 32, '2018-09-30', 'saldo cassa acqua al 31.07.18', 1750.000, 124, '2018-08-01', NULL, 38, '2018-09-30 15:41:03', '2018-09-30 15:41:03', 22),
	(195, 32, '2018-09-30', 'saldo cassa rifiuti al 31.07.18', 300.000, 125, '2018-08-01', NULL, 39, '2018-09-30 15:41:54', '2018-09-30 15:41:54', 22),
	(196, 32, '2018-09-30', 'saldo cassa vino e olio al 31.07.18', 150.000, 120, '2018-08-01', NULL, 63, '2018-09-30 15:47:08', '2018-09-30 15:47:08', 22),
	(197, 32, '2018-09-30', 'saldo cassa al 31.07.18', 350.000, 33, '2018-08-01', NULL, 66, '2018-09-30 15:48:49', '2018-09-30 15:48:49', 22),
	(198, 32, '2018-09-30', 'saldo cassa animali da compagnia al 31.07.18', 250.000, 118, '2018-08-01', NULL, 65, '2018-09-30 15:49:56', '2018-09-30 15:49:56', 22),
	(199, 16, '2018-09-30', 'Pagato per scorta lampadine', -27.000, 12, '2018-08-01', 340, 6, '2018-09-30 15:50:37', '2018-09-30 15:50:37', 17),
	(200, 16, '2018-09-30', 'Pagato materiali per imbiancatura', -31.980, 12, '2018-08-01', 340, 22, '2018-09-30 15:51:58', '2018-09-30 15:51:58', 17),
	(201, 32, '2018-09-30', 'saldo cassa igiene al 31.07.18', 170.000, 25, '2018-08-01', NULL, 31, '2018-09-30 15:52:01', '2018-09-30 15:52:01', 22),
	(202, 32, '2018-09-30', 'saldo cassa solidarietà al 31.07.18', -795.000, 31, '2018-08-01', NULL, 16, '2018-09-30 15:53:03', '2018-09-30 15:53:03', 22),
	(203, 32, '2018-09-30', '3 turni mart pom settembre a lucciola', -90.000, 22, '2018-08-01', 81, 30, '2018-09-30 16:04:48', '2018-09-30 16:06:19', 22),
	(204, 32, '2018-09-30', '1 turno lun pom settembre a lucciola', -30.000, 22, '2018-08-01', 294, 30, '2018-09-30 16:06:02', '2018-09-30 16:06:02', 22),
	(205, 32, '2018-09-30', 'quota', 100.000, 18, '2018-08-01', 81, 45, '2018-09-30 16:07:42', '2018-10-24 12:00:33', 22),
	(206, 32, '2018-09-30', 'blocchetti ricevute/prima nota', -10.000, 18, '2018-08-01', NULL, 32, '2018-09-30 16:09:00', '2018-09-30 16:09:00', 22),
	(207, 32, '2018-09-30', 'quota', 10.000, 18, '2018-08-01', 81, 45, '2018-09-30 16:09:24', '2018-10-24 12:00:49', 22),
	(208, 32, '2018-09-30', 'quota', 20.000, 18, '2018-08-01', 81, 45, '2018-09-30 16:10:05', '2018-10-24 12:01:06', 22),
	(209, 32, '2018-09-30', 'quota', 230.000, 18, '2018-08-01', 81, 45, '2018-09-30 16:10:33', '2018-10-24 12:01:21', 22),
	(210, 32, '2018-09-30', 'quota', 120.000, 18, '2018-08-01', 294, 46, '2018-09-30 16:11:02', '2018-10-24 12:02:18', 22),
	(211, 32, '2018-09-30', 'abbonamenti qdq ottobre', -120.000, 18, '2018-08-01', NULL, 32, '2018-09-30 16:11:50', '2018-09-30 16:11:50', 22),
	(212, 32, '2018-09-30', 'quota', 662.000, 18, '2018-08-01', 124, 45, '2018-09-30 16:12:20', '2018-10-24 12:01:37', 22),
	(213, 32, '2018-09-30', '20 litri olio ROI scontati 30%', -200.000, 120, '2018-08-01', NULL, 50, '2018-09-30 16:13:12', '2018-09-30 16:13:12', 22),
	(214, 32, '2018-09-30', 'quota', 200.000, 18, '2018-08-01', 81, 45, '2018-09-30 16:13:45', '2018-10-24 12:01:53', 22),
	(215, 32, '2018-09-30', 'cibo core', -17.820, 118, '2018-08-01', NULL, 65, '2018-09-30 16:14:35', '2018-09-30 16:14:35', 22),
	(216, 32, '2018-09-30', 'quota', 17.820, 18, '2018-08-01', 81, 45, '2018-09-30 16:15:03', '2018-10-23 16:12:38', 22),
	(217, 32, '2018-09-30', 'aceto per lavatrici', -2.000, 25, '2018-08-01', NULL, 31, '2018-09-30 16:15:32', '2018-09-30 16:15:32', 22),
	(218, 32, '2018-09-30', 'quota', 2.000, 18, '2018-08-01', 81, 45, '2018-09-30 16:15:56', '2018-10-23 16:12:59', 22),
	(219, 32, '2018-09-30', 'quota', 130.000, 18, '2018-08-01', 81, 45, '2018-09-30 16:16:25', '2018-10-24 12:02:40', 22),
	(220, 27, '2018-10-01', 'cassa precedente', 661.000, 68, '2018-08-01', NULL, 46, '2018-10-01 12:57:20', '2018-10-16 08:46:14', 18),
	(222, 27, '2018-10-01', 'Versamento manuale', -1203.000, 73, '2018-09-01', NULL, 8, '2018-10-01 13:06:09', '2018-10-16 12:05:05', 18),
	(224, 27, '2018-10-01', 'enel ', -605.000, 73, '2018-09-01', NULL, 33, '2018-10-01 13:19:18', '2018-10-16 09:49:26', 18),
	(225, 27, '2018-10-01', '', -357.000, 73, '2018-09-01', NULL, 24, '2018-10-01 13:23:12', '2018-10-16 08:32:40', 18),
	(226, 27, '2018-10-01', 'scalo fed', 480.000, 73, '2018-09-01', 106, 45, '2018-10-01 13:27:41', '2018-10-01 13:27:41', 18),
	(228, 27, '2018-10-01', 'scalo ', 830.000, 73, '2018-09-01', 46, 45, '2018-10-01 13:49:18', '2018-10-16 08:33:09', 18),
	(229, 27, '2018-10-01', 'scalo', 160.000, 73, '2018-09-01', 125, 45, '2018-10-01 13:52:02', '2018-10-16 08:33:25', 18),
	(230, 27, '2018-10-01', 'scalo', 831.000, 73, '2018-09-01', 170, 45, '2018-10-01 13:53:40', '2018-10-16 08:33:42', 18),
	(231, 27, '2018-10-01', 'scalo', 554.000, 73, '2018-09-01', 171, 45, '2018-10-01 13:55:02', '2018-10-16 10:09:55', 18),
	(232, 27, '2018-10-01', 'scalo', 1225.000, 73, '2018-09-01', 177, 45, '2018-10-01 13:56:24', '2018-10-16 08:34:27', 18),
	(233, 27, '2018-10-01', 'scalo', 48.000, 73, '2018-09-01', 219, 45, '2018-10-01 13:57:49', '2018-10-16 08:34:49', 18),
	(234, 27, '2018-10-01', 'scalo', 600.000, 73, '2018-09-01', 236, 45, '2018-10-01 13:58:52', '2018-10-16 08:35:07', 18),
	(235, 27, '2018-10-01', 'scalo', 350.000, 73, '2018-09-01', 279, 45, '2018-10-01 14:00:09', '2018-10-16 08:35:21', 18),
	(236, 27, '2018-10-01', 'scalo', 130.000, 73, '2018-09-01', 284, 45, '2018-10-01 14:01:54', '2018-10-16 08:35:38', 18),
	(237, 27, '2018-10-01', 'scalo', 1500.000, 73, '2018-09-01', 494, 45, '2018-10-01 14:02:49', '2018-10-16 08:36:10', 18),
	(238, 27, '2018-10-01', 'scalo', 860.000, 73, '2018-09-01', 310, 45, '2018-10-01 14:03:31', '2018-10-16 08:36:33', 18),
	(239, 16, '2018-10-01', 'Pagato manutenzione territorio AGOSTO', -440.000, 12, '2018-09-01', 148, 21, '2018-10-01 14:08:36', '2018-10-01 14:08:36', 17),
	(244, 27, '2018-10-01', 'baita', 120.000, 73, '2018-09-01', NULL, 33, '2018-10-01 14:18:52', '2018-10-16 08:37:53', 18),
	(245, 27, '2018-10-01', 'marciapiede', 322.000, 73, '2018-09-01', NULL, 7, '2018-10-01 14:19:46', '2018-10-16 08:38:08', 18),
	(246, 27, '2018-10-01', 'acc', 620.000, 73, '2018-09-01', 286, 45, '2018-10-01 14:23:06', '2018-10-16 08:38:25', 18),
	(247, 27, '2018-10-01', 'arretrati', 1100.000, 73, '2018-09-01', 138, 45, '2018-10-01 14:23:56', '2018-10-16 08:38:37', 18),
	(248, 27, '2018-10-01', 'acc', 950.000, 73, '2018-09-01', 141, 45, '2018-10-01 14:25:42', '2018-10-16 08:38:48', 18),
	(249, 27, '2018-10-01', 'acc', 950.000, 73, '2018-09-01', 69, 45, '2018-10-01 14:26:39', '2018-10-16 08:37:05', 18),
	(250, 27, '2018-10-01', 'rata marciapiede', -859.000, 73, '2018-09-01', NULL, 7, '2018-10-01 14:27:57', '2018-10-16 10:14:00', 18),
	(251, 27, '2018-10-01', 'fsv', -810.000, 73, '2018-09-01', NULL, 16, '2018-10-01 14:28:52', '2018-10-16 08:39:24', 18),
	(252, 27, '2018-10-01', 'acc', 500.000, 73, '2018-09-01', 462, 45, '2018-10-01 14:30:21', '2018-10-16 08:39:38', 18),
	(253, 27, '2018-10-01', 'sal', 820.000, 73, '2018-09-01', 125, 45, '2018-10-01 14:31:49', '2018-10-16 08:39:49', 18),
	(254, 27, '2018-10-01', 'sal', 200.000, 73, '2018-09-01', 170, 45, '2018-10-01 14:32:32', '2018-10-16 08:40:02', 18),
	(255, 27, '2018-10-01', 'sal', 1140.000, 73, '2018-09-01', 4, 45, '2018-10-01 14:33:25', '2018-10-16 08:40:16', 18),
	(256, 27, '2018-10-01', 'man lavatrice', -30.000, 73, '2018-09-01', NULL, 5, '2018-10-01 14:37:58', '2018-10-16 08:40:41', 18),
	(257, 27, '2018-10-01', 'sal', 270.000, 73, '2018-09-01', 310, 45, '2018-10-01 14:39:02', '2018-10-16 08:40:53', 18),
	(258, 27, '2018-10-01', 'sal', 1200.000, 73, '2018-09-01', 217, 45, '2018-10-01 14:40:05', '2018-10-16 08:41:04', 18),
	(259, 27, '2018-10-01', '', 1044.000, 73, '2018-09-01', 106, 45, '2018-10-01 14:41:13', '2018-10-16 08:41:16', 18),
	(260, 27, '2018-10-01', '', 500.000, 73, '2018-09-01', 381, 45, '2018-10-01 14:42:05', '2018-10-16 08:41:29', 18),
	(261, 27, '2018-10-01', 'purificazione casa', -146.000, 73, '2018-09-01', NULL, 64, '2018-10-01 14:44:25', '2018-10-16 08:41:43', 18),
	(262, 27, '2018-10-01', 'acc', 500.000, 73, '2018-09-01', 279, 45, '2018-10-01 14:46:37', '2018-10-16 08:42:18', 18),
	(263, 27, '2018-10-01', 'rifiuti', -1070.000, 73, '2018-09-01', NULL, 39, '2018-10-01 14:47:29', '2018-10-16 08:42:34', 18),
	(264, 27, '2018-10-01', '', 800.000, 73, '2018-09-01', 284, 45, '2018-10-01 14:48:03', '2018-10-16 08:42:45', 18),
	(265, 27, '2018-10-01', '', -2640.000, 73, '2018-09-01', NULL, 1, '2018-10-01 14:48:44', '2018-10-16 08:43:03', 18),
	(266, 27, '2018-10-01', '', 470.000, 73, '2018-09-01', 462, 45, '2018-10-01 14:49:34', '2018-10-16 08:43:18', 18),
	(267, 27, '2018-10-01', '', 450.000, 73, '2018-09-01', 219, 45, '2018-10-01 14:50:29', '2018-10-16 08:43:29', 18),
	(268, 27, '2018-10-01', 'acc', 500.000, 73, '2018-09-01', 376, 45, '2018-10-01 14:51:07', '2018-10-16 08:43:41', 18),
	(271, 5, '2018-09-01', 'Versamento manuale', -1563.630, 76, '2018-09-01', NULL, 1, '2018-10-06 16:39:19', '2018-10-19 14:41:46', 19),
	(272, 27, '2018-10-16', 'giroconto', -175.000, 73, '2018-09-01', NULL, 22, '2018-10-16 08:51:19', '2018-10-16 08:51:19', 18),
	(273, 27, '2018-10-16', 'giroconto', 175.000, 68, '2018-09-01', NULL, 22, '2018-10-16 08:52:14', '2018-10-16 08:52:14', 18),
	(274, 27, '2018-10-16', 'giroconto', -2114.000, 73, '2018-09-01', NULL, 35, '2018-10-16 08:54:02', '2018-10-16 08:54:02', 18),
	(275, 27, '2018-10-16', 'giroconto', 2114.000, 67, '2018-09-01', NULL, 35, '2018-10-16 08:54:40', '2018-10-16 08:54:40', 18),
	(276, 27, '2018-10-16', '', -504.000, 73, '2018-09-01', NULL, 16, '2018-10-16 10:08:40', '2018-10-16 10:08:40', 18),
	(277, 27, '2018-10-16', '', -416.000, 73, '2018-09-01', NULL, 32, '2018-10-16 10:15:53', '2018-10-16 12:08:49', 18),
	(288, 27, '2018-10-16', '', -7556.000, 73, '2018-09-01', NULL, 17, '2018-10-16 12:25:56', '2018-10-16 12:25:56', 18),
	(289, 27, '2018-10-16', '', -5000.000, 73, '2018-09-01', NULL, 17, '2018-10-16 12:26:29', '2018-10-16 12:26:29', 18),
	(290, 5, '2018-09-01', 'Incasso manuale', 4889.210, 126, '2018-09-01', NULL, 46, '2018-10-19 14:32:53', '2018-10-19 14:40:30', 19),
	(291, 5, '2018-09-01', 'versamento manuale', -942.800, 75, '2018-09-01', NULL, 8, '2018-10-19 14:39:08', '2018-10-19 14:41:15', 19),
	(292, 5, '2018-09-01', 'piantini', -95.810, 127, '2018-09-01', NULL, 54, '2018-10-19 14:44:11', '2018-10-19 16:01:18', 19),
	(293, 5, '2018-09-01', 'vino', -250.000, 75, '2018-09-01', NULL, 63, '2018-10-19 14:45:22', '2018-10-19 14:45:22', 19),
	(294, 5, '2018-09-12', 'quota', 600.000, 126, '2018-08-01', 247, 45, '2018-10-19 14:47:34', '2018-10-19 15:03:36', 19),
	(295, 5, '2018-09-12', 'qdq agosto', 60.000, 126, '2018-08-01', NULL, 32, '2018-10-19 14:50:59', '2018-10-19 14:50:59', 19),
	(296, 5, '2018-09-12', 'qdq settembre', 60.000, 126, '2018-09-01', NULL, 32, '2018-10-19 14:51:53', '2018-10-19 14:51:53', 19),
	(297, 5, '2018-09-12', 'rimborso iva pellet qdq', 45.350, 126, '2018-09-01', NULL, 32, '2018-10-19 14:54:14', '2018-10-19 14:54:14', 19),
	(298, 5, '2018-09-12', 'quota', 1000.000, 126, '2018-08-01', 379, 45, '2018-10-19 14:56:16', '2018-10-19 15:03:06', 19),
	(299, 5, '2018-10-19', 'quota', 248.000, 126, '2018-08-01', 128, 45, '2018-10-19 14:57:19', '2018-10-19 15:02:37', 19),
	(300, 5, '2018-10-19', 'anticipo x turni nucleo', -100.000, 126, '2018-08-01', 75, 30, '2018-10-19 14:59:47', '2018-10-19 15:03:59', 19),
	(301, 5, '2018-09-12', 'quota ', 1000.000, 126, '2018-08-01', 119, 45, '2018-10-19 15:01:47', '2018-10-19 15:01:47', 19),
	(302, 5, '2018-09-12', 'quota', 1000.000, 126, '2018-08-01', 68, 45, '2018-10-19 15:05:33', '2018-10-19 15:05:33', 19),
	(303, 5, '2018-09-12', 'da Astronave', 560.000, 126, '2018-08-01', 267, 45, '2018-10-19 15:06:34', '2018-10-19 15:06:58', 19),
	(304, 5, '2018-09-12', 'da Astronave', 400.000, 126, '2018-08-01', 84, 45, '2018-10-19 15:08:08', '2018-10-19 15:08:08', 19),
	(305, 5, '2018-09-12', 'quota', 532.300, 126, '2018-08-01', 84, 45, '2018-10-19 15:09:21', '2018-10-19 15:09:21', 19),
	(306, 5, '2018-09-12', 'piantini', -43.000, 127, '2018-09-01', NULL, 54, '2018-10-19 15:11:23', '2018-10-19 16:00:14', 19),
	(307, 5, '2018-09-12', '', 18.000, 76, '2018-09-01', NULL, 2, '2018-10-19 15:13:43', '2018-10-19 15:14:12', 19),
	(308, 5, '2018-09-14', 'quota', 600.000, 126, '2018-08-01', 8, 45, '2018-10-19 15:15:30', '2018-10-19 15:15:30', 19),
	(309, 5, '2018-09-15', 'quota', 950.000, 126, '2018-08-01', 263, 45, '2018-10-19 15:16:56', '2018-10-19 15:19:37', 19),
	(310, 5, '2018-09-16', '', 35.000, 76, '2018-09-01', NULL, 2, '2018-10-19 15:18:16', '2018-10-19 15:18:16', 19),
	(311, 5, '2018-09-17', 'quota', 600.000, 126, '2018-08-01', 55, 45, '2018-10-19 15:19:19', '2018-10-19 15:19:19', 19),
	(312, 5, '2018-09-17', 'prestito x Ares', -120.000, 126, '2018-08-01', 75, 30, '2018-10-19 15:21:08', '2018-10-19 15:21:48', 19),
	(313, 5, '2018-09-17', 'da Astronave', 80.000, 126, '2018-08-01', 309, 45, '2018-10-19 15:23:40', '2018-10-19 15:23:40', 19),
	(314, 5, '2018-09-17', 'abbonam Hydra agosto', -119.270, 127, '2018-08-01', NULL, 32, '2018-10-19 15:25:46', '2018-10-19 15:25:46', 19),
	(315, 5, '2018-09-17', 'pagam quota con abb. Hydra', 119.270, 126, '2018-08-01', 289, 45, '2018-10-19 15:27:10', '2018-10-19 15:27:10', 19),
	(316, 5, '2018-09-19', 'quota', 600.000, 126, '2018-08-01', 95, 45, '2018-10-19 15:28:25', '2018-10-19 15:28:25', 19),
	(317, 5, '2018-09-20', '', 12.000, 76, '2018-09-01', NULL, 2, '2018-10-19 15:29:17', '2018-10-19 15:29:17', 19),
	(318, 5, '2018-09-20', '', -123.000, 127, '2018-09-01', NULL, 22, '2018-10-19 15:31:35', '2018-10-19 15:31:35', 19),
	(319, 5, '2018-09-21', 'regalo matrim Tacc/Oti', -50.000, 127, '2018-09-01', NULL, 32, '2018-10-19 15:34:33', '2018-10-19 15:39:26', 19),
	(320, 5, '2018-09-21', 'analisi dell\'acqua', -158.600, 127, '2018-09-01', NULL, 32, '2018-10-19 15:38:52', '2018-10-19 15:38:52', 19),
	(321, 5, '2018-09-21', 'quota', 318.600, 126, '2018-08-01', 55, 45, '2018-10-19 15:40:42', '2018-10-19 15:40:42', 19),
	(322, 5, '2018-09-21', 'x vari scali in quota', -2853.000, 126, '2018-08-01', 224, 30, '2018-10-19 15:43:22', '2018-10-19 15:43:22', 19),
	(323, 5, '2018-09-21', 'quota', 200.000, 126, '2018-08-01', 8, 45, '2018-10-19 15:44:33', '2018-10-19 15:44:33', 19),
	(324, 5, '2018-09-21', 'Astronave agosto contrib feder 5100-120 Caffè', -4980.000, 126, '2018-08-01', NULL, 67, '2018-10-19 15:46:50', '2018-10-19 15:46:50', 19),
	(325, 5, '2018-09-21', 'da Gatto x prano', 10.000, 126, '2018-08-01', 379, 45, '2018-10-19 15:49:02', '2018-10-19 15:49:02', 19),
	(326, 5, '2018-09-24', 'quota', 740.500, 126, '2018-08-01', 309, 45, '2018-10-19 15:50:35', '2018-10-19 15:50:55', 19),
	(327, 5, '2018-09-24', 'saldo quota', 40.000, 126, '2018-08-01', 247, 45, '2018-10-19 15:52:08', '2018-10-19 15:52:08', 19),
	(328, 5, '2018-09-25', 'quota', 1600.000, 126, '2018-08-01', 88, 45, '2018-10-19 15:52:54', '2018-10-19 15:52:54', 19),
	(329, 5, '2018-09-25', '', -200.000, 126, '2018-08-01', 75, 30, '2018-10-19 15:54:23', '2018-10-19 15:54:23', 19),
	(330, 5, '2018-09-25', 'manutenzione lavatrice bagno all.3', -150.000, 127, '2018-09-01', NULL, 22, '2018-10-19 15:56:08', '2018-10-19 15:56:08', 19),
	(331, 5, '2018-09-26', 'piantini', -8.000, 127, '2018-09-01', NULL, 54, '2018-10-19 15:58:43', '2018-10-19 15:58:43', 19),
	(332, 5, '2018-09-26', 'Astronave contrib nucleo agosto saldo', -420.000, 126, '2018-08-01', NULL, 24, '2018-10-19 16:04:48', '2018-10-19 16:04:48', 19),
	(333, 5, '2018-09-26', 'contribuzioni ago saldo', -959.200, 126, '2018-08-01', NULL, 32, '2018-10-19 16:33:53', '2018-10-19 16:33:53', 19),
	(334, 5, '2018-09-26', 'Fsociale ago ', -749.000, 126, '2018-08-01', NULL, 32, '2018-10-19 16:35:35', '2018-10-19 16:35:35', 19),
	(335, 5, '2018-09-27', '', 25.000, 76, '2018-09-01', NULL, 2, '2018-10-19 16:36:32', '2018-10-19 16:36:32', 19),
	(336, 5, '2018-09-27', 'quota', 220.000, 126, '2018-08-01', 244, 45, '2018-10-19 16:37:28', '2018-10-19 16:37:28', 19),
	(337, 5, '2018-09-28', 'quota di Raganella', 255.000, 126, '2018-08-01', NULL, 45, '2018-10-19 16:39:17', '2018-10-19 16:39:17', 19),
	(338, 5, '2018-09-28', 'rimb iva pellet da Med', 240.000, 127, '2018-09-01', NULL, 32, '2018-10-19 16:40:39', '2018-10-19 16:40:39', 19),
	(339, 5, '2018-09-28', 'quota', 160.000, 126, '2018-08-01', 55, 45, '2018-10-19 16:41:30', '2018-10-19 16:41:30', 19),
	(340, 16, '2018-09-30', 'Contributo competenza agosto', 60.000, 12, '2018-08-01', 86, 68, '2018-10-19 16:42:49', '2018-10-19 17:10:46', 17),
	(341, 5, '2018-09-29', 'turno cucina 29 sett Velj ', -31.500, 126, '2018-09-01', NULL, 62, '2018-10-19 16:43:46', '2018-10-19 16:43:46', 19),
	(342, 5, '2018-09-29', 'quota', 450.000, 126, '2018-08-01', 119, 45, '2018-10-19 16:44:34', '2018-10-19 16:44:34', 19),
	(343, 16, '2018-09-30', 'Contributo competenza agosto', 100.000, 128, '2018-08-01', 193, 68, '2018-10-19 16:45:08', '2018-11-05 14:38:27', 17),
	(344, 5, '2018-09-29', 'quota', 150.000, 126, '2018-08-01', 379, 45, '2018-10-19 16:45:23', '2018-10-19 16:45:42', 19),
	(345, 16, '2018-09-30', 'Contributo competenza agosto\r\n', 60.000, 128, '2018-08-01', 207, 68, '2018-10-19 16:46:26', '2018-11-05 14:38:07', 17),
	(346, 5, '2018-09-29', '', -150.000, 126, '2018-08-01', 75, 30, '2018-10-19 16:47:00', '2018-10-19 16:47:00', 19),
	(347, 16, '2018-09-30', 'Contributo competenza agosto\r\n', 110.000, 128, '2018-08-01', 425, 68, '2018-10-19 16:48:43', '2018-11-05 14:37:43', 17),
	(348, 5, '2018-09-29', 'spese postali x horus di morte x padre', -10.000, 126, '2018-08-01', 95, 45, '2018-10-19 16:49:04', '2018-10-19 16:49:04', 19),
	(349, 5, '2018-09-29', 'cibo pizzeria', -273.600, 76, '2018-08-01', NULL, 1, '2018-10-19 17:02:05', '2018-10-19 17:02:05', 19),
	(350, 5, '2018-09-29', 'cibo pizzeria bevande/dolci', -64.000, 76, '2018-09-01', NULL, 1, '2018-10-19 17:03:15', '2018-10-19 17:03:15', 19),
	(351, 5, '2018-09-29', 'cibo pizzeria pane', -117.040, 76, '2018-09-01', NULL, 1, '2018-10-19 17:04:26', '2018-10-19 17:04:26', 19),
	(352, 5, '2018-09-29', 'utenze pizzeria', 50.000, 126, '2018-09-01', NULL, 32, '2018-10-19 17:06:23', '2018-10-19 17:06:23', 19),
	(353, 16, '2018-09-30', 'Pasti Ariel mese di settembre', 76.000, 128, '2018-08-01', 59, 69, '2018-10-19 17:09:36', '2018-11-05 14:35:51', 17),
	(354, 16, '2018-09-30', 'Pasti settembre Demetra e Ghiandaia', 50.000, 128, '2018-08-01', 92, 69, '2018-10-19 17:13:58', '2018-11-05 14:35:19', 17),
	(355, 16, '2018-09-30', 'Pasti Enea mese di settembre', 12.000, 128, '2018-08-01', 193, 69, '2018-10-19 17:15:03', '2018-11-05 14:35:01', 17),
	(356, 16, '2018-09-30', 'Pasti Mirò mese di settembre', 12.000, 128, '2018-08-01', 206, 69, '2018-10-19 17:16:16', '2018-11-05 14:34:16', 17),
	(357, 16, '2018-09-30', 'Pasti Raquel mese di settembre', 5.000, 128, '2018-08-01', 340, 69, '2018-10-19 17:17:10', '2018-11-05 14:33:58', 17),
	(358, 16, '2018-09-30', 'Giro a Crb Alimentazione in base ai pasti', 1279.640, 12, '2018-08-01', NULL, 1, '2018-10-19 18:19:52', '2018-10-19 18:33:24', 17),
	(359, 16, '2018-09-30', 'Giro da Alimentazione in parti uguali', -1279.640, 12, '2018-08-01', NULL, 70, '2018-10-19 18:31:28', '2018-10-19 18:33:40', 17),
	(360, 20, '2018-09-06', '\r\n', 400.000, 117, '2018-09-01', 225, 45, '2018-10-23 17:47:30', '2018-10-23 17:57:43', 23),
	(361, 20, '2018-09-06', 'f.do cassa coleottero', -300.000, 109, '2018-09-01', NULL, 73, '2018-10-23 17:49:52', '2018-10-23 17:49:52', 23),
	(362, 20, '2018-09-06', 'f.do cassa coleottero', -150.000, 108, '2018-09-01', NULL, 8, '2018-10-23 17:50:26', '2018-10-23 17:50:26', 23),
	(363, 20, '2018-09-10', '', -27.330, 111, '2018-09-01', NULL, 40, '2018-10-23 17:51:27', '2018-10-23 18:23:37', 23),
	(364, 20, '2018-10-10', '', 700.000, 117, '2018-09-01', 465, 45, '2018-10-23 17:52:20', '2018-10-23 17:52:20', 23),
	(365, 20, '2018-09-16', 'pasti figli agosto', -276.500, 117, '2018-09-01', NULL, 68, '2018-10-23 17:57:03', '2018-10-23 17:57:03', 23),
	(366, 20, '2018-09-30', '', 195.000, 117, '2018-09-01', 76, 45, '2018-10-23 18:10:30', '2018-10-23 18:10:30', 23),
	(367, 20, '2018-09-30', '\r\n', 500.000, 12, '2018-09-01', 157, 45, '2018-10-23 18:11:43', '2018-10-23 18:11:43', 23),
	(368, 20, '2018-09-20', '', 500.000, 117, '2018-09-01', 85, 45, '2018-10-23 18:12:39', '2018-10-23 18:12:39', 23),
	(369, 20, '2018-09-18', '', 1050.000, 117, '2018-09-01', 143, 45, '2018-10-23 18:18:00', '2018-10-23 18:18:00', 23),
	(370, 20, '2018-09-21', '', 900.000, 117, '2018-09-01', 175, 45, '2018-10-23 18:18:36', '2018-10-23 18:18:36', 23),
	(371, 20, '2018-09-21', '', 500.000, 117, '2018-09-01', 268, 45, '2018-10-23 18:19:02', '2018-10-23 18:19:02', 23),
	(378, 82, '2018-11-15', 'Incasso quote MIL Quetzal - Ottobre 2018', -55.000, 129, '2018-10-01', NULL, 12, '2018-11-15 11:41:23', '2018-11-15 11:41:23', 12),
	(379, 82, '2018-11-15', 'Incasso quote Atenà Quetzal - Ottobre 2018', -40.000, 129, '2018-10-01', NULL, 12, '2018-11-15 11:41:23', '2018-11-15 11:41:23', 12),
	(380, 82, '2018-11-15', 'Incasso Quetzal - Ottobre 2018', -68.000, 129, '2018-10-01', NULL, 25, '2018-11-15 11:41:23', '2018-11-15 11:41:23', 12),
	(381, 82, '2018-11-15', 'incasso Quetzal - Ottobre 2018', -58.020, 129, '2018-10-01', NULL, 15, '2018-11-15 11:41:23', '2018-11-15 11:41:23', 12),
	(382, 82, '2018-11-14', 'Incasso Quetzal - Ottobre 2018', -140.000, 129, '2018-10-01', NULL, 14, '2018-11-15 11:41:23', '2018-11-15 11:41:23', 12),
	(383, 82, '2018-11-15', 'Incasso federale Servizi', -61.000, 129, '2018-10-01', NULL, 29, '2018-11-15 11:41:30', '2018-11-15 11:41:30', 12),
	(384, 41, '2018-11-15', 'Incasso quote MIL Aval  - Ottobre 2018', -450.000, 130, '2018-10-01', NULL, 12, '2018-11-15 13:56:41', '2018-11-15 13:56:41', 12),
	(385, 41, '2018-11-15', 'Incasso rimborsi MIL Aval  - Ottobre 2018 (milri)', -713.200, 130, '2018-10-01', NULL, 43, '2018-11-15 13:56:41', '2018-11-15 13:56:41', 12),
	(386, 41, '2018-11-15', 'Incasso quote Atenà Aval  - Ottobre 2018', -320.000, 130, '2018-10-01', NULL, 12, '2018-11-15 13:56:42', '2018-11-15 13:56:42', 12),
	(387, 41, '2018-11-15', 'Incasso Aval  - Ottobre 2018', -1014.310, 130, '2018-10-01', NULL, 25, '2018-11-15 13:56:42', '2018-11-15 13:56:42', 12),
	(388, 41, '2018-11-15', 'incasso Aval  - Ottobre 2018', 1386.250, 130, '2018-10-01', NULL, 15, '2018-11-15 13:56:42', '2018-11-15 13:56:42', 12),
	(389, 41, '2018-11-15', 'Incasso affitto Aval  - Ottobre 2018', -906.800, 130, '2018-10-01', NULL, 9, '2018-11-15 13:56:42', '2018-11-15 13:56:42', 12),
	(390, 41, '2018-11-15', 'Incasso Aval  - Ottobre 2018', 398.570, 130, '2018-10-01', NULL, 14, '2018-11-15 13:56:42', '2018-11-15 13:56:42', 12),
	(391, 41, '2018-11-15', 'Incasso federale Servizi', -472.100, 130, '2018-10-01', NULL, 29, '2018-11-15 13:56:49', '2018-11-15 13:56:49', 12),
	(392, 41, '2018-11-15', 'Incasso federale Fondi Pensione', -60.000, 130, '2018-10-01', NULL, 26, '2018-11-15 13:56:59', '2018-11-15 13:56:59', 12),
	(393, 46, '2018-11-15', 'Incasso quote MIL Esperide* - Settembre 2018', -55.000, 131, '2018-09-01', NULL, 12, '2018-11-15 15:39:25', '2018-11-15 15:39:25', 12),
	(394, 46, '2018-11-15', 'Incasso quote Atenà Esperide* - Settembre 2018', -40.000, 131, '2018-09-01', NULL, 12, '2018-11-15 15:39:25', '2018-11-15 15:39:25', 12),
	(395, 46, '2018-11-15', 'Incasso Esperide* - Settembre 2018', -68.000, 131, '2018-09-01', NULL, 25, '2018-11-15 15:39:25', '2018-11-15 15:39:25', 12),
	(396, 46, '2018-11-15', 'incasso Esperide* - Settembre 2018', 362.300, 131, '2018-09-01', NULL, 15, '2018-11-15 15:39:25', '2018-11-15 15:39:25', 12),
	(397, 46, '2018-11-15', 'Incasso Esperide* - Settembre 2018', -140.000, 131, '2018-09-01', NULL, 14, '2018-11-15 15:39:25', '2018-11-15 15:39:25', 12),
	(398, 46, '2018-11-15', 'Incasso quote MIL Esperide* - Ottobre 2018', -55.000, 131, '2018-10-01', NULL, 12, '2018-11-15 15:39:30', '2018-11-15 15:39:30', 12),
	(399, 46, '2018-11-15', 'Incasso quote Atenà Esperide* - Ottobre 2018', -40.000, 131, '2018-10-01', NULL, 12, '2018-11-15 15:39:30', '2018-11-15 15:39:30', 12),
	(400, 46, '2018-11-15', 'Incasso Esperide* - Ottobre 2018', -68.000, 131, '2018-10-01', NULL, 25, '2018-11-15 15:39:30', '2018-11-15 15:39:30', 12),
	(401, 46, '2018-11-15', 'incasso Esperide* - Ottobre 2018', 362.300, 131, '2018-10-01', NULL, 15, '2018-11-15 15:39:30', '2018-11-15 15:39:30', 12),
	(402, 46, '2018-11-15', 'Incasso Esperide* - Ottobre 2018', -140.000, 131, '2018-10-01', NULL, 14, '2018-11-15 15:39:30', '2018-11-15 15:39:30', 12),
	(403, 46, '2018-11-15', 'Incasso federale Servizi', -59.300, 131, '2018-09-01', NULL, 29, '2018-11-15 15:39:35', '2018-11-15 15:39:35', 12),
	(404, 46, '2018-11-15', 'Incasso federale Servizi', -59.300, 131, '2018-10-01', NULL, 29, '2018-11-15 15:39:39', '2018-11-15 15:39:39', 12),
	(416, 27, '2018-11-16', 'Incasso federale Fondi Pensione', -784.000, 73, '2018-09-01', NULL, 26, '2018-11-16 11:56:05', '2018-11-16 11:56:05', 12),
	(417, 1, '2018-11-17', 'Incasso quote MIL Sorgente - Ottobre 2018', -745.000, 133, '2018-10-01', NULL, 12, '2018-11-17 10:32:32', '2018-11-17 10:32:32', 12),
	(418, 1, '2018-11-17', 'Incasso quote Atenà Sorgente - Ottobre 2018', -520.000, 133, '2018-10-01', NULL, 12, '2018-11-17 10:32:32', '2018-11-17 10:32:32', 12),
	(419, 1, '2018-11-17', 'Incasso rimborsi Atenà Sorgente - Ottobre 2018 (atenari)', -395.650, 133, '2018-10-01', NULL, 43, '2018-11-17 10:32:32', '2018-11-17 10:32:32', 12),
	(420, 1, '2018-11-17', 'Incasso Sorgente - Ottobre 2018', -934.000, 133, '2018-10-01', NULL, 25, '2018-11-17 10:32:32', '2018-11-17 10:32:32', 12),
	(421, 1, '2018-11-17', 'incasso Sorgente - Ottobre 2018', 3064.650, 133, '2018-10-01', NULL, 15, '2018-11-17 10:32:32', '2018-11-17 10:32:32', 12),
	(422, 1, '2018-11-17', 'Incasso affitto Sorgente - Ottobre 2018', -2494.000, 133, '2018-10-01', NULL, 9, '2018-11-17 10:32:32', '2018-11-17 10:32:32', 12),
	(423, 1, '2018-11-17', 'Incasso Sorgente - Ottobre 2018', -750.000, 133, '2018-10-01', NULL, 14, '2018-11-17 10:32:32', '2018-11-17 10:32:32', 12),
	(424, 1, '2018-11-17', 'Incasso federale Servizi', -782.600, 133, '2018-10-01', NULL, 29, '2018-11-17 10:32:58', '2018-11-17 10:32:58', 12),
	(425, 1, '2018-11-17', 'Incasso federale Fondi Pensione', -600.000, 133, '2018-10-01', NULL, 26, '2018-11-17 10:33:08', '2018-11-17 10:33:08', 12),
	(448, 21, '2018-11-20', 'Incasso quote MIL Eco - Ottobre 2018', -625.000, 134, '2018-10-01', NULL, 12, '2018-11-20 10:46:01', '2018-11-20 10:46:01', 12),
	(449, 21, '2018-11-20', 'Incasso quote Atenà Eco - Ottobre 2018', -440.000, 134, '2018-10-01', NULL, 12, '2018-11-20 10:46:01', '2018-11-20 10:46:01', 12),
	(450, 21, '2018-11-20', 'Incasso Eco - Ottobre 2018', -98.000, 134, '2018-10-01', NULL, 25, '2018-11-20 10:46:01', '2018-11-20 10:46:01', 12),
	(451, 21, '2018-11-20', 'incasso Eco - Ottobre 2018', 1110.510, 134, '2018-10-01', NULL, 15, '2018-11-20 10:46:01', '2018-11-20 10:46:01', 12),
	(452, 21, '2018-11-20', 'Incasso affitto Eco - Ottobre 2018', -2371.810, 134, '2018-10-01', NULL, 9, '2018-11-20 10:46:01', '2018-11-20 10:46:01', 12),
	(453, 21, '2018-11-20', 'Incasso Eco - Ottobre 2018', -460.000, 134, '2018-10-01', NULL, 14, '2018-11-20 10:46:01', '2018-11-20 10:46:01', 12),
	(454, 21, '2018-11-20', 'Incasso federale Fondi Pensione', -217.140, 134, '2018-10-01', NULL, 26, '2018-11-20 10:47:42', '2018-11-20 10:47:42', 12),
	(456, 30, '2018-11-20', 'Incasso quote MIL Cornucopia - Ottobre 2018', -1075.000, 135, '2018-10-01', NULL, 12, '2018-11-20 11:04:34', '2018-11-20 11:04:34', 12),
	(457, 30, '2018-11-20', 'Incasso quote Atenà Cornucopia - Ottobre 2018', -760.000, 135, '2018-10-01', NULL, 12, '2018-11-20 11:04:34', '2018-11-20 11:04:34', 12),
	(458, 30, '2018-11-20', 'Incasso rimborsi Atenà Cornucopia - Ottobre 2018 (atenari)', -310.690, 135, '2018-10-01', NULL, 43, '2018-11-20 11:04:34', '2018-11-20 11:04:34', 12),
	(459, 30, '2018-11-20', 'Incasso Cornucopia - Ottobre 2018', -305.000, 135, '2018-10-01', NULL, 25, '2018-11-20 11:04:34', '2018-11-20 11:04:34', 12),
	(460, 30, '2018-11-20', 'incasso Cornucopia - Ottobre 2018', 2652.000, 135, '2018-10-01', NULL, 15, '2018-11-20 11:04:34', '2018-11-20 11:04:34', 12),
	(461, 30, '2018-11-20', 'Incasso affitto Cornucopia - Ottobre 2018', -5063.000, 135, '2018-10-01', NULL, 9, '2018-11-20 11:04:34', '2018-11-20 11:04:34', 12),
	(462, 30, '2018-11-20', 'Incasso Cornucopia - Ottobre 2018', 566.000, 135, '2018-10-01', NULL, 14, '2018-11-20 11:04:34', '2018-11-20 11:04:34', 12),
	(463, 30, '2018-11-20', 'Incasso federale Servizi', -1263.100, 135, '2018-10-01', NULL, 29, '2018-11-20 11:04:46', '2018-11-20 11:04:46', 12),
	(481, 9, '2018-11-16', 'Incasso quote MIL Sidalte - Ottobre 2018', -440.000, 132, '2018-10-01', NULL, 12, '2018-11-22 08:37:20', '2018-11-22 08:37:20', 12),
	(482, 9, '2018-11-22', 'Incasso quote Atenà Sidalte - Ottobre 2018', -320.000, 132, '2018-10-01', NULL, 12, '2018-11-22 08:37:20', '2018-11-22 08:37:20', 12),
	(483, 9, '2018-11-16', 'Incasso Sidalte - Ottobre 2018', -631.000, 132, '2018-10-01', NULL, 25, '2018-11-22 08:37:20', '2018-11-22 08:37:20', 12),
	(484, 9, '2018-11-16', 'incasso Sidalte - Ottobre 2018', 1368.810, 132, '2018-10-01', NULL, 15, '2018-11-22 08:37:20', '2018-11-22 08:37:20', 12),
	(485, 9, '2018-11-16', 'Incasso affitto Sidalte - Ottobre 2018', -673.000, 132, '2018-10-01', NULL, 9, '2018-11-22 08:37:20', '2018-11-22 08:37:20', 12),
	(486, 9, '2018-11-22', 'Incasso Sidalte - Ottobre 2018', -620.000, 132, '2018-10-01', NULL, 14, '2018-11-22 08:37:20', '2018-11-22 08:37:20', 12),
	(488, 10, '2018-10-19', 'Incasso quote MIL Porta della Terra (PdT) - Settembre 2018', -1195.000, 137, '2018-09-01', NULL, 12, '2018-11-22 08:46:07', '2018-11-22 08:46:07', 12),
	(489, 10, '2018-10-19', 'Incasso rimborsi MIL Porta della Terra (PdT) - Settembre 2018 (milri)', -615.930, 137, '2018-09-01', NULL, 43, '2018-11-22 08:46:07', '2018-11-22 08:46:07', 12),
	(490, 10, '2018-10-19', 'Incasso quote Atenà Porta della Terra (PdT) - Settembre 2018', -840.000, 137, '2018-09-01', NULL, 12, '2018-11-22 08:46:07', '2018-11-22 08:46:07', 12),
	(491, 10, '2018-10-19', 'Incasso Porta della Terra (PdT) - Settembre 2018', -1481.000, 137, '2018-09-01', NULL, 25, '2018-11-22 08:46:07', '2018-11-22 08:46:07', 12),
	(492, 10, '2018-10-19', 'incasso Porta della Terra (PdT) - Settembre 2018', 5195.640, 137, '2018-09-01', NULL, 15, '2018-11-22 08:46:07', '2018-11-22 08:46:07', 12),
	(493, 10, '2018-10-19', 'Incasso affitto Porta della Terra (PdT) - Settembre 2018', -7297.000, 137, '2018-09-01', NULL, 9, '2018-11-22 08:46:07', '2018-11-22 08:46:07', 12),
	(494, 10, '2018-10-19', 'Incasso Porta della Terra (PdT) - Settembre 2018', -259.920, 137, '2018-09-01', NULL, 14, '2018-11-22 08:46:07', '2018-11-22 08:46:07', 12),
	(527, 34, '2018-11-22', 'Incasso quote MIL Milte - Ottobre 2018', -50.000, 138, '2018-10-01', NULL, 12, '2018-11-22 11:48:57', '2018-11-22 11:48:57', 12),
	(528, 34, '2018-11-22', 'incasso Milte - Ottobre 2018', -600.000, 138, '2018-10-01', NULL, 15, '2018-11-22 11:48:57', '2018-11-22 11:48:57', 12),
	(529, 34, '2018-11-22', 'Incasso Milte - Ottobre 2018', 1500.000, 138, '2018-10-01', NULL, 14, '2018-11-22 11:48:57', '2018-11-22 11:48:57', 12),
	(531, 49, '2018-10-22', 'Incasso quote MIL Chrysoperla* - Settembre 2018', -55.000, 139, '2018-09-01', NULL, 12, '2018-11-22 13:54:33', '2018-11-22 13:54:33', 12),
	(532, 49, '2018-10-22', 'Incasso quote Atenà Chrysoperla* - Settembre 2018', -40.000, 139, '2018-09-01', NULL, 12, '2018-11-22 13:54:33', '2018-11-22 13:54:33', 12),
	(533, 49, '2018-10-22', 'Incasso Chrysoperla* - Settembre 2018', -20.600, 139, '2018-09-01', NULL, 25, '2018-11-22 13:54:33', '2018-11-22 13:54:33', 12),
	(534, 49, '2018-10-22', 'Incasso Chrysoperla* - Settembre 2018', -10.000, 139, '2018-09-01', NULL, 14, '2018-11-22 13:54:33', '2018-11-22 13:54:33', 12),
	(541, 80, '2018-11-22', 'Incasso quote MIL Vidracco - Porta di Vidrè - Ottobre 2018', -220.000, 140, '2018-10-01', NULL, 12, '2018-11-22 14:22:07', '2018-11-22 14:22:07', 12),
	(542, 80, '2018-11-22', 'Incasso quote Atenà Vidracco - Porta di Vidrè - Ottobre 2018', -160.000, 140, '2018-10-01', NULL, 12, '2018-11-22 14:22:07', '2018-11-22 14:22:07', 12),
	(543, 80, '2018-11-22', 'Incasso Vidracco - Porta di Vidrè - Ottobre 2018', -271.650, 140, '2018-10-01', NULL, 25, '2018-11-22 14:22:07', '2018-11-22 14:22:07', 12),
	(544, 80, '2018-11-22', 'incasso Vidracco - Porta di Vidrè - Ottobre 2018', 43.140, 140, '2018-10-01', NULL, 15, '2018-11-22 14:22:07', '2018-11-22 14:22:07', 12),
	(545, 80, '2018-11-22', 'Incasso Vidracco - Porta di Vidrè - Ottobre 2018', -240.000, 140, '2018-10-01', NULL, 14, '2018-11-22 14:22:07', '2018-11-22 14:22:07', 12),
	(546, 80, '2018-11-22', 'Incasso federale Servizi', -229.600, 140, '2018-10-01', NULL, 29, '2018-11-22 14:22:15', '2018-11-22 14:22:15', 12),
	(547, 28, '2018-11-23', 'Incasso quote MIL Tin - Ottobre 2018', -725.000, 141, '2018-10-01', NULL, 12, '2018-11-23 09:38:33', '2018-11-23 09:38:33', 12),
	(548, 28, '2018-11-23', 'Incasso quote Atenà Tin - Ottobre 2018', -520.000, 141, '2018-10-01', NULL, 12, '2018-11-23 09:38:33', '2018-11-23 09:38:33', 12),
	(549, 28, '2018-11-23', 'Incasso Tin - Ottobre 2018', 423.700, 141, '2018-10-01', NULL, 25, '2018-11-23 09:38:33', '2018-11-23 09:38:33', 12),
	(550, 28, '2018-11-23', 'incasso Tin - Ottobre 2018', 2835.000, 141, '2018-10-01', NULL, 15, '2018-11-23 09:38:33', '2018-11-23 09:38:33', 12),
	(551, 28, '2018-11-23', 'Incasso affitto Tin - Ottobre 2018', -811.000, 141, '2018-10-01', NULL, 9, '2018-11-23 09:38:33', '2018-11-23 09:38:33', 12),
	(552, 28, '2018-11-23', 'Incasso Tin - Ottobre 2018', -1301.400, 141, '2018-10-01', NULL, 14, '2018-11-23 09:38:33', '2018-11-23 09:38:33', 12),
	(553, 28, '2018-11-23', 'Incasso federale Servizi', -710.200, 141, '2018-10-01', NULL, 29, '2018-11-23 09:38:54', '2018-11-23 09:38:54', 12),
	(554, 28, '2018-11-23', 'Incasso federale Fondi Pensione', -305.060, 141, '2018-10-01', NULL, 26, '2018-11-23 09:42:23', '2018-11-23 09:42:23', 12),
	(555, 16, '2018-11-15', 'Incasso quote MIL Pejda - Ottobre 2018', -1015.000, 12, '2018-10-01', NULL, 12, '2018-11-23 10:43:16', '2018-11-23 10:43:16', 12),
	(556, 16, '2018-11-15', 'Incasso quote Atenà Pejda - Ottobre 2018', -680.000, 12, '2018-10-01', NULL, 12, '2018-11-23 10:43:16', '2018-11-23 10:43:16', 12),
	(557, 16, '2018-11-22', 'Incasso Pejda - Ottobre 2018', 190.790, 12, '2018-10-01', NULL, 25, '2018-11-23 10:43:16', '2018-11-23 10:43:16', 12),
	(558, 16, '2018-11-22', 'incasso Pejda - Ottobre 2018', 1446.040, 12, '2018-10-01', NULL, 15, '2018-11-23 10:43:16', '2018-11-23 10:43:16', 12),
	(559, 16, '2018-11-22', 'Incasso affitto Pejda - Ottobre 2018', -4910.990, 12, '2018-10-01', NULL, 9, '2018-11-23 10:43:16', '2018-11-23 10:43:16', 12),
	(560, 16, '2018-11-15', 'Incasso Pejda - Ottobre 2018', -400.000, 12, '2018-10-01', NULL, 14, '2018-11-23 10:43:16', '2018-11-23 10:43:16', 12),
	(561, 44, '2018-11-23', 'Incasso quote MIL Semil - Ottobre 2018', -670.000, 142, '2018-10-01', NULL, 12, '2018-11-23 15:46:13', '2018-11-23 15:46:13', 12),
	(562, 44, '2018-11-23', 'Incasso quote Atenà Semil - Ottobre 2018', -480.000, 142, '2018-10-01', NULL, 12, '2018-11-23 15:46:13', '2018-11-23 15:46:13', 12),
	(563, 44, '2018-11-23', 'Incasso Semil - Ottobre 2018', -430.500, 142, '2018-10-01', NULL, 25, '2018-11-23 15:46:13', '2018-11-23 15:46:13', 12),
	(564, 44, '2018-11-23', 'incasso Semil - Ottobre 2018', 899.000, 142, '2018-10-01', NULL, 15, '2018-11-23 15:46:13', '2018-11-23 15:46:13', 12),
	(565, 44, '2018-11-23', 'Incasso affitto Semil - Ottobre 2018', -700.000, 142, '2018-10-01', NULL, 9, '2018-11-23 15:46:13', '2018-11-23 15:46:13', 12),
	(566, 44, '2018-11-23', 'Incasso Semil - Ottobre 2018', -1480.000, 142, '2018-10-01', NULL, 14, '2018-11-23 15:46:13', '2018-11-23 15:46:13', 12),
	(567, 44, '2018-11-23', 'Incasso federale Servizi', -721.100, 142, '2018-10-01', NULL, 29, '2018-11-23 15:46:21', '2018-11-23 15:46:21', 12),
	(568, 12, '2018-11-24', 'Incasso quote MIL Tijal - Ottobre 2018', -765.000, 143, '2018-10-01', NULL, 12, '2018-11-24 10:16:18', '2018-11-24 10:16:18', 12),
	(569, 12, '2018-11-24', 'Incasso quote Atenà Tijal - Ottobre 2018', -520.000, 143, '2018-10-01', NULL, 12, '2018-11-24 10:16:18', '2018-11-24 10:16:18', 12),
	(570, 12, '2018-11-24', 'Incasso rimborsi Atenà Tijal - Ottobre 2018 (atenari)', -1249.200, 143, '2018-10-01', NULL, 43, '2018-11-24 10:16:18', '2018-11-24 10:16:18', 12),
	(571, 12, '2018-11-24', 'Incasso Tijal - Ottobre 2018', -471.010, 143, '2018-10-01', NULL, 25, '2018-11-24 10:16:18', '2018-11-24 10:16:18', 12),
	(572, 12, '2018-11-24', 'incasso Tijal - Ottobre 2018', 1788.000, 143, '2018-10-01', NULL, 15, '2018-11-24 10:16:18', '2018-11-24 10:16:18', 12),
	(573, 12, '2018-11-24', 'Incasso affitto Tijal - Ottobre 2018', -1899.000, 143, '2018-10-01', NULL, 9, '2018-11-24 10:16:18', '2018-11-24 10:16:18', 12),
	(574, 12, '2018-11-24', 'Incasso Tijal - Ottobre 2018', -7.000, 143, '2018-10-01', NULL, 14, '2018-11-24 10:16:18', '2018-11-24 10:16:18', 12),
	(575, 12, '2018-11-24', 'Incasso federale Servizi', -779.700, 143, '2018-10-01', NULL, 29, '2018-11-24 10:16:24', '2018-11-24 10:16:24', 12),
	(576, 12, '2018-11-24', 'Incasso federale Fondi Pensione', -15.000, 143, '2018-05-01', NULL, 26, '2018-11-24 10:18:52', '2018-11-24 10:18:52', 12),
	(577, 12, '2018-11-24', 'Incasso federale Fondi Pensione', -15.000, 143, '2018-10-01', NULL, 26, '2018-11-24 10:18:59', '2018-11-24 10:18:59', 12),
	(578, 12, '2018-11-24', 'Incasso federale Fondi Pensione', -15.000, 143, '2018-09-01', NULL, 26, '2018-11-24 10:19:06', '2018-11-24 10:19:06', 12),
	(579, 12, '2018-11-24', 'Incasso federale Fondi Pensione', -15.000, 143, '2018-08-01', NULL, 26, '2018-11-24 10:19:12', '2018-11-24 10:19:12', 12),
	(580, 12, '2018-11-24', 'Incasso federale Fondi Pensione', -15.000, 143, '2018-07-01', NULL, 26, '2018-11-24 10:19:19', '2018-11-24 10:19:19', 12),
	(581, 12, '2018-11-24', 'Incasso federale Fondi Pensione', -15.000, 143, '2018-06-01', NULL, 26, '2018-11-24 10:19:23', '2018-11-24 10:19:23', 12),
	(587, 15, '2018-11-24', 'Incasso Aria - Ottobre 2018', -68.000, 144, '2018-10-01', NULL, 25, '2018-11-24 15:40:45', '2018-11-24 15:40:45', 12),
	(595, 15, '2018-11-24', 'Incasso Aria - Febbraio 2018', -136.000, 144, '2018-02-01', NULL, 25, '2018-11-24 15:41:02', '2018-11-24 15:41:02', 12),
	(596, 15, '2018-11-24', 'Incasso Aria - Febbraio 2018', 150.000, 144, '2018-02-01', NULL, 14, '2018-11-24 15:41:02', '2018-11-24 15:41:02', 12),
	(597, 15, '2018-11-24', 'Incasso Aria - Marzo 2018', -136.000, 144, '2018-03-01', NULL, 25, '2018-11-24 15:41:11', '2018-11-24 15:41:11', 12),
	(598, 15, '2018-11-24', 'Incasso Aria - Marzo 2018', 150.000, 144, '2018-03-01', NULL, 14, '2018-11-24 15:41:11', '2018-11-24 15:41:11', 12),
	(599, 15, '2018-11-24', 'Incasso Aria - Aprile 2018', -68.000, 144, '2018-04-01', NULL, 25, '2018-11-24 15:41:23', '2018-11-24 15:41:23', 12),
	(600, 15, '2018-11-24', 'Incasso Aria - Aprile 2018', 290.000, 144, '2018-04-01', NULL, 14, '2018-11-24 15:41:23', '2018-11-24 15:41:23', 12),
	(601, 15, '2018-11-24', 'Incasso Aria - Maggio 2018', -68.000, 144, '2018-05-01', NULL, 25, '2018-11-24 15:41:34', '2018-11-24 15:41:34', 12),
	(602, 15, '2018-11-24', 'Incasso Aria - Maggio 2018', 290.000, 144, '2018-05-01', NULL, 14, '2018-11-24 15:41:34', '2018-11-24 15:41:34', 12),
	(605, 15, '2018-11-24', 'Incasso Aria - Luglio 2018', -68.000, 144, '2018-07-01', NULL, 25, '2018-11-24 15:41:59', '2018-11-24 15:41:59', 12),
	(606, 15, '2018-11-24', 'Incasso Aria - Agosto 2018', -68.000, 144, '2018-08-01', NULL, 25, '2018-11-24 15:42:13', '2018-11-24 15:42:13', 12),
	(607, 15, '2018-11-24', 'Incasso Aria - Settembre 2018', -68.000, 144, '2018-09-01', NULL, 25, '2018-11-24 15:42:23', '2018-11-24 15:42:23', 12),
	(608, 15, '2018-11-24', 'Incasso Aria - Giugno 2018', -68.000, 144, '2018-06-01', NULL, 25, '2018-11-24 15:43:05', '2018-11-24 15:43:05', 12),
	(609, 15, '2018-11-24', 'Incasso Aria - Giugno 2018', 3.700, 144, '2018-06-01', NULL, 14, '2018-11-24 15:43:05', '2018-11-24 15:43:05', 12),
	(610, 15, '2018-05-03', 'Incasso quote MIL Aria - Gennaio 2018', -130.000, 144, '2018-01-01', NULL, 12, '2018-11-24 15:43:12', '2018-11-24 15:43:12', 12),
	(611, 15, '2018-03-27', 'Incasso quote Atenà Aria - Gennaio 2018', -80.000, 144, '2018-01-01', NULL, 12, '2018-11-24 15:43:12', '2018-11-24 15:43:12', 12),
	(612, 15, '2018-05-03', 'Incasso rimborsi Atenà Aria - Gennaio 2018 (atenari)', -269.420, 144, '2018-01-01', NULL, 43, '2018-11-24 15:43:12', '2018-11-24 15:43:12', 12),
	(613, 15, '2018-03-27', 'Incasso Aria - Gennaio 2018', -0.300, 144, '2018-01-01', NULL, 25, '2018-11-24 15:43:12', '2018-11-24 15:43:12', 12),
	(614, 15, '2018-05-03', 'incasso Aria - Gennaio 2018', 768.560, 144, '2018-01-01', NULL, 15, '2018-11-24 15:43:12', '2018-11-24 15:43:12', 12),
	(615, 15, '2018-05-03', 'Incasso affitto Aria - Gennaio 2018', -1019.140, 144, '2018-01-01', NULL, 9, '2018-11-24 15:43:12', '2018-11-24 15:43:12', 12),
	(616, 15, '2018-05-03', 'Incasso Aria - Gennaio 2018', 150.000, 144, '2018-01-01', NULL, 14, '2018-11-24 15:43:12', '2018-11-24 15:43:12', 12),
	(628, 21, '2018-11-26', 'Incasso federale Servizi', -653.400, 134, '2018-10-01', NULL, 29, '2018-11-26 08:43:27', '2018-11-26 08:43:27', 12),
	(629, 25, '2018-11-14', 'Incasso quote MIL Casa del Lago (CdL) - Ottobre 2018', -385.000, 147, '2018-10-01', NULL, 12, '2018-11-26 09:00:07', '2018-11-26 09:00:07', 12),
	(630, 25, '2018-11-14', 'Incasso quote Atenà Casa del Lago (CdL) - Ottobre 2018', -280.000, 147, '2018-10-01', NULL, 12, '2018-11-26 09:00:07', '2018-11-26 09:00:07', 12),
	(631, 25, '2018-11-14', 'Incasso rimborsi Atenà Casa del Lago (CdL) - Ottobre 2018 (atenari)', -266.800, 147, '2018-10-01', NULL, 43, '2018-11-26 09:00:07', '2018-11-26 09:00:07', 12),
	(632, 25, '2018-11-14', 'Incasso Casa del Lago (CdL) - Ottobre 2018', 32.900, 147, '2018-10-01', NULL, 25, '2018-11-26 09:00:07', '2018-11-26 09:00:07', 12),
	(633, 25, '2018-11-26', 'incasso Casa del Lago (CdL) - Ottobre 2018', 400.000, 147, '2018-10-01', NULL, 15, '2018-11-26 09:00:07', '2018-11-26 09:00:07', 12),
	(634, 25, '2018-11-26', 'Incasso affitto Casa del Lago (CdL) - Ottobre 2018', -956.000, 147, '2018-10-01', NULL, 9, '2018-11-26 09:00:07', '2018-11-26 09:00:07', 12),
	(635, 25, '2018-11-26', 'Incasso Casa del Lago (CdL) - Ottobre 2018', -230.000, 147, '2018-10-01', NULL, 14, '2018-11-26 09:00:07', '2018-11-26 09:00:07', 12),
	(636, 25, '2018-11-26', 'Incasso federale Servizi', -405.600, 147, '2018-10-01', NULL, 29, '2018-11-26 09:00:12', '2018-11-26 09:00:12', 12),
	(637, 4, '2018-11-14', 'Incasso quote MIL Dendera - Ottobre 2018', -725.000, 148, '2018-10-01', NULL, 12, '2018-11-26 09:00:36', '2018-11-26 09:00:36', 12),
	(638, 4, '2018-11-14', 'Incasso quote Atenà Dendera - Ottobre 2018', -520.000, 148, '2018-10-01', NULL, 12, '2018-11-26 09:00:36', '2018-11-26 09:00:36', 12),
	(639, 4, '2018-11-14', 'Incasso Dendera - Ottobre 2018', 116.000, 148, '2018-10-01', NULL, 25, '2018-11-26 09:00:36', '2018-11-26 09:00:36', 12),
	(640, 4, '2018-11-26', 'incasso Dendera - Ottobre 2018', 1751.090, 148, '2018-10-01', NULL, 15, '2018-11-26 09:00:36', '2018-11-26 09:00:36', 12),
	(641, 4, '2018-11-26', 'Incasso affitto Dendera - Ottobre 2018', -3797.000, 148, '2018-10-01', NULL, 9, '2018-11-26 09:00:36', '2018-11-26 09:00:36', 12),
	(642, 4, '2018-11-26', 'Incasso Dendera - Ottobre 2018', 855.860, 148, '2018-10-01', NULL, 14, '2018-11-26 09:00:36', '2018-11-26 09:00:36', 12),
	(643, 4, '2018-11-26', 'Incasso federale Servizi', -821.100, 148, '2018-10-01', NULL, 29, '2018-11-26 09:00:44', '2018-11-26 09:00:44', 12),
	(644, 26, '2018-11-14', 'Incasso quote MIL Magilla - Ottobre 2018', -1130.000, 149, '2018-10-01', NULL, 12, '2018-11-26 09:01:08', '2018-11-26 09:01:08', 12),
	(645, 26, '2018-11-14', 'Incasso quote Atenà Magilla - Ottobre 2018', -800.000, 149, '2018-10-01', NULL, 12, '2018-11-26 09:01:08', '2018-11-26 09:01:08', 12),
	(646, 26, '2018-11-14', 'Incasso rimborsi Atenà Magilla - Ottobre 2018 (atenari)', -489.880, 149, '2018-10-01', NULL, 43, '2018-11-26 09:01:08', '2018-11-26 09:01:08', 12),
	(647, 26, '2018-11-14', 'Incasso Magilla - Ottobre 2018', -1165.000, 149, '2018-10-01', NULL, 25, '2018-11-26 09:01:08', '2018-11-26 09:01:08', 12),
	(648, 26, '2018-11-26', 'incasso Magilla - Ottobre 2018', 3099.960, 149, '2018-10-01', NULL, 15, '2018-11-26 09:01:08', '2018-11-26 09:01:08', 12),
	(649, 26, '2018-11-26', 'Incasso affitto Magilla - Ottobre 2018', -2927.000, 149, '2018-10-01', NULL, 9, '2018-11-26 09:01:08', '2018-11-26 09:01:08', 12),
	(650, 26, '2018-11-26', 'Incasso Magilla - Ottobre 2018', -805.000, 149, '2018-10-01', NULL, 14, '2018-11-26 09:01:08', '2018-11-26 09:01:08', 12),
	(651, 26, '2018-11-26', 'Incasso federale Servizi', -1221.900, 149, '2018-10-01', NULL, 29, '2018-11-26 09:01:18', '2018-11-26 09:01:18', 12),
	(652, 27, '2018-11-14', 'Incasso quote MIL Porta della Luna (PdL) - Ottobre 2018', -1165.000, 73, '2018-10-01', NULL, 12, '2018-11-26 09:01:53', '2018-11-26 09:01:53', 12),
	(653, 27, '2018-11-14', 'Incasso quote Atenà Porta della Luna (PdL) - Ottobre 2018', -840.000, 73, '2018-10-01', NULL, 12, '2018-11-26 09:01:53', '2018-11-26 09:01:53', 12),
	(654, 27, '2018-11-14', 'Incasso rimborsi Atenà Porta della Luna (PdL) - Ottobre 2018 (atenari)', -123.630, 73, '2018-10-01', NULL, 43, '2018-11-26 09:01:53', '2018-11-26 09:01:53', 12),
	(655, 27, '2018-11-14', 'Incasso Porta della Luna (PdL) - Ottobre 2018', -450.030, 73, '2018-10-01', NULL, 25, '2018-11-26 09:01:53', '2018-11-26 09:01:53', 12),
	(656, 27, '2018-11-26', 'incasso Porta della Luna (PdL) - Ottobre 2018', 1188.000, 73, '2018-10-01', NULL, 15, '2018-11-26 09:01:53', '2018-11-26 09:01:53', 12),
	(657, 27, '2018-11-26', 'Incasso affitto Porta della Luna (PdL) - Ottobre 2018', -4589.000, 73, '2018-10-01', NULL, 9, '2018-11-26 09:01:53', '2018-11-26 09:01:53', 12),
	(658, 27, '2018-11-26', 'Incasso Porta della Luna (PdL) - Ottobre 2018', 1249.000, 73, '2018-10-01', NULL, 14, '2018-11-26 09:01:53', '2018-11-26 09:01:53', 12),
	(659, 27, '2018-11-26', 'Incasso federale Servizi', -1416.200, 73, '2018-10-01', NULL, 29, '2018-11-26 09:02:00', '2018-11-26 09:02:00', 12),
	(675, 4, '2018-11-26', 'Incasso federale Fondi Pensione', -599.200, 148, '2018-09-01', NULL, 26, '2018-11-26 09:15:53', '2018-11-26 09:15:53', 12),
	(676, 4, '2018-11-26', 'Incasso federale Fondi Pensione', -599.200, 148, '2018-10-01', NULL, 26, '2018-11-26 09:16:01', '2018-11-26 09:16:01', 12),
	(678, 85, '2018-11-26', 'Incasso quote MIL Casa Alice - Settembre 2018', -230.000, 150, '2018-09-01', NULL, 12, '2018-11-26 14:23:15', '2018-11-26 14:23:15', 12),
	(679, 85, '2018-11-26', 'Incasso quote Atenà Casa Alice - Settembre 2018', -160.000, 150, '2018-09-01', NULL, 12, '2018-11-26 14:23:15', '2018-11-26 14:23:15', 12),
	(680, 85, '2018-11-26', 'Incasso rimborsi Atenà Casa Alice - Settembre 2018 (atenari)', -750.000, 150, '2018-09-01', NULL, 43, '2018-11-26 14:23:15', '2018-11-26 14:23:15', 12),
	(681, 85, '2018-11-26', 'Incasso Casa Alice - Settembre 2018', -292.000, 150, '2018-09-01', NULL, 25, '2018-11-26 14:23:15', '2018-11-26 14:23:15', 12),
	(682, 85, '2018-11-26', 'incasso Casa Alice - Settembre 2018', 1192.000, 150, '2018-09-01', NULL, 15, '2018-11-26 14:23:15', '2018-11-26 14:23:15', 12),
	(683, 85, '2018-11-26', 'Incasso affitto Casa Alice - Settembre 2018', -440.000, 150, '2018-09-01', NULL, 9, '2018-11-26 14:23:15', '2018-11-26 14:23:15', 12),
	(684, 85, '2018-11-26', 'Incasso Casa Alice - Settembre 2018', -330.000, 150, '2018-09-01', NULL, 14, '2018-11-26 14:23:15', '2018-11-26 14:23:15', 12),
	(685, 9, '2018-11-26', 'Incasso federale Fondi Pensione', -260.000, 132, '2018-10-01', NULL, 26, '2018-11-26 15:16:41', '2018-11-26 15:16:41', 12),
	(687, 13, '2018-10-25', 'Incasso quote MIL Cibele - Settembre 2018', -440.000, 151, '2018-09-01', NULL, 12, '2018-11-26 16:12:43', '2018-11-26 16:12:43', 12),
	(688, 13, '2018-11-26', 'Incasso quote Atenà Cibele - Settembre 2018', -320.000, 151, '2018-09-01', NULL, 12, '2018-11-26 16:12:43', '2018-11-26 16:12:43', 12),
	(689, 13, '2018-10-25', 'Incasso Cibele - Settembre 2018', -614.000, 151, '2018-09-01', NULL, 25, '2018-11-26 16:12:43', '2018-11-26 16:12:43', 12),
	(690, 13, '2018-11-26', 'incasso Cibele - Settembre 2018', 700.000, 151, '2018-09-01', NULL, 15, '2018-11-26 16:12:43', '2018-11-26 16:12:43', 12),
	(691, 13, '2018-11-26', 'Incasso affitto Cibele - Settembre 2018', -1045.040, 151, '2018-09-01', NULL, 9, '2018-11-26 16:12:43', '2018-11-26 16:12:43', 12),
	(692, 13, '2018-11-26', 'Incasso Cibele - Settembre 2018', -600.000, 151, '2018-09-01', NULL, 14, '2018-11-26 16:12:43', '2018-11-26 16:12:43', 12),
	(728, 91, '2018-11-02', 'Incasso quote MIL Granchia - Settembre 2018', -55.000, 152, '2018-09-01', NULL, 12, '2018-11-28 10:23:28', '2018-11-28 10:23:28', 12),
	(729, 91, '2018-11-02', 'Incasso quote Atenà Granchia - Settembre 2018', -40.000, 152, '2018-09-01', NULL, 12, '2018-11-28 10:23:28', '2018-11-28 10:23:28', 12),
	(730, 91, '2018-11-02', 'Incasso Granchia - Settembre 2018', -292.700, 152, '2018-09-01', NULL, 25, '2018-11-28 10:23:28', '2018-11-28 10:23:28', 12),
	(731, 91, '2018-11-02', 'Incasso Granchia - Settembre 2018', 293.000, 152, '2018-09-01', NULL, 14, '2018-11-28 10:23:28', '2018-11-28 10:23:28', 12),
	(732, 91, '2018-11-28', 'Incasso quote MIL Granchia - Ottobre 2018', -55.000, 152, '2018-10-01', NULL, 12, '2018-11-28 10:23:34', '2018-11-28 10:23:34', 12),
	(733, 91, '2018-11-28', 'Incasso quote Atenà Granchia - Ottobre 2018', -40.000, 152, '2018-10-01', NULL, 12, '2018-11-28 10:23:34', '2018-11-28 10:23:34', 12),
	(734, 91, '2018-11-28', 'Incasso Granchia - Ottobre 2018', -68.000, 152, '2018-10-01', NULL, 25, '2018-11-28 10:23:34', '2018-11-28 10:23:34', 12),
	(735, 91, '2018-11-28', 'Incasso affitto Granchia - Ottobre 2018', -250.000, 152, '2018-10-01', NULL, 9, '2018-11-28 10:23:34', '2018-11-28 10:23:34', 12),
	(736, 91, '2018-11-28', 'Incasso Granchia - Ottobre 2018', 293.000, 152, '2018-10-01', NULL, 14, '2018-11-28 10:23:34', '2018-11-28 10:23:34', 12),
	(737, 91, '2018-11-28', 'Incasso federale Servizi', -55.300, 152, '2018-10-01', NULL, 29, '2018-11-28 10:23:39', '2018-11-28 10:23:39', 12),
	(744, 75, '2018-11-28', 'incasso REGIONE DAMJL - Luglio 2018', -270.500, 153, '2018-07-01', NULL, 15, '2018-11-28 11:10:24', '2018-11-28 11:10:24', 12),
	(751, 5, '2018-11-20', 'Incasso quote MIL Damjl  - Ottobre 2018', -1230.000, 84, '2018-10-01', NULL, 12, '2018-11-28 11:11:04', '2018-11-28 11:11:04', 12),
	(752, 5, '2018-11-20', 'Incasso quote Atenà Damjl  - Ottobre 2018', -880.000, 84, '2018-10-01', NULL, 12, '2018-11-28 11:11:04', '2018-11-28 11:11:04', 12),
	(753, 5, '2018-11-20', 'Incasso Damjl  - Ottobre 2018', 2076.500, 84, '2018-10-01', NULL, 25, '2018-11-28 11:11:04', '2018-11-28 11:11:04', 12),
	(754, 5, '2018-11-20', 'incasso Damjl  - Ottobre 2018', 1512.860, 84, '2018-10-01', NULL, 15, '2018-11-28 11:11:04', '2018-11-28 11:11:04', 12),
	(755, 5, '2018-11-20', 'Incasso affitto Damjl  - Ottobre 2018', -3750.000, 84, '2018-10-01', NULL, 9, '2018-11-28 11:11:04', '2018-11-28 11:11:04', 12),
	(756, 5, '2018-11-20', 'Incasso Damjl  - Ottobre 2018', 2221.350, 84, '2018-10-01', NULL, 14, '2018-11-28 11:11:04', '2018-11-28 11:11:04', 12),
	(761, 83, '2018-08-30', 'giroconto versamento ctpp', -1200.000, 154, '2018-08-01', NULL, 25, '2018-11-28 11:31:18', '2018-11-28 11:31:18', 12),
	(780, 64, '2018-11-29', 'Incasso X-DAMJL QDQ - Ottobre 2018', -673.440, 155, '2018-10-01', NULL, 25, '2018-11-29 14:21:14', '2018-11-29 14:21:14', 12),
	(781, 64, '2018-11-13', 'incasso X-DAMJL QDQ - Ottobre 2018', -138.230, 155, '2018-10-01', NULL, 15, '2018-11-29 14:21:14', '2018-11-29 14:21:14', 12),
	(782, 44, '2018-11-29', 'Incasso federale Fondi Pensione', -658.000, 142, '2018-10-01', NULL, 26, '2018-11-29 15:52:10', '2018-11-29 15:52:10', 12),
	(783, 3, '2018-11-28', 'Incasso quote MIL Tiglio - Settembre 2018', -645.000, 1, '2018-09-01', NULL, 12, '2018-11-30 10:02:54', '2018-11-30 10:02:54', 12),
	(784, 3, '2018-10-29', 'Incasso quote Atenà Tiglio - Settembre 2018', -440.000, 1, '2018-09-01', NULL, 12, '2018-11-30 10:02:54', '2018-11-30 10:02:54', 12),
	(785, 3, '2018-10-29', 'Incasso rimborsi Atenà Tiglio - Settembre 2018 (atenari)', -1090.610, 1, '2018-09-01', NULL, 43, '2018-11-30 10:02:54', '2018-11-30 10:02:54', 12),
	(786, 3, '2018-11-30', 'Incasso Tiglio - Settembre 2018', -173.000, 1, '2018-09-01', NULL, 25, '2018-11-30 10:02:54', '2018-11-30 10:02:54', 12),
	(787, 3, '2018-11-30', 'incasso Tiglio - Settembre 2018', 1561.680, 1, '2018-09-01', NULL, 15, '2018-11-30 10:02:54', '2018-11-30 10:02:54', 12),
	(788, 3, '2018-11-30', 'Incasso affitto Tiglio - Settembre 2018', -1745.000, 1, '2018-09-01', NULL, 9, '2018-11-30 10:02:54', '2018-11-30 10:02:54', 12),
	(789, 3, '2018-11-30', 'Incasso Tiglio - Settembre 2018', -280.000, 1, '2018-09-01', NULL, 14, '2018-11-30 10:02:54', '2018-11-30 10:02:54', 12),
	(790, 3, '2018-11-30', 'Incasso federale Fondi Pensione', -178.640, 1, '2018-09-01', NULL, 26, '2018-11-30 10:05:02', '2018-11-30 10:05:02', 12),
	(839, 92, '2018-12-03', 'Incasso quote MIL Focena - Settembre 2018', -55.000, 157, '2018-09-01', NULL, 12, '2018-12-03 14:12:49', '2018-12-03 14:12:49', 12),
	(840, 92, '2018-12-03', 'Incasso quote Atenà Focena - Settembre 2018', -40.000, 157, '2018-09-01', NULL, 12, '2018-12-03 14:12:49', '2018-12-03 14:12:49', 12),
	(841, 92, '2018-12-03', 'Incasso Focena - Settembre 2018', -68.000, 157, '2018-09-01', NULL, 25, '2018-12-03 14:12:49', '2018-12-03 14:12:49', 12),
	(842, 92, '2018-12-03', 'Incasso Focena - Settembre 2018', -140.000, 157, '2018-09-01', NULL, 14, '2018-12-03 14:12:49', '2018-12-03 14:12:49', 12),
	(843, 92, '2018-12-03', 'Incasso quote MIL Focena - Ottobre 2018', -55.000, 157, '2018-10-01', NULL, 12, '2018-12-03 14:12:53', '2018-12-03 14:12:53', 12),
	(844, 92, '2018-12-03', 'Incasso quote Atenà Focena - Ottobre 2018', -40.000, 157, '2018-10-01', NULL, 12, '2018-12-03 14:12:53', '2018-12-03 14:12:53', 12),
	(845, 92, '2018-12-03', 'Incasso Focena - Ottobre 2018', -68.000, 157, '2018-10-01', NULL, 25, '2018-12-03 14:12:53', '2018-12-03 14:12:53', 12),
	(846, 92, '2018-12-03', 'Incasso Focena - Ottobre 2018', -140.000, 157, '2018-10-01', NULL, 14, '2018-12-03 14:12:53', '2018-12-03 14:12:53', 12),
	(847, 43, '2018-11-21', 'Incasso quote MIL Alteco - Ottobre 2018', -550.000, 136, '2018-10-01', NULL, 12, '2018-12-03 16:06:36', '2018-12-03 16:06:36', 12),
	(848, 43, '2018-11-21', 'Incasso quote Atenà Alteco - Ottobre 2018', -400.000, 136, '2018-10-01', NULL, 12, '2018-12-03 16:06:36', '2018-12-03 16:06:36', 12),
	(849, 43, '2018-12-03', 'Incasso Alteco - Ottobre 2018', -710.000, 136, '2018-10-01', NULL, 25, '2018-12-03 16:06:36', '2018-12-03 16:06:36', 12),
	(850, 43, '2018-11-21', 'incasso Alteco - Ottobre 2018', 1769.000, 136, '2018-10-01', NULL, 15, '2018-12-03 16:06:36', '2018-12-03 16:06:36', 12),
	(851, 43, '2018-11-21', 'Incasso affitto Alteco - Ottobre 2018', -1524.190, 136, '2018-10-01', NULL, 9, '2018-12-03 16:06:36', '2018-12-03 16:06:36', 12),
	(852, 43, '2018-12-03', 'Incasso Alteco - Ottobre 2018', -1400.000, 136, '2018-10-01', NULL, 14, '2018-12-03 16:06:36', '2018-12-03 16:06:36', 12),
	(853, 43, '2018-12-03', 'Incasso federale Servizi', -603.700, 136, '2018-10-01', NULL, 29, '2018-12-03 16:06:45', '2018-12-03 16:06:45', 12),
	(854, 87, '2018-12-03', 'incasso X-DIVERSI-LUPA - Ottobre 2018', 600.000, 158, '2018-10-01', NULL, 15, '2018-12-03 16:07:43', '2018-12-03 16:07:43', 12),
	(856, 20, '2018-11-13', 'Incasso quote MIL Porta del Sole (PdS) - Ottobre 2018', -855.000, 117, '2018-10-01', NULL, 12, '2018-12-04 11:33:31', '2018-12-04 11:33:31', 12),
	(857, 20, '2018-11-26', 'Incasso rimborsi MIL Porta del Sole (PdS) - Ottobre 2018 (milri)', -5179.520, 117, '2018-10-01', NULL, 43, '2018-12-04 11:33:31', '2018-12-04 11:33:31', 12),
	(858, 20, '2018-11-13', 'Incasso quote Atenà Porta del Sole (PdS) - Ottobre 2018', -600.000, 117, '2018-10-01', NULL, 12, '2018-12-04 11:33:31', '2018-12-04 11:33:31', 12),
	(859, 20, '2018-12-04', 'Incasso Porta del Sole (PdS) - Ottobre 2018', -790.000, 117, '2018-10-01', NULL, 25, '2018-12-04 11:33:31', '2018-12-04 11:33:31', 12),
	(860, 20, '2018-11-26', 'incasso Porta del Sole (PdS) - Ottobre 2018', 2121.640, 117, '2018-10-01', NULL, 15, '2018-12-04 11:33:31', '2018-12-04 11:33:31', 12),
	(861, 20, '2018-11-26', 'Incasso affitto Porta del Sole (PdS) - Ottobre 2018', -1557.000, 117, '2018-10-01', NULL, 9, '2018-12-04 11:33:31', '2018-12-04 11:33:31', 12),
	(862, 20, '2018-11-13', 'Incasso Porta del Sole (PdS) - Ottobre 2018', -650.000, 117, '2018-10-01', NULL, 14, '2018-12-04 11:33:31', '2018-12-04 11:33:31', 12),
	(863, 16, '2018-12-04', 'Incasso federale Fondi Pensione', -806.000, 12, '2018-10-01', NULL, 26, '2018-12-04 15:36:18', '2018-12-04 15:36:18', 12),
	(864, 82, '2018-12-06', 'Incasso quote MIL Quetzal - Novembre 2018', -55.000, 129, '2018-11-01', NULL, 12, '2018-12-06 09:22:19', '2018-12-06 09:22:19', 12),
	(865, 82, '2018-12-06', 'Incasso quote Atenà Quetzal - Novembre 2018', -40.000, 129, '2018-11-01', NULL, 12, '2018-12-06 09:22:19', '2018-12-06 09:22:19', 12),
	(866, 82, '2018-12-06', 'Incasso Quetzal - Novembre 2018', -68.000, 129, '2018-11-01', NULL, 25, '2018-12-06 09:22:19', '2018-12-06 09:22:19', 12),
	(867, 82, '2018-12-06', 'Incasso Quetzal - Novembre 2018', -140.000, 129, '2018-11-01', NULL, 14, '2018-12-06 09:22:19', '2018-12-06 09:22:19', 12),
	(868, 82, '2018-12-06', 'Incasso federale Servizi', -62.000, 129, '2018-11-01', NULL, 29, '2018-12-06 09:22:26', '2018-12-06 09:22:26', 12),
	(902, 18, '2018-12-06', 'Incasso quote MIL Ognidove - Novembre 2018', -1045.000, 106, '2018-11-01', NULL, 12, '2018-12-06 10:32:06', '2018-12-06 10:32:06', 12),
	(903, 18, '2018-12-06', 'Incasso quote Atenà Ognidove - Novembre 2018', -760.000, 106, '2018-11-01', NULL, 12, '2018-12-06 10:32:06', '2018-12-06 10:32:06', 12),
	(904, 18, '2018-12-06', 'Incasso rimborsi Atenà Ognidove - Novembre 2018 (atenari)', -1011.180, 106, '2018-11-01', NULL, 43, '2018-12-06 10:32:06', '2018-12-06 10:32:06', 12),
	(905, 18, '2018-12-06', 'Incasso Ognidove - Novembre 2018', -1092.000, 106, '2018-11-01', NULL, 25, '2018-12-06 10:32:06', '2018-12-06 10:32:06', 12),
	(906, 18, '2018-12-06', 'incasso Ognidove - Novembre 2018', 4243.370, 106, '2018-11-01', NULL, 15, '2018-12-06 10:32:06', '2018-12-06 10:32:06', 12),
	(907, 18, '2018-12-06', 'Incasso affitto Ognidove - Novembre 2018', -3703.010, 106, '2018-11-01', NULL, 9, '2018-12-06 10:32:06', '2018-12-06 10:32:06', 12),
	(908, 18, '2018-12-06', 'Incasso Ognidove - Novembre 2018', -475.260, 106, '2018-11-01', NULL, 14, '2018-12-06 10:32:06', '2018-12-06 10:32:06', 12),
	(909, 18, '2018-12-06', 'Incasso federale Servizi', -1181.000, 106, '2018-11-01', NULL, 29, '2018-12-06 10:32:15', '2018-12-06 10:32:15', 12),
	(910, 18, '2018-12-06', 'Incasso federale Fondi Pensione', -763.920, 106, '2018-11-01', NULL, 26, '2018-12-06 14:27:51', '2018-12-06 14:27:51', 12),
	(933, 68, '2018-12-06', 'Incasso affitto X-DAMJL STANZA PRANO - Dicembre 2018', -120.000, 159, '2018-12-01', NULL, 9, '2018-12-06 16:15:35', '2018-12-06 16:15:35', 12),
	(934, 77, '2018-12-06', 'Incasso X-DHCREA TESSITURA EX MENSA - Novembre 2018', -160.000, 160, '2018-11-01', NULL, 25, '2018-12-06 16:15:50', '2018-12-06 16:15:50', 12),
	(935, 77, '2018-12-06', 'Incasso X-DHCREA TESSITURA EX MENSA - Dicembre 2018', -160.000, 160, '2018-12-01', NULL, 25, '2018-12-06 16:15:53', '2018-12-06 16:15:53', 12),
	(937, 94, '2018-12-06', 'Incasso quote MIL Tursiope - Ottobre 2018', -65.000, 161, '2018-10-01', NULL, 12, '2018-12-06 16:52:32', '2018-12-06 16:52:32', 12),
	(938, 94, '2018-12-06', 'Incasso quote Atenà Tursiope - Ottobre 2018', -40.000, 161, '2018-10-01', NULL, 12, '2018-12-06 16:52:32', '2018-12-06 16:52:32', 12),
	(939, 94, '2018-12-06', 'Incasso Tursiope - Ottobre 2018', -58.000, 161, '2018-10-01', NULL, 25, '2018-12-06 16:52:32', '2018-12-06 16:52:32', 12),
	(940, 94, '2018-12-06', 'Incasso Tursiope - Ottobre 2018', -10.000, 161, '2018-10-01', NULL, 14, '2018-12-06 16:52:32', '2018-12-06 16:52:32', 12),
	(950, 41, '2018-12-07', 'Incasso quote MIL Aval  - Novembre 2018', -395.000, 130, '2018-11-01', NULL, 12, '2018-12-07 09:26:19', '2018-12-07 09:26:19', 12),
	(951, 41, '2018-12-07', 'Incasso rimborsi MIL Aval  - Novembre 2018 (milri)', -459.200, 130, '2018-11-01', NULL, 43, '2018-12-07 09:26:19', '2018-12-07 09:26:19', 12),
	(952, 41, '2018-12-07', 'Incasso quote Atenà Aval  - Novembre 2018', -280.000, 130, '2018-11-01', NULL, 12, '2018-12-07 09:26:19', '2018-12-07 09:26:19', 12),
	(953, 41, '2018-12-07', 'Incasso Aval  - Novembre 2018', -973.720, 130, '2018-11-01', NULL, 25, '2018-12-07 09:26:19', '2018-12-07 09:26:19', 12),
	(954, 41, '2018-12-07', 'incasso Aval  - Novembre 2018', 1386.250, 130, '2018-11-01', NULL, 15, '2018-12-07 09:26:19', '2018-12-07 09:26:19', 12),
	(955, 41, '2018-12-07', 'Incasso affitto Aval  - Novembre 2018', -906.800, 130, '2018-11-01', NULL, 9, '2018-12-07 09:26:19', '2018-12-07 09:26:19', 12),
	(956, 41, '2018-12-07', 'Incasso Aval  - Novembre 2018', 408.570, 130, '2018-11-01', NULL, 14, '2018-12-07 09:26:19', '2018-12-07 09:26:19', 12),
	(958, 48, '2018-12-07', 'Incasso quote MIL Vultura Piviere* - Novembre 2018', -110.000, 162, '2018-11-01', NULL, 12, '2018-12-07 10:48:18', '2018-12-07 10:48:18', 12),
	(959, 48, '2018-12-07', 'Incasso quote Atenà Vultura Piviere* - Novembre 2018', -80.000, 162, '2018-11-01', NULL, 12, '2018-12-07 10:48:18', '2018-12-07 10:48:18', 12),
	(960, 48, '2018-12-07', 'Incasso Vultura Piviere* - Novembre 2018', -136.000, 162, '2018-11-01', NULL, 25, '2018-12-07 10:48:18', '2018-12-07 10:48:18', 12),
	(961, 48, '2018-12-07', 'Incasso Vultura Piviere* - Novembre 2018', 462.000, 162, '2018-11-01', NULL, 14, '2018-12-07 10:48:18', '2018-12-07 10:48:18', 12),
	(962, 93, '2018-12-07', 'Incasso quote MIL Merlo - Ottobre 2018', -55.000, 163, '2018-10-01', NULL, 12, '2018-12-07 13:47:24', '2018-12-07 13:47:24', 12),
	(963, 93, '2018-12-07', 'Incasso quote Atenà Merlo - Ottobre 2018', -40.000, 163, '2018-10-01', NULL, 12, '2018-12-07 13:47:24', '2018-12-07 13:47:24', 12),
	(964, 93, '2018-12-07', 'Incasso Merlo - Ottobre 2018', -68.000, 163, '2018-10-01', NULL, 25, '2018-12-07 13:47:24', '2018-12-07 13:47:24', 12),
	(965, 93, '2018-12-07', 'Incasso Merlo - Ottobre 2018', -140.000, 163, '2018-10-01', NULL, 14, '2018-12-07 13:47:24', '2018-12-07 13:47:24', 12),
	(966, 93, '2018-12-07', 'Incasso quote MIL Merlo - Novembre 2018', -55.000, 163, '2018-11-01', NULL, 12, '2018-12-07 13:47:29', '2018-12-07 13:47:29', 12),
	(967, 93, '2018-12-07', 'Incasso quote Atenà Merlo - Novembre 2018', -40.000, 163, '2018-11-01', NULL, 12, '2018-12-07 13:47:29', '2018-12-07 13:47:29', 12),
	(968, 93, '2018-12-07', 'Incasso Merlo - Novembre 2018', -68.000, 163, '2018-11-01', NULL, 25, '2018-12-07 13:47:29', '2018-12-07 13:47:29', 12),
	(969, 93, '2018-12-07', 'Incasso Merlo - Novembre 2018', -140.000, 163, '2018-11-01', NULL, 14, '2018-12-07 13:47:29', '2018-12-07 13:47:29', 12),
	(970, 93, '2018-12-07', 'Incasso federale Servizi', -62.300, 163, '2018-10-01', NULL, 29, '2018-12-07 13:47:34', '2018-12-07 13:47:34', 12),
	(971, 93, '2018-12-07', 'Incasso federale Servizi', -63.300, 163, '2018-11-01', NULL, 29, '2018-12-07 13:47:38', '2018-12-07 13:47:38', 12),
	(973, 32, '2018-12-11', 'Incasso quote MIL Lavallaorò - Novembre 2018', -690.000, 18, '2018-11-01', NULL, 12, '2018-12-11 16:49:22', '2018-12-11 16:49:22', 12),
	(974, 32, '2018-12-11', 'Incasso quote Atenà Lavallaorò - Novembre 2018', -480.000, 18, '2018-11-01', NULL, 12, '2018-12-11 16:49:22', '2018-12-11 16:49:22', 12),
	(975, 32, '2018-12-11', 'Incasso rimborsi Atenà Lavallaorò - Novembre 2018 (atenari)', -1307.470, 18, '2018-11-01', NULL, 43, '2018-12-11 16:49:22', '2018-12-11 16:49:22', 12),
	(976, 32, '2018-12-11', 'Incasso Lavallaorò - Novembre 2018', 1301.770, 18, '2018-11-01', NULL, 25, '2018-12-11 16:49:22', '2018-12-11 16:49:22', 12),
	(977, 32, '2018-12-11', 'incasso Lavallaorò - Novembre 2018', 1461.000, 18, '2018-11-01', NULL, 15, '2018-12-11 16:49:22', '2018-12-11 16:49:22', 12),
	(978, 32, '2018-12-11', 'Incasso affitto Lavallaorò - Novembre 2018', -5262.000, 18, '2018-11-01', NULL, 9, '2018-12-11 16:49:22', '2018-12-11 16:49:22', 12),
	(979, 32, '2018-12-11', 'Incasso Lavallaorò - Novembre 2018', 354.460, 18, '2018-11-01', NULL, 14, '2018-12-11 16:49:22', '2018-12-11 16:49:22', 12),
	(980, 78, '2018-12-11', 'Incasso Melusine* - Novembre 2018', -163.000, 164, '2018-11-01', NULL, 25, '2018-12-11 16:59:04', '2018-12-11 16:59:04', 12),
	(981, 78, '2018-12-11', 'incasso Melusine* - Novembre 2018', 430.000, 164, '2018-11-01', NULL, 15, '2018-12-11 16:59:04', '2018-12-11 16:59:04', 12),
	(982, 78, '2018-12-11', 'Incasso Melusine* - Novembre 2018', -140.000, 164, '2018-11-01', NULL, 14, '2018-12-11 16:59:04', '2018-12-11 16:59:04', 12),
	(983, 78, '2018-12-11', 'Incasso federale Servizi', -67.800, 164, '2018-11-01', NULL, 29, '2018-12-11 16:59:12', '2018-12-11 16:59:12', 12),
	(984, 32, '2018-12-12', 'Incasso federale Fondi Pensione', -634.000, 18, '2018-11-01', NULL, 26, '2018-12-12 08:52:51', '2018-12-12 08:52:51', 12),
	(985, 86, '2018-12-13', 'Incasso quote MIL Usignolo - Novembre 2018', -55.000, 165, '2018-11-01', NULL, 12, '2018-12-13 09:04:34', '2018-12-13 09:04:34', 12),
	(986, 86, '2018-12-13', 'Incasso quote Atenà Usignolo - Novembre 2018', -40.000, 165, '2018-11-01', NULL, 12, '2018-12-13 09:04:34', '2018-12-13 09:04:34', 12),
	(987, 86, '2018-12-13', 'Incasso Usignolo - Novembre 2018', -172.000, 165, '2018-11-01', NULL, 25, '2018-12-13 09:04:34', '2018-12-13 09:04:34', 12),
	(988, 86, '2018-12-13', 'Incasso Usignolo - Novembre 2018', 610.000, 165, '2018-11-01', NULL, 14, '2018-12-13 09:04:34', '2018-12-13 09:04:34', 12),
	(989, 86, '2018-12-13', 'Incasso federale Servizi', -60.300, 165, '2018-11-01', NULL, 29, '2018-12-13 09:04:42', '2018-12-13 09:04:42', 12),
	(1034, 5, '2018-12-19', 'Incasso quote MIL Damjl  - Novembre 2018', -1230.000, 84, '2018-11-01', NULL, 12, '2018-12-19 11:35:05', '2018-12-19 11:35:05', 12),
	(1035, 5, '2018-12-19', 'Incasso quote Atenà Damjl  - Novembre 2018', -880.000, 84, '2018-11-01', NULL, 12, '2018-12-19 11:35:05', '2018-12-19 11:35:05', 12),
	(1036, 5, '2018-12-19', 'Incasso Damjl  - Novembre 2018', 1147.500, 84, '2018-11-01', NULL, 25, '2018-12-19 11:35:05', '2018-12-19 11:35:05', 12),
	(1037, 5, '2018-12-19', 'incasso Damjl  - Novembre 2018', 2012.860, 84, '2018-11-01', NULL, 15, '2018-12-19 11:35:05', '2018-12-19 11:35:05', 12),
	(1038, 5, '2018-12-19', 'Incasso affitto Damjl  - Novembre 2018', -4250.000, 84, '2018-11-01', NULL, 9, '2018-12-19 11:35:05', '2018-12-19 11:35:05', 12),
	(1039, 5, '2018-12-19', 'Incasso Damjl  - Novembre 2018', 1882.000, 84, '2018-11-01', NULL, 14, '2018-12-19 11:35:05', '2018-12-19 11:35:05', 12),
	(1040, 5, '2018-12-19', 'Incasso federale Servizi', -1357.600, 84, '2018-11-01', NULL, 29, '2018-12-19 11:35:14', '2018-12-19 11:35:14', 12),
	(1041, 5, '2018-12-19', 'Incasso federale Fondi Pensione', -755.000, 84, '2018-11-01', NULL, 26, '2018-12-19 11:39:18', '2018-12-19 11:39:18', 12),
	(1043, 28, '2018-12-19', 'Incasso quote MIL Tin - Novembre 2018', -670.000, 141, '2018-11-01', NULL, 12, '2018-12-19 11:42:31', '2018-12-19 11:42:31', 12),
	(1044, 28, '2018-12-19', 'Incasso quote Atenà Tin - Novembre 2018', -480.000, 141, '2018-11-01', NULL, 12, '2018-12-19 11:42:31', '2018-12-19 11:42:31', 12),
	(1045, 28, '2018-12-19', 'Incasso Tin - Novembre 2018', -836.000, 141, '2018-11-01', NULL, 25, '2018-12-19 11:42:31', '2018-12-19 11:42:31', 12),
	(1046, 28, '2018-12-19', 'incasso Tin - Novembre 2018', 2910.000, 141, '2018-11-01', NULL, 15, '2018-12-19 11:42:31', '2018-12-19 11:42:31', 12),
	(1047, 28, '2018-12-19', 'Incasso affitto Tin - Novembre 2018', -811.000, 141, '2018-11-01', NULL, 9, '2018-12-19 11:42:31', '2018-12-19 11:42:31', 12),
	(1048, 28, '2018-12-19', 'Incasso Tin - Novembre 2018', -1161.400, 141, '2018-11-01', NULL, 14, '2018-12-19 11:42:31', '2018-12-19 11:42:31', 12),
	(1049, 28, '2018-12-19', 'Incasso federale Servizi', -660.200, 141, '2018-11-01', NULL, 29, '2018-12-19 11:42:39', '2018-12-19 11:42:39', 12),
	(1057, 45, '2018-07-30', 'Incasso federale Servizi', -405.000, 166, '2018-02-01', NULL, 29, '2018-12-19 11:44:28', '2018-12-19 11:44:28', 12),
	(1058, 45, '2018-07-30', 'Incasso federale Servizi', -405.000, 166, '2018-03-01', NULL, 29, '2018-12-19 11:44:40', '2018-12-19 11:44:40', 12),
	(1059, 45, '2018-07-30', 'Incasso federale Servizi', -405.000, 166, '2018-04-01', NULL, 29, '2018-12-19 11:44:50', '2018-12-19 11:44:50', 12),
	(1064, 45, '2018-12-19', 'Incasso federale Servizi', -5.000, 166, '2018-10-01', NULL, 29, '2018-12-19 11:46:00', '2018-12-19 11:46:00', 12),
	(1066, 45, '2018-07-30', 'Incasso federale Servizi', -405.000, 166, '2018-05-01', NULL, 29, '2018-12-19 11:46:20', '2018-12-19 11:46:20', 12),
	(1067, 45, '2018-07-30', 'Incasso federale Servizi', -405.000, 166, '2018-06-01', NULL, 29, '2018-12-19 11:46:28', '2018-12-19 11:46:28', 12),
	(1068, 45, '2018-09-13', 'Incasso federale Servizi', -325.000, 166, '2018-08-01', NULL, 29, '2018-12-19 11:46:36', '2018-12-19 11:46:36', 12),
	(1069, 45, '2018-12-19', 'Incasso federale Servizi', -325.000, 166, '2018-09-01', NULL, 29, '2018-12-19 11:46:57', '2018-12-19 11:46:57', 12),
	(1070, 45, '2018-12-19', 'Incasso Bettum - Novembre 2018', -35.000, 166, '2018-11-01', NULL, 25, '2018-12-19 11:47:24', '2018-12-19 11:47:24', 12),
	(1071, 45, '2018-12-19', 'incasso Bettum - Novembre 2018', -15.000, 166, '2018-11-01', NULL, 15, '2018-12-19 11:47:24', '2018-12-19 11:47:24', 12),
	(1072, 45, '2018-12-19', 'Incasso federale Servizi', -85.000, 166, '2018-11-01', NULL, 29, '2018-12-19 11:47:24', '2018-12-19 11:47:24', 12),
	(1073, 45, '2018-12-19', 'Incasso Bettum - Dicembre 2018', -35.000, 166, '2018-12-01', NULL, 25, '2018-12-19 11:47:50', '2018-12-19 11:47:50', 12),
	(1074, 45, '2018-12-19', 'Incasso federale Servizi', -85.000, 166, '2018-12-01', NULL, 29, '2018-12-19 11:47:50', '2018-12-19 11:47:50', 12),
	(1075, 45, '2018-03-23', 'Incasso Bettum - Gennaio 2018', -175.000, 166, '2018-01-01', NULL, 25, '2018-12-19 11:48:38', '2018-12-19 11:48:38', 12),
	(1076, 45, '2018-03-23', 'incasso Bettum - Gennaio 2018', -75.000, 166, '2018-01-01', NULL, 15, '2018-12-19 11:48:38', '2018-12-19 11:48:38', 12),
	(1077, 45, '2018-07-30', 'Incasso federale Servizi', -805.000, 166, '2018-01-01', NULL, 29, '2018-12-19 11:48:38', '2018-12-19 11:48:38', 12),
	(1078, 30, '2018-12-20', 'Incasso quote MIL Cornucopia - Novembre 2018', -1075.000, 135, '2018-11-01', NULL, 12, '2018-12-20 08:54:48', '2018-12-20 08:54:48', 12),
	(1079, 30, '2018-12-20', 'Incasso quote Atenà Cornucopia - Novembre 2018', -760.000, 135, '2018-11-01', NULL, 12, '2018-12-20 08:54:48', '2018-12-20 08:54:48', 12),
	(1080, 30, '2018-12-20', 'Incasso rimborsi Atenà Cornucopia - Novembre 2018 (atenari)', -430.790, 135, '2018-11-01', NULL, 43, '2018-12-20 08:54:48', '2018-12-20 08:54:48', 12),
	(1081, 30, '2018-12-20', 'Incasso Cornucopia - Novembre 2018', -447.000, 135, '2018-11-01', NULL, 25, '2018-12-20 08:54:48', '2018-12-20 08:54:48', 12),
	(1082, 30, '2018-12-20', 'incasso Cornucopia - Novembre 2018', 2268.000, 135, '2018-11-01', NULL, 15, '2018-12-20 08:54:48', '2018-12-20 08:54:48', 12),
	(1083, 30, '2018-12-20', 'Incasso affitto Cornucopia - Novembre 2018', -5063.000, 135, '2018-11-01', NULL, 9, '2018-12-20 08:54:48', '2018-12-20 08:54:48', 12),
	(1084, 30, '2018-12-20', 'Incasso Cornucopia - Novembre 2018', 466.000, 135, '2018-11-01', NULL, 14, '2018-12-20 08:54:48', '2018-12-20 08:54:48', 12),
	(1085, 30, '2018-12-20', 'Incasso federale Servizi', -1283.100, 135, '2018-11-01', NULL, 29, '2018-12-20 08:56:03', '2018-12-20 08:56:03', 12),
	(1091, 80, '2018-12-20', 'Incasso quote MIL Vidracco - Porta di Vidrè - Novembre 2018', -220.000, 140, '2018-11-01', NULL, 12, '2018-12-20 14:33:03', '2018-12-20 14:33:03', 12),
	(1092, 80, '2018-12-20', 'Incasso quote Atenà Vidracco - Porta di Vidrè - Novembre 2018', -160.000, 140, '2018-11-01', NULL, 12, '2018-12-20 14:33:03', '2018-12-20 14:33:03', 12),
	(1093, 80, '2018-12-20', 'Incasso Vidracco - Porta di Vidrè - Novembre 2018', -322.880, 140, '2018-11-01', NULL, 25, '2018-12-20 14:33:03', '2018-12-20 14:33:03', 12),
	(1094, 80, '2018-12-20', 'incasso Vidracco - Porta di Vidrè - Novembre 2018', 43.140, 140, '2018-11-01', NULL, 15, '2018-12-20 14:33:03', '2018-12-20 14:33:03', 12),
	(1095, 80, '2018-12-20', 'Incasso Vidracco - Porta di Vidrè - Novembre 2018', -240.000, 140, '2018-11-01', NULL, 14, '2018-12-20 14:33:03', '2018-12-20 14:33:03', 12),
	(1096, 44, '2018-12-20', 'Incasso quote MIL Semil - Novembre 2018', -670.000, 142, '2018-11-01', NULL, 12, '2018-12-20 14:43:10', '2018-12-20 14:43:10', 12),
	(1097, 44, '2018-12-20', 'Incasso quote Atenà Semil - Novembre 2018', -480.000, 142, '2018-11-01', NULL, 12, '2018-12-20 14:43:10', '2018-12-20 14:43:10', 12),
	(1098, 44, '2018-12-20', 'Incasso Semil - Novembre 2018', -1068.000, 142, '2018-11-01', NULL, 25, '2018-12-20 14:43:10', '2018-12-20 14:43:10', 12),
	(1099, 44, '2018-12-20', 'incasso Semil - Novembre 2018', 899.000, 142, '2018-11-01', NULL, 15, '2018-12-20 14:43:10', '2018-12-20 14:43:10', 12),
	(1100, 44, '2018-12-20', 'Incasso affitto Semil - Novembre 2018', -700.000, 142, '2018-11-01', NULL, 9, '2018-12-20 14:43:10', '2018-12-20 14:43:10', 12),
	(1101, 44, '2018-12-20', 'Incasso Semil - Novembre 2018', -1130.000, 142, '2018-11-01', NULL, 14, '2018-12-20 14:43:10', '2018-12-20 14:43:10', 12),
	(1102, 44, '2018-12-20', 'Incasso federale Servizi', -729.100, 142, '2018-11-01', NULL, 29, '2018-12-20 14:43:18', '2018-12-20 14:43:18', 12),
	(1103, 44, '2018-12-20', 'Incasso federale Fondi Pensione', -754.000, 142, '2018-11-01', NULL, 26, '2018-12-20 14:44:26', '2018-12-20 14:44:26', 12),
	(1110, 31, '2018-12-06', 'Incasso quote MIL Atenà  - Luglio 2018', -780.000, 145, '2018-07-01', NULL, 12, '2018-12-20 15:59:08', '2018-12-20 15:59:08', 12),
	(1111, 31, '2018-11-27', 'Incasso quote Atenà Atenà  - Luglio 2018', -560.000, 145, '2018-07-01', NULL, 12, '2018-12-20 15:59:08', '2018-12-20 15:59:08', 12),
	(1112, 31, '2018-10-31', 'Incasso Atenà  - Luglio 2018', -952.000, 145, '2018-07-01', NULL, 25, '2018-12-20 15:59:08', '2018-12-20 15:59:08', 12),
	(1113, 31, '2018-11-27', 'incasso Atenà  - Luglio 2018', 2240.000, 145, '2018-07-01', NULL, 15, '2018-12-20 15:59:08', '2018-12-20 15:59:08', 12),
	(1114, 31, '2018-12-20', 'Incasso affitto Atenà  - Luglio 2018', -2373.980, 145, '2018-07-01', NULL, 9, '2018-12-20 15:59:08', '2018-12-20 15:59:08', 12),
	(1115, 31, '2018-10-31', 'Incasso Atenà  - Luglio 2018', 1697.560, 145, '2018-07-01', NULL, 14, '2018-12-20 15:59:08', '2018-12-20 15:59:08', 12),
	(1116, 31, '2018-12-20', 'Incasso quote MIL Atenà  - Agosto 2018', -780.000, 145, '2018-08-01', NULL, 12, '2018-12-20 15:59:15', '2018-12-20 15:59:15', 12),
	(1117, 31, '2018-11-27', 'Incasso quote Atenà Atenà  - Agosto 2018', -560.000, 145, '2018-08-01', NULL, 12, '2018-12-20 15:59:15', '2018-12-20 15:59:15', 12),
	(1118, 31, '2018-10-31', 'Incasso Atenà  - Agosto 2018', -952.000, 145, '2018-08-01', NULL, 25, '2018-12-20 15:59:15', '2018-12-20 15:59:15', 12),
	(1119, 31, '2018-12-20', 'incasso Atenà  - Agosto 2018', 5283.060, 145, '2018-08-01', NULL, 15, '2018-12-20 15:59:15', '2018-12-20 15:59:15', 12),
	(1120, 31, '2018-12-20', 'Incasso affitto Atenà  - Agosto 2018', -2373.980, 145, '2018-08-01', NULL, 9, '2018-12-20 15:59:15', '2018-12-20 15:59:15', 12),
	(1121, 31, '2018-10-31', 'Incasso Atenà  - Agosto 2018', 1178.440, 145, '2018-08-01', NULL, 14, '2018-12-20 15:59:15', '2018-12-20 15:59:15', 12),
	(1122, 31, '2018-12-20', 'Incasso quote MIL Atenà  - Settembre 2018', -780.000, 145, '2018-09-01', NULL, 12, '2018-12-20 15:59:23', '2018-12-20 15:59:23', 12),
	(1123, 31, '2018-11-27', 'Incasso quote Atenà Atenà  - Settembre 2018', -560.000, 145, '2018-09-01', NULL, 12, '2018-12-20 15:59:23', '2018-12-20 15:59:23', 12),
	(1124, 31, '2018-10-31', 'Incasso Atenà  - Settembre 2018', -972.000, 145, '2018-09-01', NULL, 25, '2018-12-20 15:59:24', '2018-12-20 15:59:24', 12),
	(1125, 31, '2018-12-20', 'incasso Atenà  - Settembre 2018', 4419.060, 145, '2018-09-01', NULL, 15, '2018-12-20 15:59:24', '2018-12-20 15:59:24', 12),
	(1126, 31, '2018-12-20', 'Incasso affitto Atenà  - Settembre 2018', -2373.980, 145, '2018-09-01', NULL, 9, '2018-12-20 15:59:24', '2018-12-20 15:59:24', 12),
	(1127, 31, '2018-11-24', 'Incasso Atenà  - Settembre 2018', 765.680, 145, '2018-09-01', NULL, 14, '2018-12-20 15:59:24', '2018-12-20 15:59:24', 12),
	(1128, 31, '2018-12-20', 'Incasso quote MIL Atenà  - Ottobre 2018', -780.000, 145, '2018-10-01', NULL, 12, '2018-12-20 15:59:30', '2018-12-20 15:59:30', 12),
	(1129, 31, '2018-11-27', 'Incasso quote Atenà Atenà  - Ottobre 2018', -560.000, 145, '2018-10-01', NULL, 12, '2018-12-20 15:59:30', '2018-12-20 15:59:30', 12),
	(1130, 31, '2018-11-24', 'Incasso Atenà  - Ottobre 2018', -972.000, 145, '2018-10-01', NULL, 25, '2018-12-20 15:59:30', '2018-12-20 15:59:30', 12),
	(1131, 31, '2018-12-20', 'incasso Atenà  - Ottobre 2018', 4419.060, 145, '2018-10-01', NULL, 15, '2018-12-20 15:59:30', '2018-12-20 15:59:30', 12),
	(1132, 31, '2018-12-20', 'Incasso affitto Atenà  - Ottobre 2018', -2373.990, 145, '2018-10-01', NULL, 9, '2018-12-20 15:59:30', '2018-12-20 15:59:30', 12),
	(1133, 31, '2018-12-06', 'Incasso Atenà  - Ottobre 2018', 1097.420, 145, '2018-10-01', NULL, 14, '2018-12-20 15:59:30', '2018-12-20 15:59:30', 12),
	(1134, 31, '2018-12-20', 'Incasso quote MIL Atenà  - Novembre 2018', -780.000, 145, '2018-11-01', NULL, 12, '2018-12-20 15:59:37', '2018-12-20 15:59:37', 12),
	(1135, 31, '2018-12-20', 'Incasso quote Atenà Atenà  - Novembre 2018', -560.000, 145, '2018-11-01', NULL, 12, '2018-12-20 15:59:37', '2018-12-20 15:59:37', 12),
	(1136, 31, '2018-12-20', 'Incasso Atenà  - Novembre 2018', -1017.500, 145, '2018-11-01', NULL, 25, '2018-12-20 15:59:37', '2018-12-20 15:59:37', 12),
	(1137, 31, '2018-12-20', 'incasso Atenà  - Novembre 2018', 2363.030, 145, '2018-11-01', NULL, 15, '2018-12-20 15:59:37', '2018-12-20 15:59:37', 12),
	(1138, 31, '2018-12-20', 'Incasso affitto Atenà  - Novembre 2018', -2373.990, 145, '2018-11-01', NULL, 9, '2018-12-20 15:59:37', '2018-12-20 15:59:37', 12),
	(1139, 31, '2018-12-20', 'Incasso Atenà  - Novembre 2018', 1217.560, 145, '2018-11-01', NULL, 14, '2018-12-20 15:59:37', '2018-12-20 15:59:37', 12),
	(1140, 45, '2018-07-30', 'Incasso federale Servizi', -405.000, 166, '2018-07-01', NULL, 29, '2018-12-20 16:49:04', '2018-12-20 16:49:04', 12),
	(1187, 30, '2018-12-28', 'Incasso federale Fondi Pensione', -511.000, 135, '2018-11-01', NULL, 26, '2018-12-28 08:28:36', '2018-12-28 08:28:36', 12),
	(1203, 43, '2018-12-28', 'Incasso federale Fondi Pensione', -188.600, 136, '2018-10-01', NULL, 26, '2018-12-28 10:51:24', '2018-12-28 10:51:24', 12),
	(1207, 3, '2018-12-28', 'Incasso quote MIL Tiglio - Ottobre 2018', -645.000, 1, '2018-10-01', NULL, 12, '2018-12-28 10:58:51', '2018-12-28 10:58:51', 12),
	(1208, 3, '2018-12-28', 'Incasso quote Atenà Tiglio - Ottobre 2018', -440.000, 1, '2018-10-01', NULL, 12, '2018-12-28 10:58:51', '2018-12-28 10:58:51', 12),
	(1209, 3, '2018-12-28', 'Incasso rimborsi Atenà Tiglio - Ottobre 2018 (atenari)', -116.080, 1, '2018-10-01', NULL, 43, '2018-12-28 10:58:51', '2018-12-28 10:58:51', 12),
	(1210, 3, '2018-12-28', 'Incasso Tiglio - Ottobre 2018', 406.400, 1, '2018-10-01', NULL, 25, '2018-12-28 10:58:51', '2018-12-28 10:58:51', 12),
	(1211, 3, '2018-12-28', 'incasso Tiglio - Ottobre 2018', 1366.680, 1, '2018-10-01', NULL, 15, '2018-12-28 10:58:51', '2018-12-28 10:58:51', 12),
	(1212, 3, '2018-12-28', 'Incasso affitto Tiglio - Ottobre 2018', -1745.000, 1, '2018-10-01', NULL, 9, '2018-12-28 10:58:51', '2018-12-28 10:58:51', 12),
	(1213, 3, '2018-12-28', 'Incasso Tiglio - Ottobre 2018', -280.000, 1, '2018-10-01', NULL, 14, '2018-12-28 10:58:51', '2018-12-28 10:58:51', 12),
	(1214, 3, '2018-12-28', 'Incasso federale Servizi', -670.000, 1, '2018-10-01', NULL, 29, '2018-12-28 10:58:59', '2018-12-28 10:58:59', 12),
	(1215, 26, '2018-12-28', 'Incasso federale Fondi Pensione', -598.000, 149, '2018-07-01', NULL, 26, '2018-12-28 12:29:44', '2018-12-28 12:29:44', 12),
	(1217, 26, '2018-12-28', 'Incasso federale Fondi Pensione', -431.000, 149, '2018-10-01', NULL, 26, '2018-12-28 12:30:00', '2018-12-28 12:30:00', 12),
	(1218, 26, '2018-12-28', 'Incasso federale Fondi Pensione', -431.000, 149, '2018-09-01', NULL, 26, '2018-12-28 12:30:07', '2018-12-28 12:30:07', 12),
	(1219, 26, '2018-12-28', 'Incasso federale Fondi Pensione', -598.000, 149, '2018-08-01', NULL, 26, '2018-12-28 12:30:13', '2018-12-28 12:30:13', 12),
	(1221, 3, '2018-12-28', 'Incasso federale Fondi Pensione', -178.640, 1, '2018-10-01', NULL, 26, '2018-12-28 13:02:06', '2018-12-28 13:02:06', 12),
	(1223, 25, '2018-12-21', 'Incasso quote MIL Casa del Lago (CdL) - Novembre 2018', -385.000, 147, '2018-11-01', NULL, 12, '2018-12-28 13:21:48', '2018-12-28 13:21:48', 12),
	(1224, 25, '2018-12-21', 'Incasso quote Atenà Casa del Lago (CdL) - Novembre 2018', -280.000, 147, '2018-11-01', NULL, 12, '2018-12-28 13:21:48', '2018-12-28 13:21:48', 12),
	(1225, 25, '2018-12-21', 'Incasso rimborsi Atenà Casa del Lago (CdL) - Novembre 2018 (atenari)', -266.800, 147, '2018-11-01', NULL, 43, '2018-12-28 13:21:48', '2018-12-28 13:21:48', 12),
	(1226, 25, '2018-12-21', 'Incasso Casa del Lago (CdL) - Novembre 2018', 27.530, 147, '2018-11-01', NULL, 25, '2018-12-28 13:21:48', '2018-12-28 13:21:48', 12),
	(1227, 25, '2018-12-28', 'incasso Casa del Lago (CdL) - Novembre 2018', 400.000, 147, '2018-11-01', NULL, 15, '2018-12-28 13:21:48', '2018-12-28 13:21:48', 12),
	(1228, 25, '2018-12-28', 'Incasso affitto Casa del Lago (CdL) - Novembre 2018', -956.000, 147, '2018-11-01', NULL, 9, '2018-12-28 13:21:48', '2018-12-28 13:21:48', 12),
	(1229, 25, '2018-12-28', 'Incasso Casa del Lago (CdL) - Novembre 2018', -230.000, 147, '2018-11-01', NULL, 14, '2018-12-28 13:21:48', '2018-12-28 13:21:48', 12),
	(1230, 4, '2018-12-21', 'Incasso quote MIL Dendera - Novembre 2018', -725.000, 148, '2018-11-01', NULL, 12, '2018-12-28 13:22:18', '2018-12-28 13:22:18', 12),
	(1231, 4, '2018-12-21', 'Incasso quote Atenà Dendera - Novembre 2018', -520.000, 148, '2018-11-01', NULL, 12, '2018-12-28 13:22:18', '2018-12-28 13:22:18', 12),
	(1232, 4, '2018-12-21', 'Incasso Dendera - Novembre 2018', -884.000, 148, '2018-11-01', NULL, 25, '2018-12-28 13:22:18', '2018-12-28 13:22:18', 12),
	(1233, 4, '2018-12-28', 'incasso Dendera - Novembre 2018', 3651.090, 148, '2018-11-01', NULL, 15, '2018-12-28 13:22:18', '2018-12-28 13:22:18', 12),
	(1234, 4, '2018-12-28', 'Incasso affitto Dendera - Novembre 2018', -3291.000, 148, '2018-11-01', NULL, 9, '2018-12-28 13:22:18', '2018-12-28 13:22:18', 12),
	(1235, 4, '2018-12-28', 'Incasso Dendera - Novembre 2018', 855.860, 148, '2018-11-01', NULL, 14, '2018-12-28 13:22:18', '2018-12-28 13:22:18', 12),
	(1236, 4, '2018-12-28', 'Incasso federale Servizi', -834.100, 148, '2018-11-01', NULL, 29, '2018-12-28 13:22:26', '2018-12-28 13:22:26', 12),
	(1238, 26, '2018-12-21', 'Incasso quote MIL Magilla - Novembre 2018', -1130.000, 149, '2018-11-01', NULL, 12, '2018-12-28 13:23:05', '2018-12-28 13:23:05', 12),
	(1239, 26, '2018-12-21', 'Incasso quote Atenà Magilla - Novembre 2018', -800.000, 149, '2018-11-01', NULL, 12, '2018-12-28 13:23:05', '2018-12-28 13:23:05', 12),
	(1240, 26, '2018-12-21', 'Incasso rimborsi Atenà Magilla - Novembre 2018 (atenari)', -719.420, 149, '2018-11-01', NULL, 43, '2018-12-28 13:23:05', '2018-12-28 13:23:05', 12),
	(1241, 26, '2018-12-21', 'Incasso Magilla - Novembre 2018', -188.500, 149, '2018-11-01', NULL, 25, '2018-12-28 13:23:05', '2018-12-28 13:23:05', 12),
	(1242, 26, '2018-12-28', 'incasso Magilla - Novembre 2018', 1329.740, 149, '2018-11-01', NULL, 15, '2018-12-28 13:23:05', '2018-12-28 13:23:05', 12),
	(1243, 26, '2018-12-28', 'Incasso affitto Magilla - Novembre 2018', -2927.000, 149, '2018-11-01', NULL, 9, '2018-12-28 13:23:05', '2018-12-28 13:23:05', 12),
	(1244, 26, '2018-12-28', 'Incasso Magilla - Novembre 2018', -805.000, 149, '2018-11-01', NULL, 14, '2018-12-28 13:23:05', '2018-12-28 13:23:05', 12),
	(1246, 27, '2018-12-21', 'Incasso quote MIL Porta della Luna (PdL) - Novembre 2018', -1110.000, 73, '2018-11-01', NULL, 12, '2018-12-28 13:23:30', '2018-12-28 13:23:30', 12),
	(1247, 27, '2018-12-21', 'Incasso quote Atenà Porta della Luna (PdL) - Novembre 2018', -800.000, 73, '2018-11-01', NULL, 12, '2018-12-28 13:23:30', '2018-12-28 13:23:30', 12),
	(1248, 27, '2018-12-21', 'Incasso rimborsi Atenà Porta della Luna (PdL) - Novembre 2018 (atenari)', -248.240, 73, '2018-11-01', NULL, 43, '2018-12-28 13:23:30', '2018-12-28 13:23:30', 12),
	(1249, 27, '2018-12-21', 'Incasso Porta della Luna (PdL) - Novembre 2018', -388.400, 73, '2018-11-01', NULL, 25, '2018-12-28 13:23:30', '2018-12-28 13:23:30', 12),
	(1250, 27, '2018-12-28', 'incasso Porta della Luna (PdL) - Novembre 2018', 2012.000, 73, '2018-11-01', NULL, 15, '2018-12-28 13:23:30', '2018-12-28 13:23:30', 12),
	(1251, 27, '2018-12-28', 'Incasso affitto Porta della Luna (PdL) - Novembre 2018', -4589.000, 73, '2018-11-01', NULL, 9, '2018-12-28 13:23:30', '2018-12-28 13:23:30', 12),
	(1252, 27, '2018-12-28', 'Incasso Porta della Luna (PdL) - Novembre 2018', 1883.350, 73, '2018-11-01', NULL, 14, '2018-12-28 13:23:30', '2018-12-28 13:23:30', 12),
	(1253, 1, '2018-12-31', 'Incasso quote MIL Sorgente - Novembre 2018', -690.000, 133, '2018-11-01', NULL, 12, '2018-12-31 09:10:34', '2018-12-31 09:10:34', 12),
	(1254, 1, '2018-12-31', 'Incasso quote Atenà Sorgente - Novembre 2018', -480.000, 133, '2018-11-01', NULL, 12, '2018-12-31 09:10:34', '2018-12-31 09:10:34', 12),
	(1255, 1, '2018-12-31', 'Incasso rimborsi Atenà Sorgente - Novembre 2018 (atenari)', -710.080, 133, '2018-11-01', NULL, 43, '2018-12-31 09:10:34', '2018-12-31 09:10:34', 12),
	(1256, 1, '2018-12-31', 'Incasso Sorgente - Novembre 2018', -1616.500, 133, '2018-11-01', NULL, 25, '2018-12-31 09:10:34', '2018-12-31 09:10:34', 12),
	(1257, 1, '2018-12-31', 'incasso Sorgente - Novembre 2018', 3564.100, 133, '2018-11-01', NULL, 15, '2018-12-31 09:10:35', '2018-12-31 09:10:35', 12),
	(1258, 1, '2018-12-31', 'Incasso affitto Sorgente - Novembre 2018', -2494.000, 133, '2018-11-01', NULL, 9, '2018-12-31 09:10:35', '2018-12-31 09:10:35', 12),
	(1259, 1, '2018-12-31', 'Incasso Sorgente - Novembre 2018', -610.000, 133, '2018-11-01', NULL, 14, '2018-12-31 09:10:35', '2018-12-31 09:10:35', 12),
	(1260, 1, '2018-12-31', 'Incasso federale Servizi', -735.300, 133, '2018-11-01', NULL, 29, '2018-12-31 09:10:45', '2018-12-31 09:10:45', 12),
	(1261, 16, '2018-12-17', 'Incasso quote MIL Pejda - Novembre 2018', -1070.000, 12, '2018-11-01', NULL, 12, '2018-12-31 09:13:09', '2018-12-31 09:13:09', 12),
	(1262, 16, '2018-12-17', 'Incasso quote Atenà Pejda - Novembre 2018', -720.000, 12, '2018-11-01', NULL, 12, '2018-12-31 09:13:09', '2018-12-31 09:13:09', 12),
	(1263, 16, '2018-12-31', 'Incasso Pejda - Novembre 2018', -1235.490, 12, '2018-11-01', NULL, 25, '2018-12-31 09:13:09', '2018-12-31 09:13:09', 12),
	(1264, 16, '2018-12-28', 'incasso Pejda - Novembre 2018', 1172.040, 12, '2018-11-01', NULL, 15, '2018-12-31 09:13:09', '2018-12-31 09:13:09', 12),
	(1265, 16, '2018-12-28', 'Incasso affitto Pejda - Novembre 2018', -4910.990, 12, '2018-11-01', NULL, 9, '2018-12-31 09:13:09', '2018-12-31 09:13:09', 12),
	(1266, 16, '2018-12-17', 'Incasso Pejda - Novembre 2018', -540.000, 12, '2018-11-01', NULL, 14, '2018-12-31 09:13:09', '2018-12-31 09:13:09', 12),
	(1267, 1, '2018-12-31', 'Incasso federale Fondi Pensione', -551.000, 133, '2018-11-01', NULL, 26, '2018-12-31 09:18:57', '2018-12-31 09:18:57', 12),
	(1270, 12, '2018-12-31', 'Incasso quote MIL Tijal - Novembre 2018', -820.000, 143, '2018-11-01', NULL, 12, '2018-12-31 09:26:48', '2018-12-31 09:26:48', 12),
	(1271, 12, '2018-12-31', 'Incasso quote Atenà Tijal - Novembre 2018', -560.000, 143, '2018-11-01', NULL, 12, '2018-12-31 09:26:48', '2018-12-31 09:26:48', 12),
	(1272, 12, '2018-12-31', 'Incasso rimborsi Atenà Tijal - Novembre 2018 (atenari)', -666.060, 143, '2018-11-01', NULL, 43, '2018-12-31 09:26:48', '2018-12-31 09:26:48', 12),
	(1273, 12, '2018-12-31', 'Incasso Tijal - Novembre 2018', -699.000, 143, '2018-11-01', NULL, 25, '2018-12-31 09:26:48', '2018-12-31 09:26:48', 12),
	(1274, 12, '2018-12-31', 'incasso Tijal - Novembre 2018', 1476.000, 143, '2018-11-01', NULL, 15, '2018-12-31 09:26:48', '2018-12-31 09:26:48', 12),
	(1275, 12, '2018-12-31', 'Incasso affitto Tijal - Novembre 2018', -1899.000, 143, '2018-11-01', NULL, 9, '2018-12-31 09:26:48', '2018-12-31 09:26:48', 12),
	(1276, 12, '2018-12-31', 'Incasso Tijal - Novembre 2018', -147.000, 143, '2018-11-01', NULL, 14, '2018-12-31 09:26:48', '2018-12-31 09:26:48', 12),
	(1277, 34, '2018-12-31', 'Incasso quote MIL Milte - Novembre 2018', -50.000, 138, '2018-11-01', NULL, 12, '2018-12-31 14:24:28', '2018-12-31 14:24:28', 12),
	(1278, 34, '2018-12-31', 'incasso Milte - Novembre 2018', -600.000, 138, '2018-11-01', NULL, 15, '2018-12-31 14:24:28', '2018-12-31 14:24:28', 12),
	(1279, 34, '2018-12-31', 'Incasso Milte - Novembre 2018', 1500.000, 138, '2018-11-01', NULL, 14, '2018-12-31 14:24:28', '2018-12-31 14:24:28', 12),
	(1281, 13, '2019-01-01', 'Incasso quote MIL Cibele - Ottobre 2018', -440.000, 151, '2018-10-01', NULL, 12, '2019-01-01 15:41:25', '2019-01-01 15:41:25', 12),
	(1282, 13, '2019-01-01', 'Incasso quote Atenà Cibele - Ottobre 2018', -320.000, 151, '2018-10-01', NULL, 12, '2019-01-01 15:41:25', '2019-01-01 15:41:25', 12),
	(1283, 13, '2018-11-26', 'Incasso Cibele - Ottobre 2018', -614.000, 151, '2018-10-01', NULL, 25, '2019-01-01 15:41:25', '2019-01-01 15:41:25', 12),
	(1284, 13, '2018-11-26', 'incasso Cibele - Ottobre 2018', 760.000, 151, '2018-10-01', NULL, 15, '2019-01-01 15:41:25', '2019-01-01 15:41:25', 12),
	(1285, 13, '2018-11-26', 'Incasso affitto Cibele - Ottobre 2018', -1045.000, 151, '2018-10-01', NULL, 9, '2019-01-01 15:41:25', '2019-01-01 15:41:25', 12),
	(1286, 13, '2018-11-26', 'Incasso Cibele - Ottobre 2018', -252.100, 151, '2018-10-01', NULL, 14, '2019-01-01 15:41:25', '2019-01-01 15:41:25', 12),
	(1287, 13, '2019-01-01', 'Incasso federale Servizi', -532.100, 151, '2018-10-01', NULL, 29, '2019-01-01 15:42:33', '2019-01-01 15:42:33', 12),
	(1289, 13, '2019-01-01', 'Incasso quote MIL Cibele - Novembre 2018', -440.000, 151, '2018-11-01', NULL, 12, '2019-01-01 15:45:43', '2019-01-01 15:45:43', 12),
	(1290, 13, '2019-01-01', 'Incasso quote Atenà Cibele - Novembre 2018', -320.000, 151, '2018-11-01', NULL, 12, '2019-01-01 15:45:43', '2019-01-01 15:45:43', 12),
	(1291, 13, '2019-01-01', 'Incasso Cibele - Novembre 2018', -529.370, 151, '2018-11-01', NULL, 25, '2019-01-01 15:45:43', '2019-01-01 15:45:43', 12),
	(1292, 13, '2019-01-01', 'incasso Cibele - Novembre 2018', 700.000, 151, '2018-11-01', NULL, 15, '2019-01-01 15:45:43', '2019-01-01 15:45:43', 12),
	(1293, 13, '2019-01-01', 'Incasso affitto Cibele - Novembre 2018', -1045.000, 151, '2018-11-01', NULL, 9, '2019-01-01 15:45:43', '2019-01-01 15:45:43', 12),
	(1294, 13, '2019-01-01', 'Incasso Cibele - Novembre 2018', -404.000, 151, '2018-11-01', NULL, 14, '2019-01-01 15:45:43', '2019-01-01 15:45:43', 12),
	(1295, 43, '2019-01-01', 'Incasso quote MIL Alteco - Novembre 2018', -550.000, 136, '2018-11-01', NULL, 12, '2019-01-01 16:49:08', '2019-01-01 16:49:08', 12),
	(1296, 43, '2019-01-01', 'Incasso rimborsi MIL Alteco - Novembre 2018 (milri)', -63.830, 136, '2018-11-01', NULL, 43, '2019-01-01 16:49:08', '2019-01-01 16:49:08', 12),
	(1297, 43, '2018-12-28', 'Incasso quote Atenà Alteco - Novembre 2018', -400.000, 136, '2018-11-01', NULL, 12, '2019-01-01 16:49:08', '2019-01-01 16:49:08', 12),
	(1298, 43, '2018-12-28', 'Incasso Alteco - Novembre 2018', -710.000, 136, '2018-11-01', NULL, 25, '2019-01-01 16:49:08', '2019-01-01 16:49:08', 12),
	(1299, 43, '2018-12-28', 'incasso Alteco - Novembre 2018', 1880.000, 136, '2018-11-01', NULL, 15, '2019-01-01 16:49:08', '2019-01-01 16:49:08', 12),
	(1300, 43, '2018-12-28', 'Incasso affitto Alteco - Novembre 2018', -1524.190, 136, '2018-11-01', NULL, 9, '2019-01-01 16:49:08', '2019-01-01 16:49:08', 12),
	(1301, 43, '2018-12-28', 'Incasso Alteco - Novembre 2018', -111.000, 136, '2018-11-01', NULL, 14, '2019-01-01 16:49:08', '2019-01-01 16:49:08', 12),
	(1309, 10, '2018-11-22', 'Incasso quote MIL Porta della Terra (PdT) - Ottobre 2018', -1195.000, 137, '2018-10-01', NULL, 12, '2019-01-02 08:55:15', '2019-01-02 08:55:15', 12),
	(1310, 10, '2018-11-22', 'Incasso rimborsi MIL Porta della Terra (PdT) - Ottobre 2018 (milri)', -417.880, 137, '2018-10-01', NULL, 43, '2019-01-02 08:55:15', '2019-01-02 08:55:15', 12),
	(1311, 10, '2018-11-22', 'Incasso quote Atenà Porta della Terra (PdT) - Ottobre 2018', -840.000, 137, '2018-10-01', NULL, 12, '2019-01-02 08:55:15', '2019-01-02 08:55:15', 12),
	(1312, 10, '2018-11-22', 'Incasso Porta della Terra (PdT) - Ottobre 2018', -1548.000, 137, '2018-10-01', NULL, 25, '2019-01-02 08:55:15', '2019-01-02 08:55:15', 12),
	(1313, 10, '2018-11-22', 'incasso Porta della Terra (PdT) - Ottobre 2018', 4419.640, 137, '2018-10-01', NULL, 15, '2019-01-02 08:55:15', '2019-01-02 08:55:15', 12),
	(1314, 10, '2018-11-22', 'Incasso affitto Porta della Terra (PdT) - Ottobre 2018', -5310.140, 137, '2018-10-01', NULL, 9, '2019-01-02 08:55:15', '2019-01-02 08:55:15', 12),
	(1315, 10, '2018-11-22', 'Incasso Porta della Terra (PdT) - Ottobre 2018', -459.920, 137, '2018-10-01', NULL, 14, '2019-01-02 08:55:15', '2019-01-02 08:55:15', 12),
	(1400, 59, '2019-01-02', 'incasso X-DAMJL MANTIDE - Ottobre 2018', -91.260, 167, '2018-10-01', NULL, 15, '2019-01-02 09:14:00', '2019-01-02 09:14:00', 12),
	(1401, 59, '2019-01-02', 'incasso X-DAMJL MANTIDE - Novembre 2018', -91.260, 167, '2018-11-01', NULL, 15, '2019-01-02 09:14:03', '2019-01-02 09:14:03', 12),
	(1402, 60, '2019-01-02', 'incasso X-DAMJL TROVATUTTO - Febbraio 2018', -90.000, 168, '2018-02-01', NULL, 15, '2019-01-02 09:25:04', '2019-01-02 09:25:04', 12),
	(1403, 60, '2019-01-02', 'incasso X-DAMJL TROVATUTTO - Marzo 2018', -45.000, 168, '2018-03-01', NULL, 15, '2019-01-02 09:25:13', '2019-01-02 09:25:13', 12),
	(1404, 60, '2019-01-02', 'incasso X-DAMJL TROVATUTTO - Aprile 2018', -45.000, 168, '2018-04-01', NULL, 15, '2019-01-02 09:25:19', '2019-01-02 09:25:19', 12),
	(1405, 60, '2019-01-02', 'incasso X-DAMJL TROVATUTTO - Maggio 2018', -45.000, 168, '2018-05-01', NULL, 15, '2019-01-02 09:25:28', '2019-01-02 09:25:28', 12),
	(1406, 60, '2019-01-02', 'incasso X-DAMJL TROVATUTTO - Giugno 2018', -45.000, 168, '2018-06-01', NULL, 15, '2019-01-02 09:25:45', '2019-01-02 09:25:45', 12),
	(1407, 60, '2019-01-02', 'incasso X-DAMJL TROVATUTTO - Luglio 2018', -45.000, 168, '2018-07-01', NULL, 15, '2019-01-02 09:25:54', '2019-01-02 09:25:54', 12),
	(1408, 60, '2019-01-02', 'incasso X-DAMJL TROVATUTTO - Agosto 2018', -45.000, 168, '2018-08-01', NULL, 15, '2019-01-02 09:26:07', '2019-01-02 09:26:07', 12),
	(1409, 60, '2019-01-02', 'incasso X-DAMJL TROVATUTTO - Settembre 2018', -45.000, 168, '2018-09-01', NULL, 15, '2019-01-02 09:26:19', '2019-01-02 09:26:19', 12),
	(1410, 60, '2019-01-02', 'incasso X-DAMJL TROVATUTTO - Ottobre 2018', -45.000, 168, '2018-10-01', NULL, 15, '2019-01-02 09:29:11', '2019-01-02 09:29:11', 12),
	(1411, 60, '2019-01-02', 'incasso X-DAMJL TROVATUTTO - Novembre 2018', -45.000, 168, '2018-11-01', NULL, 15, '2019-01-02 09:29:27', '2019-01-02 09:29:27', 12),
	(1412, 60, '2019-01-02', 'incasso X-DAMJL TROVATUTTO - Dicembre 2018', -45.000, 168, '2018-12-01', NULL, 15, '2019-01-02 09:35:23', '2019-01-02 09:35:23', 12),
	(1413, 61, '2019-01-02', 'incasso X-DAMJL GDV - Novembre 2018', -202.470, 169, '2018-11-01', NULL, 15, '2019-01-02 10:12:44', '2019-01-02 10:12:44', 12),
	(1414, 6, '2018-09-17', 'Incasso quote MIL Venta - Agosto 2018', -525.000, 156, '2018-08-01', NULL, 12, '2019-01-02 11:14:10', '2019-01-02 11:14:10', 12),
	(1415, 6, '2018-09-17', 'Incasso quote Atenà Venta - Agosto 2018', -360.000, 156, '2018-08-01', NULL, 12, '2019-01-02 11:14:10', '2019-01-02 11:14:10', 12),
	(1416, 6, '2018-09-17', 'Incasso rimborsi Atenà Venta - Agosto 2018 (atenari)', -95.040, 156, '2018-08-01', NULL, 43, '2019-01-02 11:14:10', '2019-01-02 11:14:10', 12),
	(1417, 6, '2018-09-17', 'Incasso Venta - Agosto 2018', -32.960, 156, '2018-08-01', NULL, 25, '2019-01-02 11:14:10', '2019-01-02 11:14:10', 12),
	(1418, 6, '2019-01-02', 'incasso Venta - Agosto 2018', 1643.160, 156, '2018-08-01', NULL, 15, '2019-01-02 11:14:10', '2019-01-02 11:14:10', 12),
	(1419, 6, '2019-01-02', 'Incasso affitto Venta - Agosto 2018', -1978.020, 156, '2018-08-01', NULL, 9, '2019-01-02 11:14:10', '2019-01-02 11:14:10', 12),
	(1420, 6, '2018-09-17', 'Incasso Venta - Agosto 2018', 113.000, 156, '2018-08-01', NULL, 14, '2019-01-02 11:14:10', '2019-01-02 11:14:10', 12),
	(1421, 6, '2018-10-30', 'Incasso quote MIL Venta - Settembre 2018', -525.000, 156, '2018-09-01', NULL, 12, '2019-01-02 11:14:17', '2019-01-02 11:14:17', 12),
	(1422, 6, '2018-10-30', 'Incasso quote Atenà Venta - Settembre 2018', -360.000, 156, '2018-09-01', NULL, 12, '2019-01-02 11:14:17', '2019-01-02 11:14:17', 12),
	(1423, 6, '2018-10-30', 'Incasso rimborsi Atenà Venta - Settembre 2018 (atenari)', -70.200, 156, '2018-09-01', NULL, 43, '2019-01-02 11:14:17', '2019-01-02 11:14:17', 12),
	(1424, 6, '2018-10-30', 'Incasso Venta - Settembre 2018', -662.000, 156, '2018-09-01', NULL, 25, '2019-01-02 11:14:17', '2019-01-02 11:14:17', 12),
	(1425, 6, '2019-01-02', 'incasso Venta - Settembre 2018', 1643.160, 156, '2018-09-01', NULL, 15, '2019-01-02 11:14:17', '2019-01-02 11:14:17', 12),
	(1426, 6, '2019-01-02', 'Incasso affitto Venta - Settembre 2018', -1978.020, 156, '2018-09-01', NULL, 9, '2019-01-02 11:14:17', '2019-01-02 11:14:17', 12),
	(1427, 6, '2018-10-30', 'Incasso Venta - Settembre 2018', 113.000, 156, '2018-09-01', NULL, 14, '2019-01-02 11:14:17', '2019-01-02 11:14:17', 12),
	(1428, 10, '2019-01-02', 'Incasso federale Fondi Pensione', -173.000, 137, '2018-09-01', NULL, 26, '2019-01-02 11:33:32', '2019-01-02 11:33:32', 12),
	(1430, 21, '2018-12-20', 'Incasso quote MIL Eco - Novembre 2018', -625.000, 134, '2018-11-01', NULL, 12, '2019-01-03 10:00:19', '2019-01-03 10:00:19', 12),
	(1431, 21, '2018-12-20', 'Incasso quote Atenà Eco - Novembre 2018', -440.000, 134, '2018-11-01', NULL, 12, '2019-01-03 10:00:19', '2019-01-03 10:00:19', 12),
	(1432, 21, '2019-01-03', 'Incasso Eco - Novembre 2018', 178.030, 134, '2018-11-01', NULL, 25, '2019-01-03 10:00:19', '2019-01-03 10:00:19', 12),
	(1433, 21, '2019-01-03', 'incasso Eco - Novembre 2018', 1110.510, 134, '2018-11-01', NULL, 15, '2019-01-03 10:00:19', '2019-01-03 10:00:19', 12),
	(1434, 21, '2019-01-03', 'Incasso affitto Eco - Novembre 2018', -2371.810, 134, '2018-11-01', NULL, 9, '2019-01-03 10:00:19', '2019-01-03 10:00:19', 12),
	(1435, 21, '2018-12-28', 'Incasso Eco - Novembre 2018', -460.000, 134, '2018-11-01', NULL, 14, '2019-01-03 10:00:19', '2019-01-03 10:00:19', 12),
	(1436, 20, '2018-12-17', 'Incasso quote MIL Porta del Sole (PdS) - Novembre 2018', -855.000, 117, '2018-11-01', NULL, 12, '2019-01-04 08:58:33', '2019-01-04 08:58:33', 12),
	(1437, 20, '2018-12-18', 'Incasso rimborsi MIL Porta del Sole (PdS) - Novembre 2018 (milri)', -4213.600, 117, '2018-11-01', NULL, 43, '2019-01-04 08:58:33', '2019-01-04 08:58:33', 12),
	(1438, 20, '2018-12-17', 'Incasso quote Atenà Porta del Sole (PdS) - Novembre 2018', -600.000, 117, '2018-11-01', NULL, 12, '2019-01-04 08:58:33', '2019-01-04 08:58:33', 12),
	(1439, 20, '2019-01-04', 'Incasso Porta del Sole (PdS) - Novembre 2018', -1190.000, 117, '2018-11-01', NULL, 25, '2019-01-04 08:58:33', '2019-01-04 08:58:33', 12),
	(1440, 20, '2018-12-18', 'incasso Porta del Sole (PdS) - Novembre 2018', 2076.640, 117, '2018-11-01', NULL, 15, '2019-01-04 08:58:33', '2019-01-04 08:58:33', 12),
	(1441, 20, '2018-12-18', 'Incasso affitto Porta del Sole (PdS) - Novembre 2018', -1557.000, 117, '2018-11-01', NULL, 9, '2019-01-04 08:58:33', '2019-01-04 08:58:33', 12),
	(1442, 20, '2019-01-04', 'Incasso Porta del Sole (PdS) - Novembre 2018', -650.000, 117, '2018-11-01', NULL, 14, '2019-01-04 08:58:33', '2019-01-04 08:58:33', 12),
	(1443, 20, '2019-01-04', 'Incasso federale Servizi', -929.300, 117, '2018-11-01', NULL, 29, '2019-01-04 08:58:45', '2019-01-04 08:58:45', 12),
	(1444, 20, '2019-01-04', 'Incasso federale Fondi Pensione', -380.800, 117, '2018-10-01', NULL, 26, '2019-01-04 08:59:02', '2019-01-04 08:59:02', 12),
	(1445, 20, '2019-01-04', 'Incasso federale Fondi Pensione', -380.800, 117, '2018-11-01', NULL, 26, '2019-01-04 08:59:13', '2019-01-04 08:59:13', 12),
	(1446, 16, '2019-01-04', 'Incasso federale Fondi Pensione', -727.600, 12, '2018-11-01', NULL, 26, '2019-01-04 10:10:41', '2019-01-04 10:10:41', 12),
	(1447, 59, '2019-01-04', 'incasso X-DAMJL MANTIDE - Dicembre 2018', -91.260, 167, '2018-12-01', NULL, 15, '2019-01-04 10:59:17', '2019-01-04 10:59:17', 12),
	(1448, 64, '2019-01-05', 'incasso X-DAMJL QDQ - Dicembre 2018', -138.230, 155, '2018-12-01', NULL, 15, '2019-01-05 10:54:20', '2019-01-05 10:54:20', 12),
	(1449, 64, '2019-01-05', 'incasso X-DAMJL QDQ - Novembre 2018', -138.230, 155, '2018-11-01', NULL, 15, '2019-01-05 10:54:23', '2019-01-05 10:54:23', 12),
	(1450, 82, '2019-01-07', 'Incasso quote MIL Quetzal - Dicembre 2018', -55.000, 129, '2018-12-01', NULL, 12, '2019-01-07 08:18:49', '2019-01-07 08:18:49', 12),
	(1451, 82, '2019-01-07', 'Incasso quote Atenà Quetzal - Dicembre 2018', -40.000, 129, '2018-12-01', NULL, 12, '2019-01-07 08:18:49', '2019-01-07 08:18:49', 12),
	(1452, 82, '2019-01-07', 'Incasso Quetzal - Dicembre 2018', -68.000, 129, '2018-12-01', NULL, 25, '2019-01-07 08:18:49', '2019-01-07 08:18:49', 12),
	(1453, 82, '2019-01-07', 'Incasso Quetzal - Dicembre 2018', -140.000, 129, '2018-12-01', NULL, 14, '2019-01-07 08:18:49', '2019-01-07 08:18:49', 12),
	(1454, 82, '2019-01-07', 'Incasso federale Servizi', -61.000, 129, '2018-12-01', NULL, 29, '2019-01-07 08:18:56', '2019-01-07 08:18:56', 12),
	(1455, 49, '2018-11-22', 'Incasso quote MIL Chrysoperla* - Ottobre 2018', -55.000, 139, '2018-10-01', NULL, 12, '2019-01-07 09:14:44', '2019-01-07 09:14:44', 12),
	(1456, 49, '2018-11-22', 'Incasso quote Atenà Chrysoperla* - Ottobre 2018', -40.000, 139, '2018-10-01', NULL, 12, '2019-01-07 09:14:44', '2019-01-07 09:14:44', 12),
	(1457, 49, '2018-11-22', 'Incasso Chrysoperla* - Ottobre 2018', -68.000, 139, '2018-10-01', NULL, 25, '2019-01-07 09:14:44', '2019-01-07 09:14:44', 12),
	(1458, 49, '2019-01-07', 'Incasso Chrysoperla* - Ottobre 2018', -10.000, 139, '2018-10-01', NULL, 14, '2019-01-07 09:14:44', '2019-01-07 09:14:44', 12),
	(1465, 49, '2019-01-07', 'Incasso quote MIL Chrysoperla* - Novembre 2018', -55.000, 139, '2018-11-01', NULL, 12, '2019-01-07 09:15:23', '2019-01-07 09:15:23', 12),
	(1466, 49, '2019-01-07', 'Incasso quote Atenà Chrysoperla* - Novembre 2018', -40.000, 139, '2018-11-01', NULL, 12, '2019-01-07 09:15:23', '2019-01-07 09:15:23', 12),
	(1467, 49, '2019-01-07', 'Incasso Chrysoperla* - Novembre 2018', -68.000, 139, '2018-11-01', NULL, 25, '2019-01-07 09:15:23', '2019-01-07 09:15:23', 12),
	(1468, 49, '2019-01-07', 'Incasso Chrysoperla* - Novembre 2018', -5.400, 139, '2018-11-01', NULL, 14, '2019-01-07 09:15:23', '2019-01-07 09:15:23', 12),
	(1469, 49, '2019-01-07', 'Incasso federale Servizi', -63.600, 139, '2018-11-01', NULL, 29, '2019-01-07 09:15:30', '2019-01-07 09:15:30', 12),
	(1477, 10, '2019-01-02', 'Incasso federale Fondi Pensione', -173.000, 137, '2018-10-01', NULL, 26, '2019-01-07 17:25:56', '2019-01-07 17:25:56', 12),
	(1479, 100, '2019-01-09', 'Incasso quote MIL Arciere - Dicembre 2018', -55.000, 170, '2018-12-01', NULL, 12, '2019-01-09 10:10:43', '2019-01-09 10:10:43', 12),
	(1480, 100, '2019-01-09', 'Incasso quote Atenà Arciere - Dicembre 2018', -40.000, 170, '2018-12-01', NULL, 12, '2019-01-09 10:10:43', '2019-01-09 10:10:43', 12),
	(1481, 100, '2019-01-09', 'Incasso Arciere - Dicembre 2018', -68.000, 170, '2018-12-01', NULL, 25, '2019-01-09 10:10:43', '2019-01-09 10:10:43', 12),
	(1482, 100, '2019-01-09', 'Incasso Arciere - Dicembre 2018', -140.000, 170, '2018-12-01', NULL, 14, '2019-01-09 10:10:43', '2019-01-09 10:10:43', 12),
	(1483, 63, '2019-01-09', 'incasso X-DAMJL MEDIT - Dicembre 2018', -720.000, 171, '2018-12-01', NULL, 15, '2019-01-09 10:13:47', '2019-01-09 10:13:47', 12),
	(1484, 4, '2019-01-09', 'Incasso federale Fondi Pensione', -599.200, 148, '2018-11-01', NULL, 26, '2019-01-09 10:15:15', '2019-01-09 10:15:15', 12),
	(1486, 18, '2019-01-10', 'Incasso quote MIL Ognidove - Dicembre 2018', -1045.000, 106, '2018-12-01', NULL, 12, '2019-01-10 10:46:43', '2019-01-10 10:46:43', 12),
	(1487, 18, '2019-01-10', 'Incasso quote Atenà Ognidove - Dicembre 2018', -760.000, 106, '2018-12-01', NULL, 12, '2019-01-10 10:46:43', '2019-01-10 10:46:43', 12),
	(1488, 18, '2019-01-10', 'Incasso rimborsi Atenà Ognidove - Dicembre 2018 (atenari)', -1112.240, 106, '2018-12-01', NULL, 43, '2019-01-10 10:46:43', '2019-01-10 10:46:43', 12),
	(1489, 18, '2019-01-10', 'Incasso Ognidove - Dicembre 2018', -1092.000, 106, '2018-12-01', NULL, 25, '2019-01-10 10:46:43', '2019-01-10 10:46:43', 12),
	(1490, 18, '2019-01-10', 'incasso Ognidove - Dicembre 2018', 1325.270, 106, '2018-12-01', NULL, 15, '2019-01-10 10:46:43', '2019-01-10 10:46:43', 12),
	(1491, 18, '2019-01-10', 'Incasso affitto Ognidove - Dicembre 2018', -3703.010, 106, '2018-12-01', NULL, 9, '2019-01-10 10:46:43', '2019-01-10 10:46:43', 12),
	(1492, 18, '2019-01-10', 'Incasso Ognidove - Dicembre 2018', -459.400, 106, '2018-12-01', NULL, 14, '2019-01-10 10:46:43', '2019-01-10 10:46:43', 12),
	(1494, 9, '2019-01-07', 'Incasso quote MIL Sidalte - Novembre 2018', -440.000, 132, '2018-11-01', NULL, 12, '2019-01-10 14:02:55', '2019-01-10 14:02:55', 12),
	(1495, 9, '2019-01-07', 'Incasso quote Atenà Sidalte - Novembre 2018', -320.000, 132, '2018-11-01', NULL, 12, '2019-01-10 14:02:55', '2019-01-10 14:02:55', 12),
	(1496, 9, '2019-01-10', 'Incasso Sidalte - Novembre 2018', -631.000, 132, '2018-11-01', NULL, 25, '2019-01-10 14:02:55', '2019-01-10 14:02:55', 12),
	(1497, 9, '2019-01-10', 'incasso Sidalte - Novembre 2018', 1168.810, 132, '2018-11-01', NULL, 15, '2019-01-10 14:02:55', '2019-01-10 14:02:55', 12),
	(1498, 9, '2019-01-10', 'Incasso affitto Sidalte - Novembre 2018', -673.000, 132, '2018-11-01', NULL, 9, '2019-01-10 14:02:55', '2019-01-10 14:02:55', 12),
	(1499, 9, '2019-01-07', 'Incasso Sidalte - Novembre 2018', -620.000, 132, '2018-11-01', NULL, 14, '2019-01-10 14:02:55', '2019-01-10 14:02:55', 12),
	(1505, 32, '2019-01-10', 'Incasso quote MIL Lavallaorò - Dicembre 2018', -690.000, 18, '2018-12-01', NULL, 12, '2019-01-10 17:09:40', '2019-01-10 17:09:40', 12),
	(1506, 32, '2019-01-10', 'Incasso quote Atenà Lavallaorò - Dicembre 2018', -480.000, 18, '2018-12-01', NULL, 12, '2019-01-10 17:09:40', '2019-01-10 17:09:40', 12),
	(1507, 32, '2019-01-10', 'Incasso rimborsi Atenà Lavallaorò - Dicembre 2018 (atenari)', -3347.600, 18, '2018-12-01', NULL, 43, '2019-01-10 17:09:40', '2019-01-10 17:09:40', 12),
	(1508, 32, '2019-01-10', 'Incasso Lavallaorò - Dicembre 2018', 2115.330, 18, '2018-12-01', NULL, 25, '2019-01-10 17:09:40', '2019-01-10 17:09:40', 12),
	(1509, 32, '2019-01-10', 'incasso Lavallaorò - Dicembre 2018', 821.000, 18, '2018-12-01', NULL, 15, '2019-01-10 17:09:40', '2019-01-10 17:09:40', 12),
	(1510, 32, '2019-01-10', 'Incasso affitto Lavallaorò - Dicembre 2018', -5262.000, 18, '2018-12-01', NULL, 9, '2019-01-10 17:09:40', '2019-01-10 17:09:40', 12),
	(1511, 32, '2019-01-10', 'Incasso Lavallaorò - Dicembre 2018', 354.460, 18, '2018-12-01', NULL, 14, '2019-01-10 17:09:40', '2019-01-10 17:09:40', 12),
	(1513, 63, '2018-12-11', 'incasso X-DAMJL MEDIT - Novembre 2018', -723.070, 171, '2018-11-01', NULL, 15, '2019-01-11 10:14:51', '2019-01-11 10:14:51', 12),
	(1514, 78, '2019-01-11', 'Incasso Melusine* - Dicembre 2018', -163.000, 164, '2018-12-01', NULL, 25, '2019-01-11 10:40:05', '2019-01-11 10:40:05', 12),
	(1515, 78, '2019-01-11', 'incasso Melusine* - Dicembre 2018', 430.000, 164, '2018-12-01', NULL, 15, '2019-01-11 10:40:05', '2019-01-11 10:40:05', 12),
	(1516, 78, '2019-01-11', 'Incasso Melusine* - Dicembre 2018', -140.000, 164, '2018-12-01', NULL, 14, '2019-01-11 10:40:05', '2019-01-11 10:40:05', 12),
	(1517, 78, '2019-01-11', 'Incasso federale Servizi', -66.800, 164, '2018-12-01', NULL, 29, '2019-01-11 10:40:20', '2019-01-11 10:40:20', 12),
	(1525, 43, '2019-01-14', 'Incasso federale Servizi', -611.700, 136, '2018-11-01', NULL, 29, '2019-01-14 08:10:46', '2019-01-14 08:10:46', 12),
	(1532, 43, '2019-01-14', 'Incasso quote MIL Alteco - Dicembre 2018', -495.000, 136, '2018-12-01', NULL, 12, '2019-01-14 08:11:30', '2019-01-14 08:11:30', 12),
	(1533, 43, '2019-01-14', 'Incasso Alteco - Dicembre 2018', -642.000, 136, '2018-12-01', NULL, 25, '2019-01-14 08:11:30', '2019-01-14 08:11:30', 12),
	(1534, 43, '2019-01-14', 'incasso Alteco - Dicembre 2018', 1880.000, 136, '2018-12-01', NULL, 15, '2019-01-14 08:11:30', '2019-01-14 08:11:30', 12),
	(1535, 43, '2019-01-14', 'Incasso affitto Alteco - Dicembre 2018', -1524.190, 136, '2018-12-01', NULL, 9, '2019-01-14 08:11:30', '2019-01-14 08:11:30', 12),
	(1536, 18, '2019-01-14', 'Incasso federale Fondi Pensione', -884.320, 106, '2018-12-01', NULL, 26, '2019-01-14 08:20:26', '2019-01-14 08:20:26', 12),
	(1540, 28, '2019-01-14', 'Incasso quote MIL Tin - Dicembre 2018', -670.000, 141, '2018-12-01', NULL, 12, '2019-01-14 11:38:09', '2019-01-14 11:38:09', 12),
	(1541, 28, '2019-01-14', 'Incasso quote Atenà Tin - Dicembre 2018', -480.000, 141, '2018-12-01', NULL, 12, '2019-01-14 11:38:09', '2019-01-14 11:38:09', 12),
	(1542, 28, '2019-01-14', 'Incasso Tin - Dicembre 2018', -836.000, 141, '2018-12-01', NULL, 25, '2019-01-14 11:38:09', '2019-01-14 11:38:09', 12),
	(1543, 28, '2019-01-14', 'incasso Tin - Dicembre 2018', 3139.000, 141, '2018-12-01', NULL, 15, '2019-01-14 11:38:09', '2019-01-14 11:38:09', 12),
	(1544, 28, '2019-01-14', 'Incasso affitto Tin - Dicembre 2018', -811.000, 141, '2018-12-01', NULL, 9, '2019-01-14 11:38:09', '2019-01-14 11:38:09', 12),
	(1545, 28, '2019-01-14', 'Incasso Tin - Dicembre 2018', -1170.260, 141, '2018-12-01', NULL, 14, '2019-01-14 11:38:09', '2019-01-14 11:38:09', 12),
	(1546, 28, '2019-01-14', 'Incasso federale Fondi Pensione', -518.000, 141, '2018-12-01', NULL, 26, '2019-01-14 11:53:08', '2019-01-14 11:53:08', 12),
	(1553, 54, '2019-01-14', 'Incasso quote MIL Sparviero* - Novembre 2018', -55.000, 172, '2018-11-01', NULL, 12, '2019-01-14 16:37:08', '2019-01-14 16:37:08', 12),
	(1554, 54, '2019-01-14', 'Incasso quote Atenà Sparviero* - Novembre 2018', -40.000, 172, '2018-11-01', NULL, 12, '2019-01-14 16:37:08', '2019-01-14 16:37:08', 12),
	(1555, 54, '2019-01-14', 'Incasso Sparviero* - Novembre 2018', -68.000, 172, '2018-11-01', NULL, 25, '2019-01-14 16:37:08', '2019-01-14 16:37:08', 12),
	(1556, 54, '2019-01-14', 'Incasso Sparviero* - Novembre 2018', -140.000, 172, '2018-11-01', NULL, 14, '2019-01-14 16:37:08', '2019-01-14 16:37:08', 12),
	(1557, 91, '2019-01-15', 'Incasso quote MIL Granchia - Novembre 2018', -55.000, 152, '2018-11-01', NULL, 12, '2019-01-15 09:14:02', '2019-01-15 09:14:02', 12),
	(1558, 91, '2019-01-15', 'Incasso quote Atenà Granchia - Novembre 2018', -40.000, 152, '2018-11-01', NULL, 12, '2019-01-15 09:14:02', '2019-01-15 09:14:02', 12),
	(1559, 91, '2019-01-15', 'Incasso Granchia - Novembre 2018', -68.000, 152, '2018-11-01', NULL, 25, '2019-01-15 09:14:02', '2019-01-15 09:14:02', 12),
	(1560, 91, '2019-01-15', 'Incasso affitto Granchia - Novembre 2018', -250.000, 152, '2018-11-01', NULL, 9, '2019-01-15 09:14:02', '2019-01-15 09:14:02', 12),
	(1561, 91, '2019-01-15', 'Incasso Granchia - Novembre 2018', 293.000, 152, '2018-11-01', NULL, 14, '2019-01-15 09:14:02', '2019-01-15 09:14:02', 12),
	(1562, 91, '2019-01-15', 'Incasso federale Servizi', -55.300, 152, '2018-11-01', NULL, 29, '2019-01-15 09:14:07', '2019-01-15 09:14:07', 12),
	(1565, 79, '2019-01-15', 'Incasso quote MIL Sterna - Agosto 2018', -55.000, 173, '2018-08-01', NULL, 12, '2019-01-15 10:38:00', '2019-01-15 10:38:00', 12),
	(1566, 79, '2019-01-15', 'Incasso quote Atenà Sterna - Agosto 2018', -40.000, 173, '2018-08-01', NULL, 12, '2019-01-15 10:38:00', '2019-01-15 10:38:00', 12),
	(1567, 79, '2019-01-15', 'Incasso Sterna - Agosto 2018', -68.000, 173, '2018-08-01', NULL, 25, '2019-01-15 10:38:00', '2019-01-15 10:38:00', 12),
	(1568, 79, '2019-01-15', 'Incasso Sterna - Agosto 2018', -140.000, 173, '2018-08-01', NULL, 14, '2019-01-15 10:38:00', '2019-01-15 10:38:00', 12),
	(1569, 79, '2019-01-15', 'Incasso quote MIL Sterna - Settembre 2018', -55.000, 173, '2018-09-01', NULL, 12, '2019-01-15 10:38:04', '2019-01-15 10:38:04', 12),
	(1570, 79, '2019-01-15', 'Incasso quote Atenà Sterna - Settembre 2018', -40.000, 173, '2018-09-01', NULL, 12, '2019-01-15 10:38:04', '2019-01-15 10:38:04', 12),
	(1571, 79, '2019-01-15', 'Incasso Sterna - Settembre 2018', -68.000, 173, '2018-09-01', NULL, 25, '2019-01-15 10:38:04', '2019-01-15 10:38:04', 12),
	(1572, 79, '2019-01-15', 'Incasso Sterna - Settembre 2018', 466.000, 173, '2018-09-01', NULL, 14, '2019-01-15 10:38:04', '2019-01-15 10:38:04', 12),
	(1574, 79, '2019-01-15', 'Incasso quote MIL Sterna - Ottobre 2018', -55.000, 173, '2018-10-01', NULL, 12, '2019-01-15 10:38:18', '2019-01-15 10:38:18', 12),
	(1575, 79, '2019-01-15', 'Incasso quote Atenà Sterna - Ottobre 2018', -40.000, 173, '2018-10-01', NULL, 12, '2019-01-15 10:38:18', '2019-01-15 10:38:18', 12),
	(1576, 79, '2019-01-15', 'Incasso Sterna - Ottobre 2018', -68.000, 173, '2018-10-01', NULL, 25, '2019-01-15 10:38:18', '2019-01-15 10:38:18', 12),
	(1577, 79, '2019-01-15', 'Incasso Sterna - Ottobre 2018', 163.000, 173, '2018-10-01', NULL, 14, '2019-01-15 10:38:18', '2019-01-15 10:38:18', 12),
	(1578, 79, '2019-01-15', 'Incasso quote MIL Sterna - Dicembre 2018', -55.000, 173, '2018-12-01', NULL, 12, '2019-01-15 10:38:33', '2019-01-15 10:38:33', 12),
	(1579, 79, '2019-01-15', 'Incasso quote Atenà Sterna - Dicembre 2018', -40.000, 173, '2018-12-01', NULL, 12, '2019-01-15 10:38:33', '2019-01-15 10:38:33', 12),
	(1580, 79, '2019-01-15', 'Incasso Sterna - Dicembre 2018', -68.000, 173, '2018-12-01', NULL, 25, '2019-01-15 10:38:33', '2019-01-15 10:38:33', 12),
	(1581, 79, '2019-01-15', 'Incasso Sterna - Dicembre 2018', 341.500, 173, '2018-12-01', NULL, 14, '2019-01-15 10:38:33', '2019-01-15 10:38:33', 12),
	(1583, 79, '2019-01-15', 'Incasso quote MIL Sterna - Novembre 2018', -55.000, 173, '2018-11-01', NULL, 12, '2019-01-15 10:38:48', '2019-01-15 10:38:48', 12),
	(1584, 79, '2019-01-15', 'Incasso quote Atenà Sterna - Novembre 2018', -40.000, 173, '2018-11-01', NULL, 12, '2019-01-15 10:38:48', '2019-01-15 10:38:48', 12),
	(1585, 79, '2019-01-15', 'Incasso Sterna - Novembre 2018', -68.000, 173, '2018-11-01', NULL, 25, '2019-01-15 10:38:48', '2019-01-15 10:38:48', 12),
	(1586, 79, '2019-01-15', 'Incasso Sterna - Novembre 2018', 163.000, 173, '2018-11-01', NULL, 14, '2019-01-15 10:38:48', '2019-01-15 10:38:48', 12),
	(1587, 79, '2019-01-15', 'Incasso federale Servizi', -59.300, 173, '2018-10-01', NULL, 29, '2019-01-15 10:38:56', '2019-01-15 10:38:56', 12),
	(1588, 79, '2019-01-15', 'Incasso federale Servizi', -60.300, 173, '2018-11-01', NULL, 29, '2019-01-15 10:39:00', '2019-01-15 10:39:00', 12),
	(1589, 79, '2019-01-15', 'Incasso federale Servizi', -59.300, 173, '2018-12-01', NULL, 29, '2019-01-15 10:39:04', '2019-01-15 10:39:04', 12),
	(1590, 8, '2018-08-21', 'Incasso quote MIL Naiade Barbagianni* - Maggio 2018', -110.000, 174, '2018-05-01', NULL, 12, '2019-01-15 11:18:07', '2019-01-15 11:18:07', 12),
	(1591, 8, '2018-08-21', 'Incasso quote Atenà Naiade Barbagianni* - Maggio 2018', -80.000, 174, '2018-05-01', NULL, 12, '2019-01-15 11:18:07', '2019-01-15 11:18:07', 12),
	(1592, 8, '2018-08-21', 'Incasso Naiade Barbagianni* - Maggio 2018', -92.100, 174, '2018-05-01', NULL, 25, '2019-01-15 11:18:07', '2019-01-15 11:18:07', 12),
	(1593, 8, '2019-01-15', 'Incasso Naiade Barbagianni* - Maggio 2018', -280.000, 174, '2018-05-01', NULL, 14, '2019-01-15 11:18:07', '2019-01-15 11:18:07', 12),
	(1594, 8, '2019-01-15', 'Incasso quote MIL Naiade Barbagianni* - Giugno 2018', -110.000, 174, '2018-06-01', NULL, 12, '2019-01-15 11:18:13', '2019-01-15 11:18:13', 12),
	(1595, 8, '2019-01-15', 'Incasso quote Atenà Naiade Barbagianni* - Giugno 2018', -80.000, 174, '2018-06-01', NULL, 12, '2019-01-15 11:18:13', '2019-01-15 11:18:13', 12),
	(1596, 8, '2019-01-15', 'Incasso Naiade Barbagianni* - Giugno 2018', -136.000, 174, '2018-06-01', NULL, 25, '2019-01-15 11:18:13', '2019-01-15 11:18:13', 12),
	(1597, 8, '2019-01-15', 'Incasso Naiade Barbagianni* - Giugno 2018', 424.000, 174, '2018-06-01', NULL, 14, '2019-01-15 11:18:13', '2019-01-15 11:18:13', 12),
	(1598, 8, '2019-01-15', 'Incasso quote MIL Naiade Barbagianni* - Luglio 2018', -110.000, 174, '2018-07-01', NULL, 12, '2019-01-15 11:18:19', '2019-01-15 11:18:19', 12),
	(1599, 8, '2019-01-15', 'Incasso quote Atenà Naiade Barbagianni* - Luglio 2018', -80.000, 174, '2018-07-01', NULL, 12, '2019-01-15 11:18:19', '2019-01-15 11:18:19', 12),
	(1600, 8, '2019-01-15', 'Incasso Naiade Barbagianni* - Luglio 2018', -136.000, 174, '2018-07-01', NULL, 25, '2019-01-15 11:18:19', '2019-01-15 11:18:19', 12),
	(1601, 8, '2019-01-15', 'Incasso Naiade Barbagianni* - Luglio 2018', 146.600, 174, '2018-07-01', NULL, 14, '2019-01-15 11:18:19', '2019-01-15 11:18:19', 12),
	(1602, 8, '2019-01-15', 'Incasso quote MIL Naiade Barbagianni* - Agosto 2018', -110.000, 174, '2018-08-01', NULL, 12, '2019-01-15 11:18:24', '2019-01-15 11:18:24', 12),
	(1603, 8, '2019-01-15', 'Incasso quote Atenà Naiade Barbagianni* - Agosto 2018', -80.000, 174, '2018-08-01', NULL, 12, '2019-01-15 11:18:24', '2019-01-15 11:18:24', 12),
	(1604, 8, '2019-01-15', 'Incasso Naiade Barbagianni* - Agosto 2018', -136.000, 174, '2018-08-01', NULL, 25, '2019-01-15 11:18:24', '2019-01-15 11:18:24', 12),
	(1605, 8, '2019-01-15', 'Incasso Naiade Barbagianni* - Agosto 2018', -280.000, 174, '2018-08-01', NULL, 14, '2019-01-15 11:18:24', '2019-01-15 11:18:24', 12),
	(1606, 8, '2019-01-15', 'Incasso quote MIL Naiade Barbagianni* - Settembre 2018', -110.000, 174, '2018-09-01', NULL, 12, '2019-01-15 11:18:28', '2019-01-15 11:18:28', 12),
	(1607, 8, '2019-01-15', 'Incasso quote Atenà Naiade Barbagianni* - Settembre 2018', -80.000, 174, '2018-09-01', NULL, 12, '2019-01-15 11:18:28', '2019-01-15 11:18:28', 12),
	(1608, 8, '2019-01-15', 'Incasso Naiade Barbagianni* - Settembre 2018', -136.000, 174, '2018-09-01', NULL, 25, '2019-01-15 11:18:28', '2019-01-15 11:18:28', 12),
	(1609, 8, '2019-01-15', 'Incasso Naiade Barbagianni* - Settembre 2018', -280.000, 174, '2018-09-01', NULL, 14, '2019-01-15 11:18:28', '2019-01-15 11:18:28', 12),
	(1610, 8, '2019-01-15', 'Incasso quote MIL Naiade Barbagianni* - Ottobre 2018', -110.000, 174, '2018-10-01', NULL, 12, '2019-01-15 11:18:33', '2019-01-15 11:18:33', 12),
	(1611, 8, '2019-01-15', 'Incasso quote Atenà Naiade Barbagianni* - Ottobre 2018', -80.000, 174, '2018-10-01', NULL, 12, '2019-01-15 11:18:33', '2019-01-15 11:18:33', 12),
	(1612, 8, '2019-01-15', 'Incasso Naiade Barbagianni* - Ottobre 2018', -136.000, 174, '2018-10-01', NULL, 25, '2019-01-15 11:18:33', '2019-01-15 11:18:33', 12),
	(1613, 8, '2019-01-15', 'Incasso Naiade Barbagianni* - Ottobre 2018', -280.000, 174, '2018-10-01', NULL, 14, '2019-01-15 11:18:33', '2019-01-15 11:18:33', 12),
	(1614, 8, '2019-01-15', 'Incasso quote MIL Naiade Barbagianni* - Novembre 2018', -110.000, 174, '2018-11-01', NULL, 12, '2019-01-15 11:18:39', '2019-01-15 11:18:39', 12),
	(1615, 8, '2019-01-15', 'Incasso quote Atenà Naiade Barbagianni* - Novembre 2018', -80.000, 174, '2018-11-01', NULL, 12, '2019-01-15 11:18:39', '2019-01-15 11:18:39', 12),
	(1616, 8, '2019-01-15', 'Incasso Naiade Barbagianni* - Novembre 2018', -136.000, 174, '2018-11-01', NULL, 25, '2019-01-15 11:18:39', '2019-01-15 11:18:39', 12),
	(1617, 8, '2019-01-15', 'Incasso Naiade Barbagianni* - Novembre 2018', -280.000, 174, '2018-11-01', NULL, 14, '2019-01-15 11:18:39', '2019-01-15 11:18:39', 12),
	(1618, 8, '2019-01-15', 'Incasso quote MIL Naiade Barbagianni* - Dicembre 2018', -110.000, 174, '2018-12-01', NULL, 12, '2019-01-15 11:18:44', '2019-01-15 11:18:44', 12),
	(1619, 8, '2019-01-15', 'Incasso quote Atenà Naiade Barbagianni* - Dicembre 2018', -80.000, 174, '2018-12-01', NULL, 12, '2019-01-15 11:18:44', '2019-01-15 11:18:44', 12),
	(1620, 8, '2019-01-15', 'Incasso Naiade Barbagianni* - Dicembre 2018', -136.000, 174, '2018-12-01', NULL, 25, '2019-01-15 11:18:44', '2019-01-15 11:18:44', 12),
	(1621, 8, '2019-01-15', 'Incasso Naiade Barbagianni* - Dicembre 2018', 4010.500, 174, '2018-12-01', NULL, 14, '2019-01-15 11:18:44', '2019-01-15 11:18:44', 12),
	(1622, 8, '2019-01-15', 'Incasso federale Servizi', -106.900, 174, '2018-05-01', NULL, 29, '2019-01-15 11:18:50', '2019-01-15 11:18:50', 12),
	(1623, 8, '2019-01-15', 'Incasso federale Servizi', -106.900, 174, '2018-06-01', NULL, 29, '2019-01-15 11:18:55', '2019-01-15 11:18:55', 12),
	(1624, 8, '2019-01-15', 'Incasso federale Servizi', -106.900, 174, '2018-07-01', NULL, 29, '2019-01-15 11:18:59', '2019-01-15 11:18:59', 12),
	(1625, 8, '2019-01-15', 'Incasso federale Servizi', -106.900, 174, '2018-08-01', NULL, 29, '2019-01-15 11:19:03', '2019-01-15 11:19:03', 12),
	(1626, 8, '2019-01-15', 'Incasso federale Servizi', -106.900, 174, '2018-09-01', NULL, 29, '2019-01-15 11:19:08', '2019-01-15 11:19:08', 12),
	(1627, 8, '2019-01-15', 'Incasso federale Servizi', -106.900, 174, '2018-10-01', NULL, 29, '2019-01-15 11:19:12', '2019-01-15 11:19:12', 12),
	(1628, 8, '2019-01-15', 'Incasso federale Servizi', -106.900, 174, '2018-11-01', NULL, 29, '2019-01-15 11:19:16', '2019-01-15 11:19:16', 12),
	(1629, 8, '2019-01-15', 'Incasso federale Servizi', -106.900, 174, '2018-12-01', NULL, 29, '2019-01-15 11:19:20', '2019-01-15 11:19:20', 12),
	(1637, 6, '2018-11-30', 'Incasso quote MIL Venta - Ottobre 2018', -525.000, 156, '2018-10-01', NULL, 12, '2019-01-15 15:06:48', '2019-01-15 15:06:48', 12),
	(1638, 6, '2018-11-30', 'Incasso quote Atenà Venta - Ottobre 2018', -360.000, 156, '2018-10-01', NULL, 12, '2019-01-15 15:06:48', '2019-01-15 15:06:48', 12),
	(1639, 6, '2019-01-15', 'Incasso rimborsi Atenà Venta - Ottobre 2018 (atenari)', -132.150, 156, '2018-10-01', NULL, 43, '2019-01-15 15:06:48', '2019-01-15 15:06:48', 12),
	(1640, 6, '2018-11-30', 'Incasso Venta - Ottobre 2018', -12.000, 156, '2018-10-01', NULL, 25, '2019-01-15 15:06:48', '2019-01-15 15:06:48', 12),
	(1641, 6, '2019-01-15', 'incasso Venta - Ottobre 2018', 1917.160, 156, '2018-10-01', NULL, 15, '2019-01-15 15:06:48', '2019-01-15 15:06:48', 12),
	(1642, 6, '2019-01-15', 'Incasso affitto Venta - Ottobre 2018', -1978.000, 156, '2018-10-01', NULL, 9, '2019-01-15 15:06:48', '2019-01-15 15:06:48', 12),
	(1643, 6, '2018-11-30', 'Incasso Venta - Ottobre 2018', 113.000, 156, '2018-10-01', NULL, 14, '2019-01-15 15:06:48', '2019-01-15 15:06:48', 12),
	(1678, 9, '2019-01-17', 'Incasso quote MIL Sidalte - Dicembre 2018', -440.000, 132, '2018-12-01', NULL, 12, '2019-01-17 14:07:44', '2019-01-17 14:07:44', 12),
	(1679, 9, '2019-01-17', 'Incasso quote Atenà Sidalte - Dicembre 2018', -320.000, 132, '2018-12-01', NULL, 12, '2019-01-17 14:07:44', '2019-01-17 14:07:44', 12),
	(1680, 9, '2019-01-17', 'Incasso Sidalte - Dicembre 2018', -1063.000, 132, '2018-12-01', NULL, 14, '2019-01-17 14:07:44', '2019-01-17 14:07:44', 12),
	(1683, 85, '2019-01-17', 'Incasso quote MIL Casa Alice - Ottobre 2018', -230.000, 150, '2018-10-01', NULL, 12, '2019-01-17 16:02:42', '2019-01-17 16:02:42', 12),
	(1684, 85, '2018-12-19', 'Incasso quote Atenà Casa Alice - Ottobre 2018', -160.000, 150, '2018-10-01', NULL, 12, '2019-01-17 16:02:42', '2019-01-17 16:02:42', 12),
	(1685, 85, '2018-12-19', 'Incasso rimborsi Atenà Casa Alice - Ottobre 2018 (atenari)', -750.000, 150, '2018-10-01', NULL, 43, '2019-01-17 16:02:42', '2019-01-17 16:02:42', 12),
	(1686, 85, '2018-12-19', 'Incasso Casa Alice - Ottobre 2018', -292.000, 150, '2018-10-01', NULL, 25, '2019-01-17 16:02:42', '2019-01-17 16:02:42', 12),
	(1687, 85, '2018-12-19', 'incasso Casa Alice - Ottobre 2018', 1192.000, 150, '2018-10-01', NULL, 15, '2019-01-17 16:02:42', '2019-01-17 16:02:42', 12),
	(1688, 85, '2018-12-19', 'Incasso affitto Casa Alice - Ottobre 2018', -440.000, 150, '2018-10-01', NULL, 9, '2019-01-17 16:02:42', '2019-01-17 16:02:42', 12),
	(1689, 85, '2018-12-19', 'Incasso Casa Alice - Ottobre 2018', -107.800, 150, '2018-10-01', NULL, 14, '2019-01-17 16:02:42', '2019-01-17 16:02:42', 12),
	(1690, 85, '2019-01-17', 'Incasso quote MIL Casa Alice - Novembre 2018', -360.000, 150, '2018-11-01', NULL, 12, '2019-01-17 16:02:48', '2019-01-17 16:02:48', 12),
	(1691, 85, '2019-01-17', 'Incasso quote Atenà Casa Alice - Novembre 2018', -240.000, 150, '2018-11-01', NULL, 12, '2019-01-17 16:02:48', '2019-01-17 16:02:48', 12),
	(1692, 85, '2019-01-17', 'Incasso rimborsi Atenà Casa Alice - Novembre 2018 (atenari)', -1050.000, 150, '2018-11-01', NULL, 43, '2019-01-17 16:02:48', '2019-01-17 16:02:48', 12),
	(1693, 85, '2019-01-17', 'Incasso Casa Alice - Novembre 2018', -893.000, 150, '2018-11-01', NULL, 25, '2019-01-17 16:02:48', '2019-01-17 16:02:48', 12),
	(1694, 85, '2019-01-17', 'incasso Casa Alice - Novembre 2018', 3124.060, 150, '2018-11-01', NULL, 15, '2019-01-17 16:02:48', '2019-01-17 16:02:48', 12),
	(1695, 85, '2019-01-17', 'Incasso affitto Casa Alice - Novembre 2018', -616.000, 150, '2018-11-01', NULL, 9, '2019-01-17 16:02:48', '2019-01-17 16:02:48', 12),
	(1696, 85, '2019-01-17', 'Incasso Casa Alice - Novembre 2018', -130.000, 150, '2018-11-01', NULL, 14, '2019-01-17 16:02:48', '2019-01-17 16:02:48', 12),
	(1712, 85, '2019-01-17', 'Incasso quote MIL Casa Alice - Dicembre 2018', -360.000, 150, '2018-12-01', NULL, 12, '2019-01-17 16:03:18', '2019-01-17 16:03:18', 12),
	(1713, 85, '2019-01-17', 'Incasso quote Atenà Casa Alice - Dicembre 2018', -240.000, 150, '2018-12-01', NULL, 12, '2019-01-17 16:03:18', '2019-01-17 16:03:18', 12),
	(1714, 85, '2019-01-17', 'Incasso Casa Alice - Dicembre 2018', -694.500, 150, '2018-12-01', NULL, 25, '2019-01-17 16:03:18', '2019-01-17 16:03:18', 12),
	(1715, 85, '2019-01-17', 'incasso Casa Alice - Dicembre 2018', 1474.500, 150, '2018-12-01', NULL, 15, '2019-01-17 16:03:18', '2019-01-17 16:03:18', 12),
	(1716, 85, '2019-01-17', 'Incasso affitto Casa Alice - Dicembre 2018', -616.000, 150, '2018-12-01', NULL, 9, '2019-01-17 16:03:18', '2019-01-17 16:03:18', 12),
	(1717, 85, '2019-01-17', 'Incasso Casa Alice - Dicembre 2018', -130.000, 150, '2018-12-01', NULL, 14, '2019-01-17 16:03:18', '2019-01-17 16:03:18', 12),
	(1726, 10, '2019-01-02', 'Incasso quote MIL Porta della Terra (PdT) - Novembre 2018', -1140.000, 137, '2018-11-01', NULL, 12, '2019-01-21 08:34:59', '2019-01-21 08:34:59', 12),
	(1727, 10, '2019-01-02', 'Incasso quote Atenà Porta della Terra (PdT) - Novembre 2018', -800.000, 137, '2018-11-01', NULL, 12, '2019-01-21 08:34:59', '2019-01-21 08:34:59', 12),
	(1728, 10, '2019-01-02', 'Incasso Porta della Terra (PdT) - Novembre 2018', -1480.000, 137, '2018-11-01', NULL, 25, '2019-01-21 08:35:00', '2019-01-21 08:35:00', 12),
	(1729, 10, '2019-01-02', 'incasso Porta della Terra (PdT) - Novembre 2018', 4403.640, 137, '2018-11-01', NULL, 15, '2019-01-21 08:35:00', '2019-01-21 08:35:00', 12),
	(1730, 10, '2019-01-02', 'Incasso affitto Porta della Terra (PdT) - Novembre 2018', -6701.000, 137, '2018-11-01', NULL, 9, '2019-01-21 08:35:00', '2019-01-21 08:35:00', 12),
	(1731, 10, '2019-01-02', 'Incasso Porta della Terra (PdT) - Novembre 2018', -525.920, 137, '2018-11-01', NULL, 14, '2019-01-21 08:35:00', '2019-01-21 08:35:00', 12),
	(1742, 10, '2019-01-21', 'Incasso quote MIL Porta della Terra (PdT) - Dicembre 2018', -1195.000, 137, '2018-12-01', NULL, 12, '2019-01-21 08:36:48', '2019-01-21 08:36:48', 12),
	(1743, 10, '2019-01-21', 'Incasso quote Atenà Porta della Terra (PdT) - Dicembre 2018', -840.000, 137, '2018-12-01', NULL, 12, '2019-01-21 08:36:48', '2019-01-21 08:36:48', 12),
	(1744, 10, '2019-01-21', 'Incasso Porta della Terra (PdT) - Dicembre 2018', -733.140, 137, '2018-12-01', NULL, 25, '2019-01-21 08:36:48', '2019-01-21 08:36:48', 12),
	(1745, 10, '2019-01-21', 'incasso Porta della Terra (PdT) - Dicembre 2018', 3489.140, 137, '2018-12-01', NULL, 15, '2019-01-21 08:36:48', '2019-01-21 08:36:48', 12),
	(1746, 10, '2019-01-21', 'Incasso affitto Porta della Terra (PdT) - Dicembre 2018', -6701.000, 137, '2018-12-01', NULL, 9, '2019-01-21 08:36:48', '2019-01-21 08:36:48', 12),
	(1748, 86, '2019-01-21', 'Incasso quote MIL Usignolo - Dicembre 2018', -55.000, 165, '2018-12-01', NULL, 12, '2019-01-21 08:53:32', '2019-01-21 08:53:32', 12),
	(1749, 86, '2019-01-21', 'Incasso quote Atenà Usignolo - Dicembre 2018', -40.000, 165, '2018-12-01', NULL, 12, '2019-01-21 08:53:32', '2019-01-21 08:53:32', 12),
	(1750, 86, '2019-01-21', 'Incasso Usignolo - Dicembre 2018', -172.000, 165, '2018-12-01', NULL, 25, '2019-01-21 08:53:32', '2019-01-21 08:53:32', 12),
	(1751, 86, '2019-01-21', 'Incasso Usignolo - Dicembre 2018', 610.000, 165, '2018-12-01', NULL, 14, '2019-01-21 08:53:32', '2019-01-21 08:53:32', 12),
	(1758, 25, '2019-01-21', 'Incasso quote MIL Casa del Lago (CdL) - Dicembre 2018', -385.000, 147, '2018-12-01', NULL, 12, '2019-01-21 10:14:06', '2019-01-21 10:14:06', 12),
	(1759, 25, '2019-01-21', 'Incasso quote Atenà Casa del Lago (CdL) - Dicembre 2018', -280.000, 147, '2018-12-01', NULL, 12, '2019-01-21 10:14:06', '2019-01-21 10:14:06', 12),
	(1760, 25, '2019-01-21', 'Incasso rimborsi Atenà Casa del Lago (CdL) - Dicembre 2018 (atenari)', -266.800, 147, '2018-12-01', NULL, 43, '2019-01-21 10:14:06', '2019-01-21 10:14:06', 12),
	(1761, 25, '2019-01-21', 'Incasso Casa del Lago (CdL) - Dicembre 2018', -566.000, 147, '2018-12-01', NULL, 25, '2019-01-21 10:14:06', '2019-01-21 10:14:06', 12),
	(1765, 4, '2019-01-21', 'Incasso quote MIL Dendera - Dicembre 2018', -670.000, 148, '2018-12-01', NULL, 12, '2019-01-21 10:14:43', '2019-01-21 10:14:43', 12),
	(1766, 4, '2019-01-21', 'Incasso quote Atenà Dendera - Dicembre 2018', -480.000, 148, '2018-12-01', NULL, 12, '2019-01-21 10:14:43', '2019-01-21 10:14:43', 12),
	(1767, 4, '2019-01-21', 'Incasso Dendera - Dicembre 2018', -816.000, 148, '2018-12-01', NULL, 25, '2019-01-21 10:14:43', '2019-01-21 10:14:43', 12),
	(1774, 26, '2019-01-21', 'Incasso quote MIL Magilla - Dicembre 2018', -1130.000, 149, '2018-12-01', NULL, 12, '2019-01-21 10:15:19', '2019-01-21 10:15:19', 12),
	(1775, 26, '2019-01-21', 'Incasso quote Atenà Magilla - Dicembre 2018', -800.000, 149, '2018-12-01', NULL, 12, '2019-01-21 10:15:19', '2019-01-21 10:15:19', 12),
	(1776, 26, '2019-01-21', 'Incasso rimborsi Atenà Magilla - Dicembre 2018 (atenari)', -941.860, 149, '2018-12-01', NULL, 43, '2019-01-21 10:15:19', '2019-01-21 10:15:19', 12),
	(1777, 26, '2019-01-21', 'Incasso Magilla - Dicembre 2018', 85.000, 149, '2018-12-01', NULL, 25, '2019-01-21 10:15:19', '2019-01-21 10:15:19', 12),
	(1784, 27, '2019-01-21', 'Incasso quote MIL Porta della Luna (PdL) - Dicembre 2018', -1165.000, 73, '2018-12-01', NULL, 12, '2019-01-21 10:16:06', '2019-01-21 10:16:06', 12),
	(1785, 27, '2019-01-21', 'Incasso quote Atenà Porta della Luna (PdL) - Dicembre 2018', -840.000, 73, '2018-12-01', NULL, 12, '2019-01-21 10:16:06', '2019-01-21 10:16:06', 12),
	(1786, 27, '2019-01-21', 'Incasso rimborsi Atenà Porta della Luna (PdL) - Dicembre 2018 (atenari)', -258.570, 73, '2018-12-01', NULL, 43, '2019-01-21 10:16:06', '2019-01-21 10:16:06', 12),
	(1787, 27, '2019-01-21', 'Incasso Porta della Luna (PdL) - Dicembre 2018', -292.930, 73, '2018-12-01', NULL, 25, '2019-01-21 10:16:06', '2019-01-21 10:16:06', 12),
	(1790, 46, '2019-01-21', 'Incasso quote MIL Esperide* - Novembre 2018', -55.000, 131, '2018-11-01', NULL, 12, '2019-01-21 10:22:06', '2019-01-21 10:22:06', 12),
	(1791, 46, '2019-01-21', 'Incasso quote Atenà Esperide* - Novembre 2018', -40.000, 131, '2018-11-01', NULL, 12, '2019-01-21 10:22:06', '2019-01-21 10:22:06', 12),
	(1792, 46, '2019-01-21', 'Incasso Esperide* - Novembre 2018', -68.000, 131, '2018-11-01', NULL, 25, '2019-01-21 10:22:06', '2019-01-21 10:22:06', 12),
	(1793, 46, '2019-01-21', 'Incasso Esperide* - Novembre 2018', -140.000, 131, '2018-11-01', NULL, 14, '2019-01-21 10:22:06', '2019-01-21 10:22:06', 12),
	(1794, 46, '2019-01-21', 'Incasso quote MIL Esperide* - Dicembre 2018', -55.000, 131, '2018-12-01', NULL, 12, '2019-01-21 10:22:10', '2019-01-21 10:22:10', 12),
	(1795, 46, '2019-01-21', 'Incasso quote Atenà Esperide* - Dicembre 2018', -40.000, 131, '2018-12-01', NULL, 12, '2019-01-21 10:22:10', '2019-01-21 10:22:10', 12),
	(1796, 46, '2019-01-21', 'Incasso Esperide* - Dicembre 2018', -68.000, 131, '2018-12-01', NULL, 25, '2019-01-21 10:22:10', '2019-01-21 10:22:10', 12),
	(1797, 46, '2019-01-21', 'Incasso Esperide* - Dicembre 2018', -140.000, 131, '2018-12-01', NULL, 14, '2019-01-21 10:22:10', '2019-01-21 10:22:10', 12),
	(1798, 30, '2019-01-21', 'Incasso quote MIL Cornucopia - Dicembre 2018', -1020.000, 135, '2018-12-01', NULL, 12, '2019-01-21 15:03:29', '2019-01-21 15:03:29', 12),
	(1799, 30, '2019-01-21', 'Incasso quote Atenà Cornucopia - Dicembre 2018', -720.000, 135, '2018-12-01', NULL, 12, '2019-01-21 15:03:29', '2019-01-21 15:03:29', 12),
	(1800, 30, '2019-01-21', 'Incasso rimborsi Atenà Cornucopia - Dicembre 2018 (atenari)', -692.170, 135, '2018-12-01', NULL, 43, '2019-01-21 15:03:29', '2019-01-21 15:03:29', 12),
	(1801, 30, '2019-01-21', 'Incasso Cornucopia - Dicembre 2018', -334.500, 135, '2018-12-01', NULL, 25, '2019-01-21 15:03:29', '2019-01-21 15:03:29', 12),
	(1802, 30, '2019-01-21', 'incasso Cornucopia - Dicembre 2018', 2043.000, 135, '2018-12-01', NULL, 15, '2019-01-21 15:03:30', '2019-01-21 15:03:30', 12),
	(1803, 30, '2019-01-21', 'Incasso affitto Cornucopia - Dicembre 2018', -5063.010, 135, '2018-12-01', NULL, 9, '2019-01-21 15:03:30', '2019-01-21 15:03:30', 12),
	(1804, 30, '2019-01-21', 'Incasso Cornucopia - Dicembre 2018', -51.000, 135, '2018-12-01', NULL, 14, '2019-01-21 15:03:30', '2019-01-21 15:03:30', 12),
	(1805, 30, '2019-01-21', 'Incasso federale Servizi', -1202.100, 135, '2018-12-01', NULL, 29, '2019-01-21 15:03:38', '2019-01-21 15:03:38', 12),
	(1806, 30, '2019-01-21', 'Incasso federale Fondi Pensione', -1023.000, 135, '2018-12-01', NULL, 26, '2019-01-21 15:06:28', '2019-01-21 15:06:28', 12),
	(1809, 44, '2019-01-21', 'Incasso quote MIL Semil - Dicembre 2018', -615.000, 142, '2018-12-01', NULL, 12, '2019-01-21 15:24:52', '2019-01-21 15:24:52', 12),
	(1810, 44, '2019-01-21', 'Incasso quote Atenà Semil - Dicembre 2018', -440.000, 142, '2018-12-01', NULL, 12, '2019-01-21 15:24:52', '2019-01-21 15:24:52', 12),
	(1811, 44, '2019-01-21', 'Incasso Semil - Dicembre 2018', -783.000, 142, '2018-12-01', NULL, 25, '2019-01-21 15:24:52', '2019-01-21 15:24:52', 12),
	(1812, 44, '2019-01-21', 'incasso Semil - Dicembre 2018', -101.000, 142, '2018-12-01', NULL, 15, '2019-01-21 15:24:52', '2019-01-21 15:24:52', 12),
	(1813, 44, '2019-01-21', 'Incasso affitto Semil - Dicembre 2018', -700.000, 142, '2018-12-01', NULL, 9, '2019-01-21 15:24:52', '2019-01-21 15:24:52', 12),
	(1814, 44, '2019-01-21', 'Incasso Semil - Dicembre 2018', -990.000, 142, '2018-12-01', NULL, 14, '2019-01-21 15:24:52', '2019-01-21 15:24:52', 12),
	(1816, 6, '2019-01-21', 'Incasso quote MIL Venta - Novembre 2018', -525.000, 156, '2018-11-01', NULL, 12, '2019-01-21 16:35:00', '2019-01-21 16:35:00', 12),
	(1817, 6, '2019-01-21', 'Incasso quote Atenà Venta - Novembre 2018', -360.000, 156, '2018-11-01', NULL, 12, '2019-01-21 16:35:00', '2019-01-21 16:35:00', 12),
	(1818, 6, '2019-01-15', 'Incasso rimborsi Atenà Venta - Novembre 2018 (atenari)', -95.390, 156, '2018-11-01', NULL, 43, '2019-01-21 16:35:00', '2019-01-21 16:35:00', 12),
	(1819, 6, '2019-01-15', 'Incasso Venta - Novembre 2018', -334.500, 156, '2018-11-01', NULL, 25, '2019-01-21 16:35:00', '2019-01-21 16:35:00', 12),
	(1820, 6, '2019-01-15', 'incasso Venta - Novembre 2018', 1917.160, 156, '2018-11-01', NULL, 15, '2019-01-21 16:35:00', '2019-01-21 16:35:00', 12),
	(1821, 6, '2019-01-15', 'Incasso affitto Venta - Novembre 2018', -1978.000, 156, '2018-11-01', NULL, 9, '2019-01-21 16:35:00', '2019-01-21 16:35:00', 12),
	(1822, 6, '2019-01-15', 'Incasso Venta - Novembre 2018', 113.000, 156, '2018-11-01', NULL, 14, '2019-01-21 16:35:00', '2019-01-21 16:35:00', 12),
	(1823, 34, '2019-01-21', 'Incasso quote MIL Milte - Dicembre 2018', -50.000, 138, '2018-12-01', NULL, 12, '2019-01-21 16:57:36', '2019-01-21 16:57:36', 12),
	(1824, 34, '2019-01-21', 'Incasso Milte - Dicembre 2018', 1500.000, 138, '2018-12-01', NULL, 14, '2019-01-21 16:57:36', '2019-01-21 16:57:36', 12),
	(1830, 16, '2019-01-23', 'Incasso quote MIL Pejda - Dicembre 2018', -1070.000, 12, '2018-12-01', NULL, 12, '2019-01-23 09:01:57', '2019-01-23 09:01:57', 12),
	(1831, 16, '2019-01-23', 'Incasso quote Atenà Pejda - Dicembre 2018', -720.000, 12, '2018-12-01', NULL, 12, '2019-01-23 09:01:57', '2019-01-23 09:01:57', 12),
	(1832, 16, '2019-01-23', 'Incasso Pejda - Dicembre 2018', -1626.500, 12, '2018-12-01', NULL, 25, '2019-01-23 09:01:57', '2019-01-23 09:01:57', 12),
	(1833, 16, '2019-01-12', 'incasso Pejda - Dicembre 2018', 2230.040, 12, '2018-12-01', NULL, 15, '2019-01-23 09:01:57', '2019-01-23 09:01:57', 12),
	(1834, 16, '2019-01-12', 'Incasso affitto Pejda - Dicembre 2018', -4910.990, 12, '2018-12-01', NULL, 9, '2019-01-23 09:01:57', '2019-01-23 09:01:57', 12),
	(1835, 16, '2019-01-12', 'Incasso Pejda - Dicembre 2018', -410.000, 12, '2018-12-01', NULL, 14, '2019-01-23 09:01:57', '2019-01-23 09:01:57', 12),
	(1836, 33, '2018-11-29', 'Incasso quote MIL Cambioidea - Settembre 2018 fauno', -395.000, 146, '2018-09-01', NULL, 12, '2019-01-24 11:25:30', '2019-01-24 11:25:30', 12),
	(1837, 33, '2018-11-29', 'Incasso quote Atenà Cambioidea - Settembre 2018 Fauno', -280.000, 146, '2018-09-01', NULL, 12, '2019-01-24 11:25:30', '2019-01-24 11:25:30', 12),
	(1838, 33, '2018-11-29', 'Incasso rimborsi Atenà Cambioidea - Settembre 2018 acc 1400 da Fauno (atenari)', -623.880, 146, '2018-09-01', NULL, 43, '2019-01-24 11:25:31', '2019-01-24 11:25:31', 12),
	(1839, 33, '2018-11-24', 'Incasso Cambioidea - Settembre 2018', -476.000, 146, '2018-09-01', NULL, 25, '2019-01-24 11:25:31', '2019-01-24 11:25:31', 12),
	(1840, 33, '2018-12-06', 'incasso Cambioidea - Settembre 2018 da Lince', 1024.670, 146, '2018-09-01', NULL, 15, '2019-01-24 11:25:31', '2019-01-24 11:25:31', 12),
	(1841, 33, '2018-11-28', 'Incasso affitto Cambioidea - Settembre 2018 SALDO DI GRANCHIA', -35.040, 146, '2018-09-01', NULL, 9, '2019-01-24 11:25:31', '2019-01-24 11:25:31', 12),
	(1842, 33, '2018-11-24', 'Incasso Cambioidea - Settembre 2018', 548.790, 146, '2018-09-01', NULL, 14, '2019-01-24 11:25:31', '2019-01-24 11:25:31', 12),
	(1847, 33, '2018-12-06', 'Incasso quote MIL Cambioidea - Ottobre 2018 da Lince', -395.000, 146, '2018-10-01', NULL, 12, '2019-01-24 11:27:33', '2019-01-24 11:27:33', 12),
	(1848, 33, '2018-11-24', 'Incasso Cambioidea - Ottobre 2018', -476.000, 146, '2018-10-01', NULL, 25, '2019-01-24 11:27:33', '2019-01-24 11:27:33', 12),
	(1849, 33, '2019-01-24', 'incasso Cambioidea - Ottobre 2018', 1428.670, 146, '2018-10-01', NULL, 15, '2019-01-24 11:27:33', '2019-01-24 11:27:33', 12),
	(1850, 33, '2019-01-24', 'Incasso affitto Cambioidea - Ottobre 2018', -1456.880, 146, '2018-10-01', NULL, 9, '2019-01-24 11:27:33', '2019-01-24 11:27:33', 12),
	(1851, 33, '2018-11-24', 'Incasso Cambioidea - Ottobre 2018', 403.210, 146, '2018-10-01', NULL, 14, '2019-01-24 11:27:33', '2019-01-24 11:27:33', 12),
	(1852, 33, '2019-01-24', 'Incasso Cambioidea - Novembre 2018', -31.800, 146, '2018-11-01', NULL, 25, '2019-01-24 11:27:55', '2019-01-24 11:27:55', 12),
	(1853, 33, '2018-12-31', 'Incasso affitto Cambioidea - Novembre 2018 Alce', -101.000, 146, '2018-11-01', NULL, 9, '2019-01-24 11:27:55', '2019-01-24 11:27:55', 12),
	(1854, 33, '2019-01-15', 'Incasso Cambioidea - Novembre 2018 Arsella', 273.550, 146, '2018-11-01', NULL, 14, '2019-01-24 11:27:55', '2019-01-24 11:27:55', 12),
	(1856, 80, '2019-01-24', 'Incasso quote MIL Vidracco - Porta di Vidrè - Dicembre 2018', -220.000, 140, '2018-12-01', NULL, 12, '2019-01-24 13:54:57', '2019-01-24 13:54:57', 12),
	(1857, 80, '2019-01-24', 'Incasso quote Atenà Vidracco - Porta di Vidrè - Dicembre 2018', -160.000, 140, '2018-12-01', NULL, 12, '2019-01-24 13:54:57', '2019-01-24 13:54:57', 12),
	(1858, 80, '2019-01-24', 'Incasso Vidracco - Porta di Vidrè - Dicembre 2018', -269.380, 140, '2018-12-01', NULL, 25, '2019-01-24 13:54:57', '2019-01-24 13:54:57', 12),
	(1859, 80, '2019-01-24', 'incasso Vidracco - Porta di Vidrè - Dicembre 2018', 43.140, 140, '2018-12-01', NULL, 15, '2019-01-24 13:54:57', '2019-01-24 13:54:57', 12),
	(1860, 80, '2019-01-24', 'Incasso Vidracco - Porta di Vidrè - Dicembre 2018', -240.000, 140, '2018-12-01', NULL, 14, '2019-01-24 13:54:57', '2019-01-24 13:54:57', 12),
	(1871, 98, '2019-01-24', 'Incasso quote MIL Atlan - Dicembre 2018', -275.000, 175, '2018-12-01', NULL, 12, '2019-01-24 14:00:22', '2019-01-24 14:00:22', 12),
	(1872, 98, '2019-01-24', 'Incasso quote Atenà Atlan - Dicembre 2018', -200.000, 175, '2018-12-01', NULL, 12, '2019-01-24 14:00:22', '2019-01-24 14:00:22', 12),
	(1873, 98, '2019-01-24', 'incasso Atlan - Dicembre 2018', 1257.000, 175, '2018-12-01', NULL, 15, '2019-01-24 14:00:22', '2019-01-24 14:00:22', 12),
	(1874, 98, '2019-01-24', 'Incasso affitto Atlan - Dicembre 2018', -1320.000, 175, '2018-12-01', NULL, 9, '2019-01-24 14:00:22', '2019-01-24 14:00:22', 12),
	(1875, 98, '2019-01-24', 'Incasso Atlan - Dicembre 2018', -17.000, 175, '2018-12-01', NULL, 14, '2019-01-24 14:00:22', '2019-01-24 14:00:22', 12),
	(1876, 25, '2019-01-24', 'Incasso federale Fondi Pensione', -90.000, 147, '2018-10-01', NULL, 26, '2019-01-24 16:34:38', '2019-01-24 16:34:38', 12),
	(1877, 25, '2019-01-24', 'Incasso federale Fondi Pensione', -90.000, 147, '2018-11-01', NULL, 26, '2019-01-24 16:34:45', '2019-01-24 16:34:45', 12),
	(1878, 20, '2019-01-25', 'Incasso quote MIL Porta del Sole (PdS) - Dicembre 2018', -855.000, 117, '2018-12-01', NULL, 12, '2019-01-25 09:32:55', '2019-01-25 09:32:55', 12),
	(1879, 20, '2019-01-25', 'Incasso rimborsi MIL Porta del Sole (PdS) - Dicembre 2018 (milri)', -2733.300, 117, '2018-12-01', NULL, 43, '2019-01-25 09:32:55', '2019-01-25 09:32:55', 12),
	(1880, 20, '2019-01-16', 'Incasso quote Atenà Porta del Sole (PdS) - Dicembre 2018', -600.000, 117, '2018-12-01', NULL, 12, '2019-01-25 09:32:55', '2019-01-25 09:32:55', 12),
	(1881, 20, '2019-01-14', 'Incasso Porta del Sole (PdS) - Dicembre 2018', -1050.000, 117, '2018-12-01', NULL, 25, '2019-01-25 09:32:55', '2019-01-25 09:32:55', 12),
	(1882, 20, '2019-01-16', 'incasso Porta del Sole (PdS) - Dicembre 2018', 2076.640, 117, '2018-12-01', NULL, 15, '2019-01-25 09:32:55', '2019-01-25 09:32:55', 12),
	(1883, 20, '2019-01-16', 'Incasso affitto Porta del Sole (PdS) - Dicembre 2018', -787.000, 117, '2018-12-01', NULL, 9, '2019-01-25 09:32:55', '2019-01-25 09:32:55', 12),
	(1884, 20, '2019-01-16', 'Incasso Porta del Sole (PdS) - Dicembre 2018', -650.000, 117, '2018-12-01', NULL, 14, '2019-01-25 09:32:55', '2019-01-25 09:32:55', 12),
	(1885, 13, '2019-01-25', 'Incasso quote MIL Cibele - Dicembre 2018', -440.000, 151, '2018-12-01', NULL, 12, '2019-01-25 11:18:02', '2019-01-25 11:18:02', 12),
	(1886, 13, '2019-01-25', 'Incasso quote Atenà Cibele - Dicembre 2018', -320.000, 151, '2018-12-01', NULL, 12, '2019-01-25 11:18:02', '2019-01-25 11:18:02', 12),
	(1887, 13, '2019-01-25', 'Incasso Cibele - Dicembre 2018', -271.000, 151, '2018-12-01', NULL, 25, '2019-01-25 11:18:02', '2019-01-25 11:18:02', 12),
	(1888, 13, '2019-01-25', 'incasso Cibele - Dicembre 2018', 1200.000, 151, '2018-12-01', NULL, 15, '2019-01-25 11:18:02', '2019-01-25 11:18:02', 12),
	(1889, 13, '2019-01-25', 'Incasso affitto Cibele - Dicembre 2018', -1045.000, 151, '2018-12-01', NULL, 9, '2019-01-25 11:18:02', '2019-01-25 11:18:02', 12),
	(1890, 13, '2019-01-25', 'Incasso Cibele - Dicembre 2018', -408.700, 151, '2018-12-01', NULL, 14, '2019-01-25 11:18:02', '2019-01-25 11:18:02', 12),
	(1891, 13, '2019-01-25', 'Incasso federale Servizi', -532.100, 151, '2018-12-01', NULL, 29, '2019-01-25 11:18:07', '2019-01-25 11:18:07', 12),
	(1892, 87, '2019-01-25', 'incasso X-DIVERSI-LUPA - Dicembre 2018', 600.000, 158, '2018-12-01', NULL, 15, '2019-01-25 17:23:22', '2019-01-25 17:23:22', 12),
	(1893, 87, '2019-01-25', 'incasso X-DIVERSI-LUPA - Novembre 2018', 600.000, 158, '2018-11-01', NULL, 15, '2019-01-25 17:23:26', '2019-01-25 17:23:26', 12),
	(1894, 21, '2019-01-10', 'Incasso quote MIL Eco - Dicembre 2018', -570.000, 134, '2018-12-01', NULL, 12, '2019-01-25 17:26:32', '2019-01-25 17:26:32', 12),
	(1895, 21, '2019-01-10', 'Incasso quote Atenà Eco - Dicembre 2018', -400.000, 134, '2018-12-01', NULL, 12, '2019-01-25 17:26:32', '2019-01-25 17:26:32', 12),
	(1896, 21, '2019-01-25', 'Incasso Eco - Dicembre 2018', -108.000, 134, '2018-12-01', NULL, 25, '2019-01-25 17:26:32', '2019-01-25 17:26:32', 12),
	(1897, 21, '2019-01-25', 'incasso Eco - Dicembre 2018', 1110.510, 134, '2018-12-01', NULL, 15, '2019-01-25 17:26:32', '2019-01-25 17:26:32', 12),
	(1898, 21, '2019-01-25', 'Incasso affitto Eco - Dicembre 2018', -2371.810, 134, '2018-12-01', NULL, 9, '2019-01-25 17:26:32', '2019-01-25 17:26:32', 12),
	(1899, 21, '2019-01-14', 'Incasso Eco - Dicembre 2018', -320.000, 134, '2018-12-01', NULL, 14, '2019-01-25 17:26:32', '2019-01-25 17:26:32', 12);

-- Dump della struttura di tabella cittadini_dev.house_pn_funds
CREATE TABLE IF NOT EXISTS `house_pn_funds` (
  `id` bigint(20) unsigned NOT NULL AUTO_INCREMENT,
  `is_default` tinyint(1) DEFAULT 0,
  `house_id` bigint(20) unsigned DEFAULT NULL,
  `descrizione` varchar(255) DEFAULT NULL,
  `created_at` datetime NOT NULL DEFAULT current_timestamp(),
  `updated_at` datetime NOT NULL DEFAULT current_timestamp(),
  `user_id` bigint(20) unsigned DEFAULT NULL,
  PRIMARY KEY (`id`),
  KEY `fki_house_pn_fund` (`id`)
) ENGINE=InnoDB AUTO_INCREMENT=176 DEFAULT CHARSET=utf8;

-- Dump dei dati della tabella cittadini_dev.house_pn_funds: ~151 rows (circa)
INSERT INTO `house_pn_funds` (`id`, `is_default`, `house_id`, `descrizione`, `created_at`, `updated_at`, `user_id`) VALUES
	(1, 1, 3, 'CASSA ORDINARIA', '2018-08-21 08:30:39', '2018-09-09 09:03:15', 1),
	(2, 0, 3, 'FONDO SOLIDARIETA\'', '2018-08-21 08:30:59', '2018-08-21 08:30:59', 1),
	(3, 0, 3, 'Alimentazione (esterno)', '2018-08-21 10:35:05', '2018-08-21 10:35:05', 1),
	(4, 0, 3, 'Alimentazione (interno)', '2018-08-21 10:45:29', '2018-08-21 10:45:29', 13),
	(5, 0, 3, 'Cittadino', '2018-08-21 10:45:51', '2018-08-21 10:45:51', 13),
	(6, 0, 3, 'Utenze', '2018-08-21 10:46:05', '2018-08-21 10:46:05', 13),
	(7, 0, 3, 'Manutenzione', '2018-08-21 10:46:25', '2018-08-21 10:46:25', 13),
	(8, 0, 3, 'Igiene', '2018-08-21 10:46:36', '2018-08-21 10:46:36', 13),
	(9, 0, 3, 'Ospitalità', '2018-08-21 10:46:53', '2018-08-21 10:46:53', 13),
	(10, 0, 3, 'Regione', '2018-08-21 10:47:03', '2018-08-21 10:47:03', 13),
	(11, 0, 3, 'SPESE DA PAGARE', '2018-09-02 06:28:36', '2018-09-02 06:28:36', 1),
	(12, 1, 16, 'CASSA ORDINARIA', '2018-09-15 17:18:49', '2018-09-16 17:43:44', 13),
	(13, 0, 16, 'Cassa investimenti', '2018-09-15 17:21:00', '2018-09-16 17:40:31', 13),
	(14, 0, 16, 'Fondo di Solidarietà', '2018-09-15 17:22:28', '2018-09-16 17:41:54', 17),
	(15, 0, 16, 'Cassa legna', '2018-09-15 17:22:55', '2018-09-16 17:41:19', 13),
	(16, 0, 16, 'Cassa scorte', '2018-09-15 17:23:18', '2018-09-16 17:41:40', 13),
	(17, 0, 16, 'Cassa Itineranze', '2018-09-15 17:24:17', '2018-09-16 17:41:03', 13),
	(18, 1, 32, 'CASSA ORDINARIA', '2018-08-21 08:30:39', '2018-09-09 09:03:15', 1),
	(19, 0, 32, 'FONDO SOLIDARIETA\'', '2018-08-21 08:30:59', '2018-08-21 08:30:59', 1),
	(20, 0, 32, 'Alimentazione (esterno)', '2018-08-21 10:35:05', '2018-08-21 10:35:05', 1),
	(21, 0, 32, 'Alimentazione (interno)', '2018-08-21 10:45:29', '2018-08-21 10:45:29', 13),
	(22, 0, 32, 'Cittadino', '2018-08-21 10:45:51', '2018-08-21 10:45:51', 13),
	(23, 0, 32, 'Utenze', '2018-08-21 10:46:05', '2018-08-21 10:46:05', 13),
	(24, 0, 32, 'Manutenzione', '2018-08-21 10:46:25', '2018-08-21 10:46:25', 13),
	(25, 0, 32, 'Igiene', '2018-08-21 10:46:36', '2018-08-21 10:46:36', 13),
	(26, 0, 32, 'Ospitalità', '2018-08-21 10:46:53', '2018-08-21 10:46:53', 13),
	(27, 0, 32, 'Regione', '2018-08-21 10:47:03', '2018-08-21 10:47:03', 13),
	(30, 0, 32, 'Cassa investimenti', '2018-09-15 17:21:00', '2018-09-15 17:21:00', 17),
	(31, 0, 32, 'Fondo di Solidarietà', '2018-09-15 17:22:28', '2018-09-15 17:22:28', 17),
	(32, 0, 32, 'Cassa legna', '2018-09-15 17:22:55', '2018-09-15 17:22:55', 17),
	(33, 0, 32, 'Cassa scorte', '2018-09-15 17:23:18', '2018-09-15 17:23:18', 17),
	(34, 0, 32, 'Cassa Itineranze', '2018-09-15 17:24:17', '2018-09-15 17:24:17', 17),
	(53, 0, 16, 'FONDO SOLIDARIETA\'', '2018-08-21 08:30:59', '2018-08-21 08:30:59', 1),
	(54, 0, 16, 'Alimentazione (esterno)', '2018-08-21 10:35:05', '2018-08-21 10:35:05', 1),
	(55, 0, 16, 'Alimentazione (interno)', '2018-08-21 10:45:29', '2018-08-21 10:45:29', 13),
	(56, 0, 16, 'Cittadino', '2018-08-21 10:45:51', '2018-08-21 10:45:51', 13),
	(57, 0, 16, 'Utenze', '2018-08-21 10:46:05', '2018-08-21 10:46:05', 13),
	(58, 0, 16, 'Manutenzione', '2018-08-21 10:46:25', '2018-08-21 10:46:25', 13),
	(59, 0, 16, 'Igiene', '2018-08-21 10:46:36', '2018-08-21 10:46:36', 13),
	(60, 0, 16, 'Ospitalità', '2018-08-21 10:46:53', '2018-08-21 10:46:53', 13),
	(61, 0, 16, 'Regione', '2018-08-21 10:47:03', '2018-08-21 10:47:03', 13),
	(62, 0, 16, 'SPESE DA PAGARE', '2018-09-02 06:28:36', '2018-09-02 06:28:36', 1),
	(63, 0, 27, 'FONDO SOLIDARIETA\'', '2018-08-21 08:30:59', '2018-08-21 08:30:59', 1),
	(64, 0, 27, 'Alimentazione (esterno)', '2018-08-21 10:35:05', '2018-08-21 10:35:05', 1),
	(65, 0, 27, 'Alimentazione (interno)', '2018-08-21 10:45:29', '2018-08-21 10:45:29', 13),
	(66, 0, 27, 'Cittadino', '2018-08-21 10:45:51', '2018-08-21 10:45:51', 13),
	(67, 0, 27, 'Utenze', '2018-08-21 10:46:05', '2018-08-21 10:46:05', 13),
	(68, 0, 27, 'Manutenzione', '2018-08-21 10:46:25', '2018-08-21 10:46:25', 13),
	(69, 0, 27, 'Igiene', '2018-08-21 10:46:36', '2018-08-21 10:46:36', 13),
	(70, 0, 27, 'Ospitalità', '2018-08-21 10:46:53', '2018-08-21 10:46:53', 13),
	(71, 0, 27, 'Regione', '2018-08-21 10:47:03', '2018-08-21 10:47:03', 13),
	(73, 1, 27, 'CASSA ORDINARIA', '2018-08-21 08:30:39', '2018-09-09 09:03:15', 1),
	(74, 0, 5, 'FONDO SOLIDARIETA\'', '2018-08-21 08:30:59', '2018-08-21 08:30:59', 1),
	(75, 0, 5, 'Alimentazione (esterno)', '2018-08-21 10:35:05', '2018-08-21 10:35:05', 1),
	(76, 0, 5, 'Alimentazione (interno)', '2018-08-21 10:45:29', '2018-08-21 10:45:29', 13),
	(77, 0, 5, 'Cittadino', '2018-08-21 10:45:51', '2018-08-21 10:45:51', 13),
	(78, 0, 5, 'Utenze', '2018-08-21 10:46:05', '2018-08-21 10:46:05', 13),
	(79, 0, 5, 'Manutenzione', '2018-08-21 10:46:25', '2018-08-21 10:46:25', 13),
	(80, 0, 5, 'Igiene', '2018-08-21 10:46:36', '2018-08-21 10:46:36', 13),
	(81, 0, 5, 'Ospitalità', '2018-08-21 10:46:53', '2018-08-21 10:46:53', 13),
	(82, 0, 5, 'Regione', '2018-08-21 10:47:03', '2018-08-21 10:47:03', 13),
	(84, 1, 5, 'CASSA ORDINARIA', '2018-08-21 08:30:39', '2018-10-20 20:19:22', 13),
	(85, 0, 56, 'FONDO SOLIDARIETA\'', '2018-08-21 08:30:59', '2018-08-21 08:30:59', 1),
	(86, 0, 56, 'Alimentazione (esterno)', '2018-08-21 10:35:05', '2018-08-21 10:35:05', 1),
	(87, 0, 56, 'Alimentazione (interno)', '2018-08-21 10:45:29', '2018-08-21 10:45:29', 13),
	(88, 0, 56, 'Cittadino', '2018-08-21 10:45:51', '2018-08-21 10:45:51', 13),
	(89, 0, 56, 'Utenze', '2018-08-21 10:46:05', '2018-08-21 10:46:05', 13),
	(90, 0, 56, 'Manutenzione', '2018-08-21 10:46:25', '2018-08-21 10:46:25', 13),
	(91, 0, 56, 'Igiene', '2018-08-21 10:46:36', '2018-08-21 10:46:36', 13),
	(92, 0, 56, 'Ospitalità', '2018-08-21 10:46:53', '2018-08-21 10:46:53', 13),
	(93, 0, 56, 'Regione', '2018-08-21 10:47:03', '2018-08-21 10:47:03', 13),
	(95, 1, 56, 'CASSA ORDINARIA', '2018-08-21 08:30:39', '2018-09-09 09:03:15', 1),
	(96, 0, 18, 'FONDO SOLIDARIETA\'', '2018-08-21 08:30:59', '2018-08-21 08:30:59', 1),
	(97, 0, 18, 'Alimentazione (esterno)', '2018-08-21 10:35:05', '2018-08-21 10:35:05', 1),
	(98, 0, 18, 'Alimentazione (interno)', '2018-08-21 10:45:29', '2018-08-21 10:45:29', 13),
	(99, 0, 18, 'Cittadino', '2018-08-21 10:45:51', '2018-08-21 10:45:51', 13),
	(100, 0, 18, 'Utenze', '2018-08-21 10:46:05', '2018-08-21 10:46:05', 13),
	(101, 0, 18, 'Manutenzione', '2018-08-21 10:46:25', '2018-08-21 10:46:25', 13),
	(102, 0, 18, 'Igiene', '2018-08-21 10:46:36', '2018-08-21 10:46:36', 13),
	(103, 0, 18, 'Ospitalità', '2018-08-21 10:46:53', '2018-08-21 10:46:53', 13),
	(104, 0, 18, 'Regione', '2018-08-21 10:47:03', '2018-08-21 10:47:03', 13),
	(106, 1, 18, 'CASSA ORDINARIA', '2018-08-21 08:30:39', '2018-09-09 09:03:15', 1),
	(107, 0, 20, 'FONDO SOLIDARIETA\'', '2018-08-21 08:30:59', '2018-08-21 08:30:59', 1),
	(108, 0, 20, 'Alimentazione (esterno)', '2018-08-21 10:35:05', '2018-08-21 10:35:05', 1),
	(109, 0, 20, 'Alimentazione (interno)', '2018-08-21 10:45:29', '2018-08-21 10:45:29', 13),
	(110, 0, 20, 'Cittadino', '2018-08-21 10:45:51', '2018-08-21 10:45:51', 13),
	(111, 0, 20, 'Utenze', '2018-08-21 10:46:05', '2018-08-21 10:46:05', 13),
	(112, 0, 20, 'Manutenzione', '2018-08-21 10:46:25', '2018-08-21 10:46:25', 13),
	(113, 0, 20, 'Igiene', '2018-08-21 10:46:36', '2018-08-21 10:46:36', 13),
	(114, 0, 20, 'Ospitalità', '2018-08-21 10:46:53', '2018-08-21 10:46:53', 13),
	(115, 0, 20, 'Regione', '2018-08-21 10:47:03', '2018-08-21 10:47:03', 13),
	(116, 0, 20, 'SPESE DA PAGARE', '2018-09-02 06:28:36', '2018-09-02 06:28:36', 1),
	(117, 1, 20, 'CASSA ORDINARIA', '2018-08-21 08:30:39', '2018-09-09 09:03:15', 1),
	(118, 0, 32, 'Animali da compagnia', '2018-09-19 15:06:14', '2018-09-19 15:06:14', 22),
	(119, 0, 32, 'prova', '2018-09-19 15:22:01', '2018-10-20 20:19:37', 13),
	(120, 0, 32, 'Vino e Olio', '2018-09-24 15:02:44', '2018-09-24 15:02:44', 22),
	(121, 0, 32, 'Sanità', '2018-09-24 15:03:28', '2018-09-24 15:03:28', 22),
	(122, 0, 32, 'metano', '2018-09-30 15:34:54', '2018-09-30 15:34:54', 22),
	(123, 0, 32, 'enel', '2018-09-30 15:35:11', '2018-09-30 15:35:11', 22),
	(124, 0, 32, 'acqua', '2018-09-30 15:35:45', '2018-09-30 15:35:45', 22),
	(125, 0, 32, 'rifiuti', '2018-09-30 15:36:02', '2018-09-30 15:36:02', 22),
	(126, 0, 5, 'CASSA ORDINARIA', '2018-10-03 16:39:10', '2018-10-06 16:43:08', 19),
	(127, 0, 5, 'Varie casa', '2018-10-03 16:42:46', '2018-10-03 16:42:46', 19),
	(128, 0, 16, 'CASSA VUOTA ORDINARIA', '2018-10-08 16:07:40', '2018-11-05 14:33:07', 17),
	(129, 1, 82, 'CASSA ORDINARIA', '2018-11-15 11:41:23', '2018-11-15 11:41:23', 12),
	(130, 1, 41, 'CASSA ORDINARIA', '2018-11-15 13:56:41', '2018-11-15 13:56:41', 12),
	(131, 1, 46, 'CASSA ORDINARIA', '2018-11-15 15:39:25', '2018-11-15 15:39:25', 12),
	(132, 1, 9, 'CASSA ORDINARIA', '2018-11-16 10:46:01', '2018-11-16 10:46:01', 12),
	(133, 1, 1, 'CASSA ORDINARIA', '2018-11-17 10:32:32', '2018-11-17 10:32:32', 12),
	(134, 1, 21, 'CASSA ORDINARIA', '2018-11-20 10:46:01', '2018-11-20 10:46:01', 12),
	(135, 1, 30, 'CASSA ORDINARIA', '2018-11-20 11:04:28', '2018-11-20 11:04:28', 12),
	(136, 1, 43, 'CASSA ORDINARIA', '2018-11-21 09:45:44', '2018-11-21 09:45:44', 12),
	(137, 1, 10, 'CASSA ORDINARIA', '2018-11-22 08:45:50', '2018-11-22 08:45:50', 12),
	(138, 1, 34, 'CASSA ORDINARIA', '2018-11-22 11:38:13', '2018-11-22 11:38:13', 12),
	(139, 1, 49, 'CASSA ORDINARIA', '2018-11-22 13:54:29', '2018-11-22 13:54:29', 12),
	(140, 1, 80, 'CASSA ORDINARIA', '2018-11-22 14:22:07', '2018-11-22 14:22:07', 12),
	(141, 1, 28, 'CASSA ORDINARIA', '2018-11-23 09:38:33', '2018-11-23 09:38:33', 12),
	(142, 1, 44, 'CASSA ORDINARIA', '2018-11-23 15:46:13', '2018-11-23 15:46:13', 12),
	(143, 1, 12, 'CASSA ORDINARIA', '2018-11-24 10:16:18', '2018-11-24 10:16:18', 12),
	(144, 1, 15, 'CASSA ORDINARIA', '2018-11-24 15:39:33', '2018-11-24 15:39:33', 12),
	(145, 1, 31, 'CASSA ORDINARIA', '2018-11-24 15:46:22', '2018-11-24 15:46:22', 12),
	(146, 1, 33, 'CASSA ORDINARIA', '2018-11-24 15:49:17', '2018-11-24 15:49:17', 12),
	(147, 1, 25, 'CASSA ORDINARIA', '2018-11-26 09:00:07', '2018-11-26 09:00:07', 12),
	(148, 1, 4, 'CASSA ORDINARIA', '2018-11-26 09:00:36', '2018-11-26 09:00:36', 12),
	(149, 1, 26, 'CASSA ORDINARIA', '2018-11-26 09:01:08', '2018-11-26 09:01:08', 12),
	(150, 1, 85, 'CASSA ORDINARIA', '2018-11-26 14:22:53', '2018-11-26 14:22:53', 12),
	(151, 1, 13, 'CASSA ORDINARIA', '2018-11-26 16:12:32', '2018-11-26 16:12:32', 12),
	(152, 1, 91, 'CASSA ORDINARIA', '2018-11-28 10:23:28', '2018-11-28 10:23:28', 12),
	(153, 1, 75, 'CASSA ORDINARIA', '2018-11-28 11:10:24', '2018-11-28 11:10:24', 12),
	(154, 1, 83, 'CASSA ORDINARIA', '2018-11-28 11:31:18', '2018-11-28 11:31:18', 12),
	(155, 1, 64, 'CASSA ORDINARIA', '2018-11-29 14:21:14', '2018-11-29 14:21:14', 12),
	(156, 1, 6, 'CASSA ORDINARIA', '2018-11-30 11:55:07', '2018-11-30 11:55:07', 12),
	(157, 1, 92, 'CASSA ORDINARIA', '2018-12-03 14:12:39', '2018-12-03 14:12:39', 12),
	(158, 1, 87, 'CASSA ORDINARIA', '2018-12-03 16:07:43', '2018-12-03 16:07:43', 12),
	(159, 1, 68, 'CASSA ORDINARIA', '2018-12-06 16:15:35', '2018-12-06 16:15:35', 12),
	(160, 1, 77, 'CASSA ORDINARIA', '2018-12-06 16:15:50', '2018-12-06 16:15:50', 12),
	(161, 1, 94, 'CASSA ORDINARIA', '2018-12-06 16:52:18', '2018-12-06 16:52:18', 12),
	(162, 1, 48, 'CASSA ORDINARIA', '2018-12-07 10:48:14', '2018-12-07 10:48:14', 12),
	(163, 1, 93, 'CASSA ORDINARIA', '2018-12-07 13:47:24', '2018-12-07 13:47:24', 12),
	(164, 1, 78, 'CASSA ORDINARIA', '2018-12-11 16:59:04', '2018-12-11 16:59:04', 12),
	(165, 1, 86, 'CASSA ORDINARIA', '2018-12-13 09:04:34', '2018-12-13 09:04:34', 12),
	(166, 1, 45, 'CASSA ORDINARIA', '2018-12-19 11:43:19', '2018-12-19 11:43:19', 12),
	(167, 1, 59, 'CASSA ORDINARIA', '2019-01-02 09:14:00', '2019-01-02 09:14:00', 12),
	(168, 1, 60, 'CASSA ORDINARIA', '2019-01-02 09:25:04', '2019-01-02 09:25:04', 12),
	(169, 1, 61, 'CASSA ORDINARIA', '2019-01-02 10:12:44', '2019-01-02 10:12:44', 12),
	(170, 1, 100, 'CASSA ORDINARIA', '2019-01-09 10:10:40', '2019-01-09 10:10:40', 12),
	(171, 1, 63, 'CASSA ORDINARIA', '2019-01-09 10:13:47', '2019-01-09 10:13:47', 12),
	(172, 1, 54, 'CASSA ORDINARIA', '2019-01-14 16:37:03', '2019-01-14 16:37:03', 12),
	(173, 1, 79, 'CASSA ORDINARIA', '2019-01-15 10:36:18', '2019-01-15 10:36:18', 12),
	(174, 1, 8, 'CASSA ORDINARIA', '2019-01-15 11:18:07', '2019-01-15 11:18:07', 12),
	(175, 1, 98, 'CASSA ORDINARIA', '2019-01-24 14:00:07', '2019-01-24 14:00:07', 12);

-- Dump della struttura di tabella cittadini_dev.house_pn_funds_default
CREATE TABLE IF NOT EXISTS `house_pn_funds_default` (
  `id` bigint(20) unsigned NOT NULL AUTO_INCREMENT,
  `is_default` tinyint(1) DEFAULT 0,
  `house_id` bigint(20) unsigned DEFAULT NULL,
  `descrizione` varchar(255) DEFAULT NULL,
  `created_at` datetime NOT NULL DEFAULT current_timestamp(),
  `updated_at` datetime NOT NULL DEFAULT current_timestamp(),
  `user_id` bigint(20) unsigned DEFAULT NULL,
  PRIMARY KEY (`id`)
) ENGINE=InnoDB DEFAULT CHARSET=utf8;

-- Dump dei dati della tabella cittadini_dev.house_pn_funds_default: ~0 rows (circa)

-- Dump della struttura di tabella cittadini_dev.house_qecs
CREATE TABLE IF NOT EXISTS `house_qecs` (
  `id` bigint(20) unsigned NOT NULL AUTO_INCREMENT,
  `competenza` date DEFAULT NULL,
  `house_id` bigint(20) unsigned NOT NULL,
  `created_at` datetime NOT NULL DEFAULT current_timestamp(),
  `updated_at` datetime NOT NULL DEFAULT current_timestamp(),
  `user_id` bigint(20) unsigned DEFAULT NULL,
  PRIMARY KEY (`id`),
  KEY `fki_house_qec_houses` (`house_id`)
) ENGINE=InnoDB AUTO_INCREMENT=31 DEFAULT CHARSET=utf8;

-- Dump dei dati della tabella cittadini_dev.house_qecs: ~7 rows (circa)
INSERT INTO `house_qecs` (`id`, `competenza`, `house_id`, `created_at`, `updated_at`, `user_id`) VALUES
	(1, '2018-08-01', 3, '2018-09-15 10:08:35', '2018-09-15 10:08:35', 1),
	(2, '2018-07-01', 32, '2018-09-16 19:24:44', '2018-09-16 19:24:44', 13),
	(5, '2018-07-01', 16, '2018-09-18 09:01:47', '2018-09-18 09:01:47', 13),
	(19, '2018-09-01', 27, '2018-10-16 12:27:20', '2018-10-16 12:27:20', 18),
	(22, '2018-08-01', 5, '2018-10-19 16:24:18', '2018-10-19 16:24:18', 19),
	(23, '2018-08-01', 32, '2018-10-24 16:17:09', '2018-10-24 16:17:09', 22),
	(30, '2018-08-01', 16, '2018-11-20 16:09:48', '2018-11-20 16:09:48', 17);

-- Dump della struttura di tabella cittadini_dev.house_qec_shares
CREATE TABLE IF NOT EXISTS `house_qec_shares` (
  `id` bigint(20) unsigned NOT NULL AUTO_INCREMENT,
  `house_id` bigint(20) unsigned NOT NULL,
  `house_account_id` bigint(20) unsigned NOT NULL,
  `created_at` datetime NOT NULL DEFAULT current_timestamp(),
  `updated_at` datetime NOT NULL DEFAULT current_timestamp(),
  `user_id` bigint(20) unsigned DEFAULT NULL,
  PRIMARY KEY (`id`),
  KEY `fki_house_qec_share_house_accounts` (`house_account_id`),
  KEY `fki_house_qec_share_houses` (`house_id`)
) ENGINE=InnoDB AUTO_INCREMENT=34 DEFAULT CHARSET=utf8;

-- Dump dei dati della tabella cittadini_dev.house_qec_shares: ~32 rows (circa)
INSERT INTO `house_qec_shares` (`id`, `house_id`, `house_account_id`, `created_at`, `updated_at`, `user_id`) VALUES
	(1, 3, 6, '2018-09-15 07:02:40', '2018-09-15 07:02:40', 1),
	(2, 3, 1, '2018-09-15 13:17:59', '2018-09-15 13:17:59', 1),
	(4, 32, 6, '2018-09-16 19:36:30', '2018-09-16 19:36:30', 22),
	(5, 16, 4, '2018-09-17 10:08:53', '2018-09-17 10:08:53', 17),
	(6, 16, 1, '2018-09-17 21:09:45', '2018-09-17 21:09:45', 17),
	(7, 16, 3, '2018-09-17 21:55:58', '2018-09-17 21:55:58', 17),
	(8, 16, 10, '2018-09-17 21:58:42', '2018-09-17 21:58:42', 17),
	(9, 56, 6, '2018-09-21 09:17:36', '2018-09-21 09:17:36', 20),
	(10, 16, 6, '2018-10-03 09:52:11', '2018-10-03 09:52:11', 17),
	(11, 16, 8, '2018-10-03 11:22:35', '2018-10-03 11:22:35', 17),
	(12, 16, 9, '2018-10-03 11:22:54', '2018-10-03 11:22:54', 17),
	(13, 16, 7, '2018-10-03 11:23:13', '2018-10-03 11:23:13', 17),
	(14, 16, 17, '2018-10-03 11:23:27', '2018-10-03 11:23:27', 17),
	(15, 16, 5, '2018-10-03 11:23:46', '2018-10-03 11:23:46', 17),
	(16, 16, 11, '2018-10-03 11:24:15', '2018-10-03 11:24:15', 17),
	(17, 32, 8, '2018-10-03 11:36:56', '2018-10-03 11:36:56', 22),
	(18, 32, 1, '2018-10-03 11:37:11', '2018-10-03 11:37:11', 22),
	(19, 32, 9, '2018-10-03 11:37:24', '2018-10-03 11:37:24', 22),
	(20, 32, 7, '2018-10-03 11:37:36', '2018-10-03 11:37:36', 22),
	(21, 27, 6, '2018-10-16 08:57:12', '2018-10-16 08:57:12', 18),
	(22, 27, 1, '2018-10-16 09:00:15', '2018-10-16 09:00:15', 18),
	(23, 27, 10, '2018-10-16 09:02:00', '2018-10-16 09:02:00', 18),
	(24, 27, 8, '2018-10-16 09:03:12', '2018-10-16 09:03:12', 18),
	(25, 27, 4, '2018-10-16 09:04:27', '2018-10-16 09:04:27', 18),
	(26, 27, 9, '2018-10-16 09:05:51', '2018-10-16 09:05:51', 18),
	(27, 27, 7, '2018-10-16 09:07:11', '2018-10-16 09:07:11', 18),
	(28, 16, 18, '2018-10-19 10:23:00', '2018-10-19 10:23:00', 17),
	(29, 5, 18, '2018-10-23 16:37:19', '2018-10-23 16:37:19', 19),
	(30, 20, 18, '2018-10-24 15:21:45', '2018-10-24 15:21:45', 23),
	(31, 32, 18, '2018-10-24 16:23:20', '2018-10-24 16:23:20', 22),
	(32, 32, 17, '2018-10-29 14:09:43', '2018-10-29 14:09:43', 22),
	(33, 16, 12, '2018-11-19 16:33:29', '2018-11-19 16:33:29', 17);

-- Dump della struttura di tabella cittadini_dev.house_qec_share_people
CREATE TABLE IF NOT EXISTS `house_qec_share_people` (
  `id` bigint(20) unsigned NOT NULL AUTO_INCREMENT,
  `house_qec_share_id` bigint(20) unsigned NOT NULL,
  `person_id` bigint(20) unsigned DEFAULT NULL,
  `share` int(11) DEFAULT NULL,
  `created_at` datetime NOT NULL DEFAULT current_timestamp(),
  `updated_at` datetime NOT NULL DEFAULT current_timestamp(),
  `user_id` bigint(20) unsigned DEFAULT NULL,
  PRIMARY KEY (`id`),
  KEY `fki_house_qec_share_people_header` (`house_qec_share_id`),
  KEY `fki_house_qec_share_people_people` (`person_id`)
) ENGINE=InnoDB AUTO_INCREMENT=696 DEFAULT CHARSET=utf8;

-- Dump dei dati della tabella cittadini_dev.house_qec_share_people: ~668 rows (circa)
INSERT INTO `house_qec_share_people` (`id`, `house_qec_share_id`, `person_id`, `share`, `created_at`, `updated_at`, `user_id`) VALUES
	(1, 1, 415, 0, '2018-09-15 07:02:40', '2018-09-15 13:17:00', 1),
	(2, 1, 174, 1, '2018-09-15 07:02:40', '2018-09-15 07:02:40', 1),
	(3, 1, 18, 1, '2018-09-15 07:02:40', '2018-09-15 07:02:40', 1),
	(4, 1, 320, 1, '2018-09-15 07:02:40', '2018-09-15 07:02:40', 1),
	(5, 1, 159, 1, '2018-09-15 07:02:40', '2018-09-15 07:02:40', 1),
	(6, 1, 258, 1, '2018-09-15 07:02:40', '2018-09-15 07:02:40', 1),
	(7, 1, 37, 1, '2018-09-15 07:02:40', '2018-09-15 07:02:40', 1),
	(8, 1, 51, 1, '2018-09-15 07:02:40', '2018-09-15 07:02:40', 1),
	(9, 1, 292, 1, '2018-09-15 07:02:40', '2018-09-15 07:02:40', 1),
	(10, 1, 10, 1, '2018-09-15 07:02:40', '2018-09-15 07:02:40', 1),
	(11, 1, 114, 1, '2018-09-15 07:02:40', '2018-09-15 07:02:40', 1),
	(12, 1, 28, 1, '2018-09-15 07:02:40', '2018-09-15 07:02:40', 1),
	(13, 1, 5, 1, '2018-09-15 07:02:40', '2018-09-15 07:02:40', 1),
	(14, 1, 166, 1, '2018-09-15 07:02:40', '2018-09-15 07:02:40', 1),
	(15, 1, 481, 1, '2018-09-15 07:02:40', '2018-09-15 07:02:40', 1),
	(16, 1, 482, 1, '2018-09-15 07:02:40', '2018-09-15 07:02:40', 1),
	(17, 1, 437, 0, '2018-09-15 07:02:40', '2018-09-15 13:16:35', 1),
	(18, 1, 452, 1, '2018-09-15 07:02:40', '2018-09-15 07:02:40', 1),
	(19, 2, 415, 1, '2018-09-15 13:17:59', '2018-09-15 13:17:59', 1),
	(20, 2, 174, 1, '2018-09-15 13:17:59', '2018-09-15 13:17:59', 1),
	(21, 2, 18, 1, '2018-09-15 13:17:59', '2018-09-15 13:17:59', 1),
	(22, 2, 320, 1, '2018-09-15 13:17:59', '2018-09-15 13:17:59', 1),
	(23, 2, 159, 1, '2018-09-15 13:17:59', '2018-09-15 13:17:59', 1),
	(24, 2, 258, 1, '2018-09-15 13:17:59', '2018-09-15 13:17:59', 1),
	(25, 2, 37, 1, '2018-09-15 13:17:59', '2018-09-15 13:17:59', 1),
	(26, 2, 51, 1, '2018-09-15 13:17:59', '2018-09-15 13:17:59', 1),
	(27, 2, 292, 1, '2018-09-15 13:17:59', '2018-09-15 13:17:59', 1),
	(28, 2, 10, 1, '2018-09-15 13:17:59', '2018-09-15 13:17:59', 1),
	(29, 2, 114, 1, '2018-09-15 13:17:59', '2018-09-15 13:17:59', 1),
	(30, 2, 28, 1, '2018-09-15 13:17:59', '2018-09-15 13:17:59', 1),
	(31, 2, 5, 1, '2018-09-15 13:17:59', '2018-09-15 13:17:59', 1),
	(32, 2, 166, 1, '2018-09-15 13:17:59', '2018-09-15 13:17:59', 1),
	(33, 2, 481, 1, '2018-09-15 13:17:59', '2018-09-15 13:17:59', 1),
	(34, 2, 482, 1, '2018-09-15 13:17:59', '2018-09-15 13:17:59', 1),
	(35, 2, 437, 1, '2018-09-15 13:17:59', '2018-09-15 13:17:59', 1),
	(36, 2, 452, 1, '2018-09-15 13:17:59', '2018-09-15 13:17:59', 1),
	(62, 4, 389, 69, '2018-09-16 19:36:30', '2018-09-18 09:37:22', 13),
	(63, 4, 192, 74, '2018-09-16 19:36:30', '2018-09-18 09:38:24', 13),
	(64, 4, 81, 75, '2018-09-16 19:36:30', '2018-09-18 09:37:33', 13),
	(65, 4, 307, 72, '2018-09-16 19:36:30', '2018-09-18 09:39:15', 13),
	(66, 4, 38, 73, '2018-09-16 19:36:30', '2018-09-18 09:37:10', 13),
	(67, 4, 124, 84, '2018-09-16 19:36:30', '2018-09-18 09:37:56', 13),
	(68, 4, 407, 0, '2018-09-16 19:36:30', '2018-09-16 19:59:34', 22),
	(69, 4, 254, 73, '2018-09-16 19:36:30', '2018-09-18 09:38:09', 13),
	(70, 4, 6, 75, '2018-09-16 19:36:30', '2018-09-18 09:36:58', 13),
	(71, 4, 214, 84, '2018-09-16 19:36:30', '2018-09-18 09:38:35', 13),
	(72, 4, 294, 73, '2018-09-16 19:36:30', '2018-09-18 09:38:49', 13),
	(73, 4, 94, 74, '2018-09-16 19:36:30', '2018-09-18 09:37:45', 13),
	(74, 4, 431, 0, '2018-09-16 19:36:30', '2018-09-16 19:38:47', 22),
	(75, 4, 432, 0, '2018-09-16 19:36:30', '2018-09-16 19:38:56', 22),
	(76, 4, 525, 68, '2018-09-16 21:15:18', '2018-09-18 09:39:00', 13),
	(77, 5, 92, 1, '2018-09-17 10:08:53', '2018-09-17 10:08:53', 17),
	(78, 5, 468, 0, '2018-09-17 10:08:53', '2018-09-17 10:11:24', 17),
	(79, 5, 433, 0, '2018-09-17 10:08:53', '2018-09-17 10:12:32', 17),
	(80, 5, 434, 0, '2018-09-17 10:08:53', '2018-09-17 10:12:45', 17),
	(81, 5, 435, 0, '2018-09-17 10:08:53', '2018-09-17 10:13:09', 17),
	(82, 5, 412, 0, '2018-09-17 10:08:53', '2018-09-17 10:11:49', 17),
	(83, 5, 510, 0, '2018-09-17 10:08:53', '2018-09-17 10:12:01', 17),
	(84, 5, 234, 1, '2018-09-17 10:08:53', '2018-09-17 10:08:53', 17),
	(85, 5, 193, 1, '2018-09-17 10:08:53', '2018-09-17 10:08:53', 17),
	(86, 5, 308, 1, '2018-09-17 10:08:53', '2018-09-17 10:08:53', 17),
	(87, 5, 59, 1, '2018-09-17 10:08:53', '2018-09-17 10:08:53', 17),
	(88, 5, 207, 1, '2018-09-17 10:08:53', '2018-09-17 10:08:53', 17),
	(89, 5, 132, 1, '2018-09-17 10:08:53', '2018-09-17 10:08:53', 17),
	(90, 5, 189, 1, '2018-09-17 10:08:53', '2018-09-17 10:08:53', 17),
	(91, 5, 266, 1, '2018-09-17 10:08:53', '2018-09-17 10:08:53', 17),
	(92, 5, 238, 1, '2018-09-17 10:08:53', '2018-09-17 10:08:53', 17),
	(93, 5, 206, 1, '2018-09-17 10:08:53', '2018-09-17 10:08:53', 17),
	(94, 5, 30, 1, '2018-09-17 10:08:53', '2018-09-17 10:08:53', 17),
	(95, 5, 148, 1, '2018-09-17 10:08:53', '2018-09-17 10:08:53', 17),
	(96, 5, 162, 1, '2018-09-17 10:08:53', '2018-09-17 10:08:53', 17),
	(97, 5, 86, 1, '2018-09-17 10:08:53', '2018-09-17 10:08:53', 17),
	(98, 5, 453, 0, '2018-09-17 10:08:53', '2018-09-17 10:12:20', 17),
	(99, 5, 425, 0, '2018-09-17 10:08:53', '2018-09-17 10:12:56', 17),
	(100, 5, 53, 1, '2018-09-17 10:08:53', '2018-09-17 10:08:53', 17),
	(101, 5, 340, 1, '2018-09-17 10:08:53', '2018-09-17 10:08:53', 17),
	(102, 6, 92, 1, '2018-09-17 21:09:45', '2018-09-17 21:09:45', 17),
	(103, 6, 468, 0, '2018-09-17 21:09:45', '2018-09-17 21:53:07', 17),
	(104, 6, 433, 0, '2018-09-17 21:09:45', '2018-09-17 21:54:13', 17),
	(105, 6, 434, 0, '2018-09-17 21:09:45', '2018-09-17 21:54:28', 17),
	(106, 6, 435, 0, '2018-09-17 21:09:45', '2018-09-17 21:54:55', 17),
	(107, 6, 412, 0, '2018-09-17 21:09:45', '2018-09-17 21:52:53', 17),
	(108, 6, 510, 0, '2018-09-17 21:09:45', '2018-09-17 21:53:24', 17),
	(109, 6, 234, 1, '2018-09-17 21:09:45', '2018-09-17 21:09:45', 17),
	(110, 6, 193, 1, '2018-09-17 21:09:45', '2018-09-17 21:09:45', 17),
	(111, 6, 308, 1, '2018-09-17 21:09:45', '2018-09-17 21:09:45', 17),
	(112, 6, 59, 1, '2018-09-17 21:09:45', '2018-09-17 21:09:45', 17),
	(113, 6, 207, 1, '2018-09-17 21:09:45', '2018-09-17 21:09:45', 17),
	(114, 6, 132, 1, '2018-09-17 21:09:45', '2018-09-17 21:09:45', 17),
	(115, 6, 189, 1, '2018-09-17 21:09:45', '2018-09-17 21:09:45', 17),
	(116, 6, 266, 1, '2018-09-17 21:09:45', '2018-09-17 21:09:45', 17),
	(117, 6, 238, 1, '2018-09-17 21:09:45', '2018-09-17 21:09:45', 17),
	(118, 6, 206, 1, '2018-09-17 21:09:45', '2018-09-17 21:09:45', 17),
	(119, 6, 30, 1, '2018-09-17 21:09:45', '2018-09-17 21:09:45', 17),
	(120, 6, 148, 1, '2018-09-17 21:09:45', '2018-09-17 21:09:45', 17),
	(121, 6, 162, 1, '2018-09-17 21:09:45', '2018-09-17 21:09:45', 17),
	(122, 6, 86, 1, '2018-09-17 21:09:45', '2018-09-17 21:09:45', 17),
	(123, 6, 453, 0, '2018-09-17 21:09:45', '2018-09-17 21:53:38', 17),
	(124, 6, 425, 0, '2018-09-17 21:09:45', '2018-09-17 21:54:41', 17),
	(125, 6, 53, 1, '2018-09-17 21:09:45', '2018-09-17 21:09:45', 17),
	(126, 6, 340, 1, '2018-09-17 21:09:45', '2018-09-17 21:09:45', 17),
	(127, 7, 92, 1, '2018-09-17 21:55:58', '2018-09-17 21:55:58', 17),
	(128, 7, 468, 0, '2018-09-17 21:55:58', '2018-09-17 21:56:29', 17),
	(129, 7, 433, 0, '2018-09-17 21:55:58', '2018-09-17 21:57:20', 17),
	(130, 7, 434, 0, '2018-09-17 21:55:58', '2018-09-17 21:57:32', 17),
	(131, 7, 435, 0, '2018-09-17 21:55:58', '2018-09-17 21:57:55', 17),
	(132, 7, 412, 0, '2018-09-17 21:55:58', '2018-09-17 21:56:44', 17),
	(133, 7, 510, 0, '2018-09-17 21:55:58', '2018-09-17 21:56:57', 17),
	(134, 7, 234, 1, '2018-09-17 21:55:58', '2018-09-17 21:55:58', 17),
	(135, 7, 193, 1, '2018-09-17 21:55:58', '2018-09-17 21:55:58', 17),
	(136, 7, 308, 1, '2018-09-17 21:55:58', '2018-09-17 21:55:58', 17),
	(137, 7, 59, 1, '2018-09-17 21:55:58', '2018-09-17 21:55:58', 17),
	(138, 7, 207, 1, '2018-09-17 21:55:58', '2018-09-17 21:55:58', 17),
	(139, 7, 132, 1, '2018-09-17 21:55:58', '2018-09-17 21:55:58', 17),
	(140, 7, 189, 1, '2018-09-17 21:55:58', '2018-09-17 21:55:58', 17),
	(141, 7, 266, 1, '2018-09-17 21:55:58', '2018-09-17 21:55:58', 17),
	(142, 7, 238, 1, '2018-09-17 21:55:58', '2018-09-17 21:55:58', 17),
	(143, 7, 206, 1, '2018-09-17 21:55:58', '2018-09-17 21:55:58', 17),
	(144, 7, 30, 1, '2018-09-17 21:55:58', '2018-09-17 21:55:58', 17),
	(145, 7, 148, 1, '2018-09-17 21:55:58', '2018-09-17 21:55:58', 17),
	(146, 7, 162, 1, '2018-09-17 21:55:58', '2018-09-17 21:55:58', 17),
	(147, 7, 86, 1, '2018-09-17 21:55:58', '2018-09-17 21:55:58', 17),
	(148, 7, 453, 0, '2018-09-17 21:55:58', '2018-09-17 21:57:09', 17),
	(149, 7, 425, 0, '2018-09-17 21:55:58', '2018-09-17 21:57:43', 17),
	(150, 7, 53, 1, '2018-09-17 21:55:58', '2018-09-17 21:55:58', 17),
	(151, 7, 340, 1, '2018-09-17 21:55:58', '2018-09-17 21:55:58', 17),
	(152, 8, 92, 1, '2018-09-17 21:58:42', '2018-09-17 21:58:42', 17),
	(153, 8, 468, 0, '2018-09-17 21:58:42', '2018-09-17 21:59:05', 17),
	(154, 8, 433, 0, '2018-09-17 21:58:42', '2018-09-17 22:00:06', 17),
	(155, 8, 434, 0, '2018-09-17 21:58:42', '2018-09-17 22:00:20', 17),
	(156, 8, 435, 2, '2018-09-17 21:58:42', '2018-09-17 22:01:32', 17),
	(157, 8, 412, 0, '2018-09-17 21:58:42', '2018-09-17 21:58:52', 17),
	(158, 8, 510, 0, '2018-09-17 21:58:42', '2018-09-17 21:59:48', 17),
	(159, 8, 234, 1, '2018-09-17 21:58:42', '2018-09-17 21:58:42', 17),
	(160, 8, 193, 1, '2018-09-17 21:58:42', '2018-09-17 21:58:42', 17),
	(161, 8, 308, 1, '2018-09-17 21:58:42', '2018-09-17 21:58:42', 17),
	(162, 8, 59, 1, '2018-09-17 21:58:42', '2018-09-17 21:58:42', 17),
	(163, 8, 207, 1, '2018-09-17 21:58:42', '2018-09-17 21:58:42', 17),
	(164, 8, 132, 1, '2018-09-17 21:58:42', '2018-09-17 21:58:42', 17),
	(165, 8, 189, 1, '2018-09-17 21:58:42', '2018-09-17 21:58:42', 17),
	(166, 8, 266, 1, '2018-09-17 21:58:42', '2018-09-17 21:58:42', 17),
	(167, 8, 238, 1, '2018-09-17 21:58:42', '2018-09-17 21:58:42', 17),
	(168, 8, 206, 1, '2018-09-17 21:58:42', '2018-09-17 21:58:42', 17),
	(169, 8, 30, 1, '2018-09-17 21:58:42', '2018-09-17 21:58:42', 17),
	(170, 8, 148, 1, '2018-09-17 21:58:42', '2018-09-17 21:58:42', 17),
	(171, 8, 162, 1, '2018-09-17 21:58:42', '2018-09-17 21:58:42', 17),
	(172, 8, 86, 1, '2018-09-17 21:58:42', '2018-09-17 21:58:42', 17),
	(173, 8, 453, 0, '2018-09-17 21:58:42', '2018-09-17 21:59:33', 17),
	(174, 8, 425, 0, '2018-09-17 21:58:42', '2018-09-17 22:00:31', 17),
	(175, 8, 53, 1, '2018-09-17 21:58:42', '2018-09-17 21:58:42', 17),
	(176, 8, 340, 1, '2018-09-17 21:58:42', '2018-09-17 21:58:42', 17),
	(178, 4, NULL, 106, '2018-09-18 09:45:48', '2018-09-18 09:45:48', 13),
	(179, 9, 90, 1, '2018-09-21 09:17:36', '2018-09-21 09:17:36', 20),
	(180, 9, 256, 1, '2018-09-21 09:17:36', '2018-09-21 09:17:36', 20),
	(181, 9, 421, 1, '2018-09-21 09:17:36', '2018-09-21 09:17:36', 20),
	(182, 9, 422, 1, '2018-09-21 09:17:36', '2018-09-21 09:17:36', 20),
	(183, 10, 92, 1, '2018-10-03 09:52:11', '2018-10-03 09:52:11', 17),
	(184, 10, 468, 0, '2018-10-03 09:52:11', '2018-10-03 09:53:06', 17),
	(185, 10, 433, 0, '2018-10-03 09:52:11', '2018-10-03 09:52:41', 17),
	(186, 10, 434, 0, '2018-10-03 09:52:11', '2018-10-03 09:52:33', 17),
	(187, 10, 435, 0, '2018-10-03 09:52:11', '2018-10-03 09:52:18', 17),
	(188, 10, 412, 0, '2018-10-03 09:52:11', '2018-10-03 09:53:14', 17),
	(189, 10, 510, 0, '2018-10-03 09:52:11', '2018-10-03 09:52:51', 17),
	(190, 10, 234, 1, '2018-10-03 09:52:11', '2018-10-03 09:52:11', 17),
	(191, 10, 193, 1, '2018-10-03 09:52:11', '2018-10-03 09:52:11', 17),
	(192, 10, 308, 1, '2018-10-03 09:52:12', '2018-10-03 09:52:12', 17),
	(193, 10, 59, 1, '2018-10-03 09:52:12', '2018-10-03 09:52:12', 17),
	(194, 10, 207, 1, '2018-10-03 09:52:12', '2018-10-03 09:52:12', 17),
	(195, 10, 132, 1, '2018-10-03 09:52:12', '2018-10-03 09:52:12', 17),
	(196, 10, 189, 1, '2018-10-03 09:52:12', '2018-10-03 09:52:12', 17),
	(197, 10, 266, 1, '2018-10-03 09:52:12', '2018-10-03 09:52:12', 17),
	(198, 10, 238, 1, '2018-10-03 09:52:12', '2018-10-03 09:52:12', 17),
	(199, 10, 206, 1, '2018-10-03 09:52:12', '2018-10-03 09:52:12', 17),
	(200, 10, 30, 1, '2018-10-03 09:52:12', '2018-10-03 09:52:12', 17),
	(201, 10, 148, 1, '2018-10-03 09:52:12', '2018-10-03 09:52:12', 17),
	(202, 10, 162, 1, '2018-10-03 09:52:12', '2018-10-03 09:52:12', 17),
	(203, 10, 86, 1, '2018-10-03 09:52:12', '2018-10-03 09:52:12', 17),
	(204, 10, 453, 0, '2018-10-03 09:52:12', '2018-10-03 09:52:58', 17),
	(205, 10, 425, 0, '2018-10-03 09:52:12', '2018-10-03 09:52:26', 17),
	(206, 10, 53, 1, '2018-10-03 09:52:12', '2018-10-03 09:52:12', 17),
	(207, 10, 340, 1, '2018-10-03 09:52:12', '2018-10-03 09:52:12', 17),
	(208, 11, 92, 1, '2018-10-03 11:22:35', '2018-10-03 11:22:35', 17),
	(209, 11, 468, 0, '2018-10-03 11:22:35', '2018-10-03 11:22:35', 17),
	(210, 11, 433, 0, '2018-10-03 11:22:35', '2018-10-03 11:22:35', 17),
	(211, 11, 434, 0, '2018-10-03 11:22:35', '2018-10-03 11:22:35', 17),
	(212, 11, 435, 0, '2018-10-03 11:22:35', '2018-10-03 11:22:35', 17),
	(213, 11, 412, 0, '2018-10-03 11:22:35', '2018-10-03 11:22:35', 17),
	(214, 11, 510, 0, '2018-10-03 11:22:35', '2018-10-03 11:22:35', 17),
	(215, 11, 234, 1, '2018-10-03 11:22:35', '2018-10-03 11:22:35', 17),
	(216, 11, 193, 1, '2018-10-03 11:22:35', '2018-10-03 11:22:35', 17),
	(217, 11, 308, 1, '2018-10-03 11:22:35', '2018-10-03 11:22:35', 17),
	(218, 11, 59, 1, '2018-10-03 11:22:35', '2018-10-03 11:22:35', 17),
	(219, 11, 207, 1, '2018-10-03 11:22:35', '2018-10-03 11:22:35', 17),
	(220, 11, 132, 1, '2018-10-03 11:22:35', '2018-10-03 11:22:35', 17),
	(221, 11, 189, 1, '2018-10-03 11:22:35', '2018-10-03 11:22:35', 17),
	(222, 11, 266, 1, '2018-10-03 11:22:35', '2018-10-03 11:22:35', 17),
	(223, 11, 238, 1, '2018-10-03 11:22:35', '2018-10-03 11:22:35', 17),
	(224, 11, 206, 1, '2018-10-03 11:22:36', '2018-10-03 11:22:36', 17),
	(225, 11, 30, 1, '2018-10-03 11:22:36', '2018-10-03 11:22:36', 17),
	(226, 11, 148, 1, '2018-10-03 11:22:36', '2018-10-03 11:22:36', 17),
	(227, 11, 162, 1, '2018-10-03 11:22:36', '2018-10-03 11:22:36', 17),
	(228, 11, 86, 1, '2018-10-03 11:22:36', '2018-10-03 11:22:36', 17),
	(229, 11, 453, 0, '2018-10-03 11:22:36', '2018-10-03 11:22:36', 17),
	(230, 11, 425, 0, '2018-10-03 11:22:36', '2018-10-03 11:22:36', 17),
	(231, 11, 53, 1, '2018-10-03 11:22:36', '2018-10-03 11:22:36', 17),
	(232, 11, 340, 1, '2018-10-03 11:22:36', '2018-10-03 11:22:36', 17),
	(233, 12, 92, 1, '2018-10-03 11:22:54', '2018-10-03 11:22:54', 17),
	(234, 12, 468, 0, '2018-10-03 11:22:54', '2018-10-03 11:22:54', 17),
	(235, 12, 433, 0, '2018-10-03 11:22:54', '2018-10-03 11:22:54', 17),
	(236, 12, 434, 0, '2018-10-03 11:22:54', '2018-10-03 11:22:54', 17),
	(237, 12, 435, 0, '2018-10-03 11:22:54', '2018-10-03 11:22:54', 17),
	(238, 12, 412, 0, '2018-10-03 11:22:54', '2018-10-03 11:22:54', 17),
	(239, 12, 510, 0, '2018-10-03 11:22:54', '2018-10-03 11:22:54', 17),
	(240, 12, 234, 1, '2018-10-03 11:22:54', '2018-10-03 11:22:54', 17),
	(241, 12, 193, 1, '2018-10-03 11:22:54', '2018-10-03 11:22:54', 17),
	(242, 12, 308, 1, '2018-10-03 11:22:54', '2018-10-03 11:22:54', 17),
	(243, 12, 59, 1, '2018-10-03 11:22:54', '2018-10-03 11:22:54', 17),
	(244, 12, 207, 1, '2018-10-03 11:22:54', '2018-10-03 11:22:54', 17),
	(245, 12, 132, 1, '2018-10-03 11:22:54', '2018-10-03 11:22:54', 17),
	(246, 12, 189, 1, '2018-10-03 11:22:54', '2018-10-03 11:22:54', 17),
	(247, 12, 266, 1, '2018-10-03 11:22:54', '2018-10-03 11:22:54', 17),
	(248, 12, 238, 1, '2018-10-03 11:22:54', '2018-10-03 11:22:54', 17),
	(249, 12, 206, 1, '2018-10-03 11:22:54', '2018-10-03 11:22:54', 17),
	(250, 12, 30, 1, '2018-10-03 11:22:54', '2018-10-03 11:22:54', 17),
	(251, 12, 148, 1, '2018-10-03 11:22:54', '2018-10-03 11:22:54', 17),
	(252, 12, 162, 1, '2018-10-03 11:22:54', '2018-10-03 11:22:54', 17),
	(253, 12, 86, 1, '2018-10-03 11:22:54', '2018-10-03 11:22:54', 17),
	(254, 12, 453, 0, '2018-10-03 11:22:54', '2018-10-03 11:22:54', 17),
	(255, 12, 425, 0, '2018-10-03 11:22:54', '2018-10-03 11:22:54', 17),
	(256, 12, 53, 1, '2018-10-03 11:22:54', '2018-10-03 11:22:54', 17),
	(257, 12, 340, 1, '2018-10-03 11:22:54', '2018-10-03 11:22:54', 17),
	(258, 13, 92, 1, '2018-10-03 11:23:13', '2018-10-03 11:23:13', 17),
	(259, 13, 468, 0, '2018-10-03 11:23:13', '2018-10-03 11:23:13', 17),
	(260, 13, 433, 0, '2018-10-03 11:23:13', '2018-10-03 11:23:13', 17),
	(261, 13, 434, 0, '2018-10-03 11:23:13', '2018-10-03 11:23:13', 17),
	(262, 13, 435, 0, '2018-10-03 11:23:13', '2018-10-03 11:23:13', 17),
	(263, 13, 412, 0, '2018-10-03 11:23:13', '2018-10-03 11:23:13', 17),
	(264, 13, 510, 0, '2018-10-03 11:23:13', '2018-10-03 11:23:13', 17),
	(265, 13, 234, 1, '2018-10-03 11:23:13', '2018-10-03 11:23:13', 17),
	(266, 13, 193, 1, '2018-10-03 11:23:13', '2018-10-03 11:23:13', 17),
	(267, 13, 308, 1, '2018-10-03 11:23:13', '2018-10-03 11:23:13', 17),
	(268, 13, 59, 1, '2018-10-03 11:23:13', '2018-10-03 11:23:13', 17),
	(269, 13, 207, 1, '2018-10-03 11:23:13', '2018-10-03 11:23:13', 17),
	(270, 13, 132, 1, '2018-10-03 11:23:13', '2018-10-03 11:23:13', 17),
	(271, 13, 189, 1, '2018-10-03 11:23:13', '2018-10-03 11:23:13', 17),
	(272, 13, 266, 1, '2018-10-03 11:23:13', '2018-10-03 11:23:13', 17),
	(273, 13, 238, 1, '2018-10-03 11:23:13', '2018-10-03 11:23:13', 17),
	(274, 13, 206, 1, '2018-10-03 11:23:13', '2018-10-03 11:23:13', 17),
	(275, 13, 30, 1, '2018-10-03 11:23:13', '2018-10-03 11:23:13', 17),
	(276, 13, 148, 1, '2018-10-03 11:23:13', '2018-10-03 11:23:13', 17),
	(277, 13, 162, 1, '2018-10-03 11:23:13', '2018-10-03 11:23:13', 17),
	(278, 13, 86, 1, '2018-10-03 11:23:13', '2018-10-03 11:23:13', 17),
	(279, 13, 453, 0, '2018-10-03 11:23:13', '2018-10-03 11:23:13', 17),
	(280, 13, 425, 0, '2018-10-03 11:23:13', '2018-10-03 11:23:13', 17),
	(281, 13, 53, 1, '2018-10-03 11:23:13', '2018-10-03 11:23:13', 17),
	(282, 13, 340, 1, '2018-10-03 11:23:13', '2018-10-03 11:23:13', 17),
	(283, 14, 92, 1, '2018-10-03 11:23:27', '2018-10-03 11:23:27', 17),
	(284, 14, 468, 0, '2018-10-03 11:23:27', '2018-10-03 11:23:27', 17),
	(285, 14, 433, 0, '2018-10-03 11:23:27', '2018-10-03 11:23:27', 17),
	(286, 14, 434, 0, '2018-10-03 11:23:27', '2018-10-03 11:23:27', 17),
	(287, 14, 435, 0, '2018-10-03 11:23:27', '2018-10-03 11:23:27', 17),
	(288, 14, 412, 0, '2018-10-03 11:23:27', '2018-10-03 11:23:27', 17),
	(289, 14, 510, 0, '2018-10-03 11:23:27', '2018-10-03 11:23:27', 17),
	(290, 14, 234, 1, '2018-10-03 11:23:27', '2018-10-03 11:23:27', 17),
	(291, 14, 193, 1, '2018-10-03 11:23:27', '2018-10-03 11:23:27', 17),
	(292, 14, 308, 1, '2018-10-03 11:23:27', '2018-10-03 11:23:27', 17),
	(293, 14, 59, 1, '2018-10-03 11:23:27', '2018-10-03 11:23:27', 17),
	(294, 14, 207, 1, '2018-10-03 11:23:27', '2018-10-03 11:23:27', 17),
	(295, 14, 132, 1, '2018-10-03 11:23:27', '2018-10-03 11:23:27', 17),
	(296, 14, 189, 1, '2018-10-03 11:23:27', '2018-10-03 11:23:27', 17),
	(297, 14, 266, 1, '2018-10-03 11:23:28', '2018-10-03 11:23:28', 17),
	(298, 14, 238, 1, '2018-10-03 11:23:28', '2018-10-03 11:23:28', 17),
	(299, 14, 206, 1, '2018-10-03 11:23:28', '2018-10-03 11:23:28', 17),
	(300, 14, 30, 1, '2018-10-03 11:23:28', '2018-10-03 11:23:28', 17),
	(301, 14, 148, 1, '2018-10-03 11:23:28', '2018-10-03 11:23:28', 17),
	(302, 14, 162, 1, '2018-10-03 11:23:28', '2018-10-03 11:23:28', 17),
	(303, 14, 86, 1, '2018-10-03 11:23:28', '2018-10-03 11:23:28', 17),
	(304, 14, 453, 0, '2018-10-03 11:23:28', '2018-10-03 11:23:28', 17),
	(305, 14, 425, 0, '2018-10-03 11:23:28', '2018-10-03 11:23:28', 17),
	(306, 14, 53, 1, '2018-10-03 11:23:28', '2018-10-03 11:23:28', 17),
	(307, 14, 340, 1, '2018-10-03 11:23:28', '2018-10-03 11:23:28', 17),
	(308, 15, 92, 1, '2018-10-03 11:23:46', '2018-10-03 11:23:46', 17),
	(309, 15, 468, 0, '2018-10-03 11:23:46', '2018-10-03 11:23:46', 17),
	(310, 15, 433, 0, '2018-10-03 11:23:46', '2018-10-03 11:23:46', 17),
	(311, 15, 434, 0, '2018-10-03 11:23:46', '2018-10-03 11:23:46', 17),
	(312, 15, 435, 0, '2018-10-03 11:23:46', '2018-10-03 11:23:46', 17),
	(313, 15, 412, 0, '2018-10-03 11:23:46', '2018-10-03 11:23:46', 17),
	(314, 15, 510, 0, '2018-10-03 11:23:46', '2018-10-03 11:23:46', 17),
	(315, 15, 234, 1, '2018-10-03 11:23:46', '2018-10-03 11:23:46', 17),
	(316, 15, 193, 1, '2018-10-03 11:23:46', '2018-10-03 11:23:46', 17),
	(317, 15, 308, 1, '2018-10-03 11:23:46', '2018-10-03 11:23:46', 17),
	(318, 15, 59, 1, '2018-10-03 11:23:46', '2018-10-03 11:23:46', 17),
	(319, 15, 207, 1, '2018-10-03 11:23:46', '2018-10-03 11:23:46', 17),
	(320, 15, 132, 1, '2018-10-03 11:23:46', '2018-10-03 11:23:46', 17),
	(321, 15, 189, 1, '2018-10-03 11:23:46', '2018-10-03 11:23:46', 17),
	(322, 15, 266, 1, '2018-10-03 11:23:46', '2018-10-03 11:23:46', 17),
	(323, 15, 238, 1, '2018-10-03 11:23:46', '2018-10-03 11:23:46', 17),
	(324, 15, 206, 1, '2018-10-03 11:23:46', '2018-10-03 11:23:46', 17),
	(325, 15, 30, 1, '2018-10-03 11:23:46', '2018-10-03 11:23:46', 17),
	(326, 15, 148, 1, '2018-10-03 11:23:46', '2018-10-03 11:23:46', 17),
	(327, 15, 162, 1, '2018-10-03 11:23:46', '2018-10-03 11:23:46', 17),
	(328, 15, 86, 1, '2018-10-03 11:23:46', '2018-10-03 11:23:46', 17),
	(329, 15, 453, 0, '2018-10-03 11:23:46', '2018-10-03 11:23:46', 17),
	(330, 15, 425, 0, '2018-10-03 11:23:46', '2018-10-03 11:23:46', 17),
	(331, 15, 53, 1, '2018-10-03 11:23:46', '2018-10-03 11:23:46', 17),
	(332, 15, 340, 1, '2018-10-03 11:23:46', '2018-10-03 11:23:46', 17),
	(333, 16, 92, 1, '2018-10-03 11:24:15', '2018-10-03 11:24:15', 17),
	(334, 16, 468, 0, '2018-10-03 11:24:15', '2018-10-03 11:24:15', 17),
	(335, 16, 433, 0, '2018-10-03 11:24:15', '2018-10-03 11:24:15', 17),
	(336, 16, 434, 0, '2018-10-03 11:24:15', '2018-10-03 11:24:15', 17),
	(337, 16, 435, 0, '2018-10-03 11:24:15', '2018-10-03 11:24:15', 17),
	(338, 16, 412, 0, '2018-10-03 11:24:15', '2018-10-03 11:24:15', 17),
	(339, 16, 510, 0, '2018-10-03 11:24:15', '2018-10-03 11:24:15', 17),
	(340, 16, 234, 1, '2018-10-03 11:24:15', '2018-10-03 11:24:15', 17),
	(341, 16, 193, 1, '2018-10-03 11:24:15', '2018-10-03 11:24:15', 17),
	(342, 16, 308, 1, '2018-10-03 11:24:15', '2018-10-03 11:24:15', 17),
	(343, 16, 59, 1, '2018-10-03 11:24:15', '2018-10-03 11:24:15', 17),
	(344, 16, 207, 1, '2018-10-03 11:24:15', '2018-10-03 11:24:15', 17),
	(345, 16, 132, 1, '2018-10-03 11:24:15', '2018-10-03 11:24:15', 17),
	(346, 16, 189, 1, '2018-10-03 11:24:15', '2018-10-03 11:24:15', 17),
	(347, 16, 266, 1, '2018-10-03 11:24:15', '2018-10-03 11:24:15', 17),
	(348, 16, 238, 1, '2018-10-03 11:24:15', '2018-10-03 11:24:15', 17),
	(349, 16, 206, 1, '2018-10-03 11:24:15', '2018-10-03 11:24:15', 17),
	(350, 16, 30, 1, '2018-10-03 11:24:15', '2018-10-03 11:24:15', 17),
	(351, 16, 148, 1, '2018-10-03 11:24:15', '2018-10-03 11:24:15', 17),
	(352, 16, 162, 1, '2018-10-03 11:24:15', '2018-10-03 11:24:15', 17),
	(353, 16, 86, 1, '2018-10-03 11:24:15', '2018-10-03 11:24:15', 17),
	(354, 16, 453, 0, '2018-10-03 11:24:15', '2018-10-03 11:24:15', 17),
	(355, 16, 425, 0, '2018-10-03 11:24:15', '2018-10-03 11:24:15', 17),
	(356, 16, 53, 1, '2018-10-03 11:24:15', '2018-10-03 11:24:15', 17),
	(357, 16, 340, 1, '2018-10-03 11:24:15', '2018-10-03 11:24:15', 17),
	(358, 17, 389, 1, '2018-10-03 11:36:56', '2018-10-03 11:36:56', 22),
	(359, 17, 192, 1, '2018-10-03 11:36:56', '2018-10-03 11:36:56', 22),
	(360, 17, 525, 1, '2018-10-03 11:36:56', '2018-10-03 11:36:56', 22),
	(361, 17, 81, 1, '2018-10-03 11:36:56', '2018-10-03 11:36:56', 22),
	(362, 17, 307, 1, '2018-10-03 11:36:56', '2018-10-03 11:36:56', 22),
	(363, 17, 38, 1, '2018-10-03 11:36:56', '2018-10-03 11:36:56', 22),
	(364, 17, 124, 1, '2018-10-03 11:36:56', '2018-10-03 11:36:56', 22),
	(365, 17, 407, 0, '2018-10-03 11:36:56', '2018-10-03 11:36:56', 22),
	(366, 17, 254, 1, '2018-10-03 11:36:56', '2018-10-03 11:36:56', 22),
	(367, 17, 6, 1, '2018-10-03 11:36:56', '2018-10-03 11:36:56', 22),
	(368, 17, 214, 1, '2018-10-03 11:36:56', '2018-10-03 11:36:56', 22),
	(369, 17, 294, 1, '2018-10-03 11:36:56', '2018-10-03 11:36:56', 22),
	(370, 17, 94, 1, '2018-10-03 11:36:56', '2018-10-03 11:36:56', 22),
	(371, 17, 431, 0, '2018-10-03 11:36:56', '2018-10-03 11:36:56', 22),
	(372, 17, 432, 0, '2018-10-03 11:36:57', '2018-10-03 11:36:57', 22),
	(373, 18, 389, 1, '2018-10-03 11:37:12', '2018-10-03 11:37:12', 22),
	(374, 18, 192, 1, '2018-10-03 11:37:12', '2018-10-03 11:37:12', 22),
	(375, 18, 525, 1, '2018-10-03 11:37:12', '2018-10-03 11:37:12', 22),
	(376, 18, 81, 1, '2018-10-03 11:37:12', '2018-10-03 11:37:12', 22),
	(377, 18, 307, 1, '2018-10-03 11:37:12', '2018-10-03 11:37:12', 22),
	(378, 18, 38, 1, '2018-10-03 11:37:12', '2018-10-03 11:37:12', 22),
	(379, 18, 124, 1, '2018-10-03 11:37:12', '2018-10-03 11:37:12', 22),
	(380, 18, 407, 0, '2018-10-03 11:37:12', '2018-10-03 11:37:12', 22),
	(381, 18, 254, 1, '2018-10-03 11:37:12', '2018-10-03 11:37:12', 22),
	(382, 18, 6, 1, '2018-10-03 11:37:12', '2018-10-03 11:37:12', 22),
	(383, 18, 214, 1, '2018-10-03 11:37:12', '2018-10-03 11:37:12', 22),
	(384, 18, 294, 1, '2018-10-03 11:37:12', '2018-10-03 11:37:12', 22),
	(385, 18, 94, 1, '2018-10-03 11:37:12', '2018-10-03 11:37:12', 22),
	(386, 18, 431, 0, '2018-10-03 11:37:12', '2018-10-03 11:37:12', 22),
	(387, 18, 432, 0, '2018-10-03 11:37:12', '2018-10-03 11:37:12', 22),
	(388, 19, 389, 1, '2018-10-03 11:37:24', '2018-10-03 11:37:24', 22),
	(389, 19, 192, 1, '2018-10-03 11:37:24', '2018-10-03 11:37:24', 22),
	(390, 19, 525, 1, '2018-10-03 11:37:24', '2018-10-03 11:37:24', 22),
	(391, 19, 81, 1, '2018-10-03 11:37:24', '2018-10-03 11:37:24', 22),
	(392, 19, 307, 1, '2018-10-03 11:37:24', '2018-10-03 11:37:24', 22),
	(393, 19, 38, 1, '2018-10-03 11:37:24', '2018-10-03 11:37:24', 22),
	(394, 19, 124, 1, '2018-10-03 11:37:24', '2018-10-03 11:37:24', 22),
	(395, 19, 407, 0, '2018-10-03 11:37:24', '2018-10-03 11:37:24', 22),
	(396, 19, 254, 1, '2018-10-03 11:37:24', '2018-10-03 11:37:24', 22),
	(397, 19, 6, 1, '2018-10-03 11:37:24', '2018-10-03 11:37:24', 22),
	(398, 19, 214, 1, '2018-10-03 11:37:24', '2018-10-03 11:37:24', 22),
	(399, 19, 294, 1, '2018-10-03 11:37:24', '2018-10-03 11:37:24', 22),
	(400, 19, 94, 1, '2018-10-03 11:37:24', '2018-10-03 11:37:24', 22),
	(401, 19, 431, 0, '2018-10-03 11:37:24', '2018-10-03 11:37:24', 22),
	(402, 19, 432, 0, '2018-10-03 11:37:24', '2018-10-03 11:37:24', 22),
	(403, 20, 389, 1, '2018-10-03 11:37:36', '2018-10-03 11:37:36', 22),
	(404, 20, 192, 1, '2018-10-03 11:37:36', '2018-10-03 11:37:36', 22),
	(405, 20, 525, 1, '2018-10-03 11:37:36', '2018-10-03 11:37:36', 22),
	(406, 20, 81, 1, '2018-10-03 11:37:36', '2018-10-03 11:37:36', 22),
	(407, 20, 307, 1, '2018-10-03 11:37:36', '2018-10-03 11:37:36', 22),
	(408, 20, 38, 1, '2018-10-03 11:37:36', '2018-10-03 11:37:36', 22),
	(409, 20, 124, 1, '2018-10-03 11:37:36', '2018-10-03 11:37:36', 22),
	(410, 20, 407, 0, '2018-10-03 11:37:36', '2018-10-03 11:37:36', 22),
	(411, 20, 254, 1, '2018-10-03 11:37:36', '2018-10-03 11:37:36', 22),
	(412, 20, 6, 1, '2018-10-03 11:37:36', '2018-10-03 11:37:36', 22),
	(413, 20, 214, 1, '2018-10-03 11:37:36', '2018-10-03 11:37:36', 22),
	(414, 20, 294, 1, '2018-10-03 11:37:36', '2018-10-03 11:37:36', 22),
	(415, 20, 94, 1, '2018-10-03 11:37:36', '2018-10-03 11:37:36', 22),
	(416, 20, 431, 0, '2018-10-03 11:37:36', '2018-10-03 11:37:36', 22),
	(417, 20, 432, 0, '2018-10-03 11:37:36', '2018-10-03 11:37:36', 22),
	(418, 21, 462, 1, '2018-10-16 08:57:12', '2018-10-16 08:58:48', 18),
	(419, 21, 417, 0, '2018-10-16 08:57:12', '2018-10-16 08:57:12', 18),
	(420, 21, 284, 1, '2018-10-16 08:57:12', '2018-10-16 08:57:12', 18),
	(421, 21, 106, 1, '2018-10-16 08:57:12', '2018-10-16 08:57:12', 18),
	(422, 21, 125, 1, '2018-10-16 08:57:12', '2018-10-16 08:57:12', 18),
	(423, 21, 69, 1, '2018-10-16 08:57:12', '2018-10-16 08:57:12', 18),
	(424, 21, 494, 1, '2018-10-16 08:57:12', '2018-10-16 08:57:12', 18),
	(425, 21, 177, 1, '2018-10-16 08:57:12', '2018-10-16 08:57:12', 18),
	(426, 21, 170, 1, '2018-10-16 08:57:12', '2018-10-16 08:57:12', 18),
	(427, 21, 46, 1, '2018-10-16 08:57:12', '2018-10-16 08:57:12', 18),
	(428, 21, 279, 1, '2018-10-16 08:57:12', '2018-10-16 08:57:12', 18),
	(429, 21, 219, 1, '2018-10-16 08:57:12', '2018-10-16 08:57:12', 18),
	(430, 21, 138, 1, '2018-10-16 08:57:12', '2018-10-16 08:57:12', 18),
	(431, 21, 217, 1, '2018-10-16 08:57:12', '2018-10-16 08:57:12', 18),
	(432, 21, 310, 1, '2018-10-16 08:57:12', '2018-10-16 08:57:12', 18),
	(433, 21, 236, 1, '2018-10-16 08:57:12', '2018-10-16 08:57:12', 18),
	(434, 21, 171, 1, '2018-10-16 08:57:12', '2018-10-16 08:57:12', 18),
	(435, 21, 4, 1, '2018-10-16 08:57:12', '2018-10-16 08:57:12', 18),
	(436, 21, 286, 1, '2018-10-16 08:57:12', '2018-10-16 08:57:12', 18),
	(437, 21, 141, 1, '2018-10-16 08:57:12', '2018-10-16 08:57:12', 18),
	(438, 21, 381, 1, '2018-10-16 08:57:12', '2018-10-16 08:59:11', 18),
	(439, 21, 376, 1, '2018-10-16 08:57:12', '2018-10-16 08:57:12', 18),
	(440, 22, 462, 1, '2018-10-16 09:00:15', '2018-10-16 09:00:29', 18),
	(441, 22, 417, 0, '2018-10-16 09:00:15', '2018-10-16 09:00:15', 18),
	(442, 22, 284, 1, '2018-10-16 09:00:15', '2018-10-16 09:00:15', 18),
	(443, 22, 106, 1, '2018-10-16 09:00:15', '2018-10-16 09:00:15', 18),
	(444, 22, 125, 1, '2018-10-16 09:00:15', '2018-10-16 09:00:15', 18),
	(445, 22, 69, 1, '2018-10-16 09:00:15', '2018-10-16 09:00:15', 18),
	(446, 22, 494, 1, '2018-10-16 09:00:15', '2018-10-16 09:00:15', 18),
	(447, 22, 177, 1, '2018-10-16 09:00:15', '2018-10-16 09:00:15', 18),
	(448, 22, 170, 1, '2018-10-16 09:00:15', '2018-10-16 09:00:15', 18),
	(449, 22, 46, 1, '2018-10-16 09:00:15', '2018-10-16 09:00:15', 18),
	(450, 22, 279, 1, '2018-10-16 09:00:15', '2018-10-16 09:00:15', 18),
	(451, 22, 219, 1, '2018-10-16 09:00:15', '2018-10-16 09:00:15', 18),
	(452, 22, 138, 1, '2018-10-16 09:00:15', '2018-10-16 09:00:15', 18),
	(453, 22, 217, 1, '2018-10-16 09:00:15', '2018-10-16 09:00:15', 18),
	(454, 22, 310, 1, '2018-10-16 09:00:15', '2018-10-16 09:00:15', 18),
	(455, 22, 236, 1, '2018-10-16 09:00:15', '2018-10-16 09:00:15', 18),
	(456, 22, 171, 1, '2018-10-16 09:00:15', '2018-10-16 09:00:15', 18),
	(457, 22, 4, 1, '2018-10-16 09:00:15', '2018-10-16 09:00:15', 18),
	(458, 22, 286, 1, '2018-10-16 09:00:15', '2018-10-16 09:00:15', 18),
	(459, 22, 141, 1, '2018-10-16 09:00:15', '2018-10-16 09:00:15', 18),
	(460, 22, 381, 1, '2018-10-16 09:00:15', '2018-10-16 09:00:43', 18),
	(461, 22, 376, 1, '2018-10-16 09:00:15', '2018-10-16 09:00:15', 18),
	(462, 23, 462, 1, '2018-10-16 09:02:00', '2018-10-16 09:02:14', 18),
	(463, 23, 417, 0, '2018-10-16 09:02:00', '2018-10-16 09:02:00', 18),
	(464, 23, 284, 1, '2018-10-16 09:02:00', '2018-10-16 09:02:00', 18),
	(465, 23, 106, 1, '2018-10-16 09:02:00', '2018-10-16 09:02:00', 18),
	(466, 23, 125, 1, '2018-10-16 09:02:00', '2018-10-16 09:02:00', 18),
	(467, 23, 69, 1, '2018-10-16 09:02:00', '2018-10-16 09:02:00', 18),
	(468, 23, 494, 1, '2018-10-16 09:02:00', '2018-10-16 09:02:00', 18),
	(469, 23, 177, 1, '2018-10-16 09:02:00', '2018-10-16 09:02:00', 18),
	(470, 23, 170, 1, '2018-10-16 09:02:00', '2018-10-16 09:02:00', 18),
	(471, 23, 46, 1, '2018-10-16 09:02:00', '2018-10-16 09:02:00', 18),
	(472, 23, 279, 1, '2018-10-16 09:02:00', '2018-10-16 09:02:00', 18),
	(473, 23, 219, 1, '2018-10-16 09:02:00', '2018-10-16 09:02:00', 18),
	(474, 23, 138, 1, '2018-10-16 09:02:00', '2018-10-16 09:02:00', 18),
	(475, 23, 217, 1, '2018-10-16 09:02:00', '2018-10-16 09:02:00', 18),
	(476, 23, 310, 1, '2018-10-16 09:02:00', '2018-10-16 09:02:00', 18),
	(477, 23, 236, 1, '2018-10-16 09:02:00', '2018-10-16 09:02:00', 18),
	(478, 23, 171, 1, '2018-10-16 09:02:00', '2018-10-16 09:02:00', 18),
	(479, 23, 4, 1, '2018-10-16 09:02:00', '2018-10-16 09:02:00', 18),
	(480, 23, 286, 1, '2018-10-16 09:02:00', '2018-10-16 09:02:00', 18),
	(481, 23, 141, 1, '2018-10-16 09:02:00', '2018-10-16 09:02:00', 18),
	(482, 23, 381, 1, '2018-10-16 09:02:00', '2018-10-16 09:02:28', 18),
	(483, 23, 376, 1, '2018-10-16 09:02:00', '2018-10-16 09:02:00', 18),
	(484, 24, 462, 1, '2018-10-16 09:03:12', '2018-10-16 09:03:23', 18),
	(485, 24, 417, 0, '2018-10-16 09:03:12', '2018-10-16 09:03:12', 18),
	(486, 24, 284, 1, '2018-10-16 09:03:12', '2018-10-16 09:03:12', 18),
	(487, 24, 106, 1, '2018-10-16 09:03:12', '2018-10-16 09:03:12', 18),
	(488, 24, 125, 1, '2018-10-16 09:03:12', '2018-10-16 09:03:12', 18),
	(489, 24, 69, 1, '2018-10-16 09:03:12', '2018-10-16 09:03:12', 18),
	(490, 24, 494, 1, '2018-10-16 09:03:12', '2018-10-16 09:03:12', 18),
	(491, 24, 177, 1, '2018-10-16 09:03:12', '2018-10-16 09:03:12', 18),
	(492, 24, 170, 1, '2018-10-16 09:03:12', '2018-10-16 09:03:12', 18),
	(493, 24, 46, 1, '2018-10-16 09:03:12', '2018-10-16 09:03:12', 18),
	(494, 24, 279, 1, '2018-10-16 09:03:12', '2018-10-16 09:03:12', 18),
	(495, 24, 219, 1, '2018-10-16 09:03:12', '2018-10-16 09:03:12', 18),
	(496, 24, 138, 1, '2018-10-16 09:03:12', '2018-10-16 09:03:12', 18),
	(497, 24, 217, 1, '2018-10-16 09:03:12', '2018-10-16 09:03:12', 18),
	(498, 24, 310, 1, '2018-10-16 09:03:12', '2018-10-16 09:03:12', 18),
	(499, 24, 236, 1, '2018-10-16 09:03:12', '2018-10-16 09:03:12', 18),
	(500, 24, 171, 1, '2018-10-16 09:03:12', '2018-10-16 09:03:12', 18),
	(501, 24, 4, 1, '2018-10-16 09:03:12', '2018-10-16 09:03:12', 18),
	(502, 24, 286, 1, '2018-10-16 09:03:12', '2018-10-16 09:03:12', 18),
	(503, 24, 141, 1, '2018-10-16 09:03:12', '2018-10-16 09:03:12', 18),
	(504, 24, 381, 1, '2018-10-16 09:03:12', '2018-10-16 09:03:35', 18),
	(505, 24, 376, 1, '2018-10-16 09:03:13', '2018-10-16 09:03:13', 18),
	(506, 25, 462, 1, '2018-10-16 09:04:28', '2018-10-16 09:04:41', 18),
	(507, 25, 417, 0, '2018-10-16 09:04:28', '2018-10-16 09:04:28', 18),
	(508, 25, 284, 1, '2018-10-16 09:04:28', '2018-10-16 09:04:28', 18),
	(509, 25, 106, 1, '2018-10-16 09:04:28', '2018-10-16 09:04:28', 18),
	(510, 25, 125, 1, '2018-10-16 09:04:28', '2018-10-16 09:04:28', 18),
	(511, 25, 69, 1, '2018-10-16 09:04:28', '2018-10-16 09:04:28', 18),
	(512, 25, 494, 1, '2018-10-16 09:04:28', '2018-10-16 09:04:28', 18),
	(513, 25, 177, 1, '2018-10-16 09:04:28', '2018-10-16 09:04:28', 18),
	(514, 25, 170, 1, '2018-10-16 09:04:28', '2018-10-16 09:04:28', 18),
	(515, 25, 46, 1, '2018-10-16 09:04:28', '2018-10-16 09:04:28', 18),
	(516, 25, 279, 1, '2018-10-16 09:04:28', '2018-10-16 09:04:28', 18),
	(517, 25, 219, 1, '2018-10-16 09:04:28', '2018-10-16 09:04:28', 18),
	(518, 25, 138, 1, '2018-10-16 09:04:28', '2018-10-16 09:04:28', 18),
	(519, 25, 217, 1, '2018-10-16 09:04:28', '2018-10-16 09:04:28', 18),
	(520, 25, 310, 1, '2018-10-16 09:04:28', '2018-10-16 09:04:28', 18),
	(521, 25, 236, 1, '2018-10-16 09:04:28', '2018-10-16 09:04:28', 18),
	(522, 25, 171, 1, '2018-10-16 09:04:28', '2018-10-16 09:04:28', 18),
	(523, 25, 4, 1, '2018-10-16 09:04:28', '2018-10-16 09:04:28', 18),
	(524, 25, 286, 1, '2018-10-16 09:04:28', '2018-10-16 09:04:28', 18),
	(525, 25, 141, 1, '2018-10-16 09:04:28', '2018-10-16 09:04:28', 18),
	(526, 25, 381, 1, '2018-10-16 09:04:28', '2018-10-16 09:04:52', 18),
	(527, 25, 376, 1, '2018-10-16 09:04:28', '2018-10-16 09:04:28', 18),
	(528, 26, 462, 1, '2018-10-16 09:05:51', '2018-10-16 09:05:59', 18),
	(529, 26, 417, 0, '2018-10-16 09:05:51', '2018-10-16 09:05:51', 18),
	(530, 26, 284, 1, '2018-10-16 09:05:51', '2018-10-16 09:05:51', 18),
	(531, 26, 106, 1, '2018-10-16 09:05:51', '2018-10-16 09:05:51', 18),
	(532, 26, 125, 1, '2018-10-16 09:05:51', '2018-10-16 09:05:51', 18),
	(533, 26, 69, 1, '2018-10-16 09:05:51', '2018-10-16 09:05:51', 18),
	(534, 26, 494, 1, '2018-10-16 09:05:51', '2018-10-16 09:05:51', 18),
	(535, 26, 177, 1, '2018-10-16 09:05:51', '2018-10-16 09:05:51', 18),
	(536, 26, 170, 1, '2018-10-16 09:05:51', '2018-10-16 09:05:51', 18),
	(537, 26, 46, 1, '2018-10-16 09:05:51', '2018-10-16 09:05:51', 18),
	(538, 26, 279, 1, '2018-10-16 09:05:51', '2018-10-16 09:05:51', 18),
	(539, 26, 219, 1, '2018-10-16 09:05:51', '2018-10-16 09:05:51', 18),
	(540, 26, 138, 1, '2018-10-16 09:05:51', '2018-10-16 09:05:51', 18),
	(541, 26, 217, 1, '2018-10-16 09:05:51', '2018-10-16 09:05:51', 18),
	(542, 26, 310, 1, '2018-10-16 09:05:51', '2018-10-16 09:05:51', 18),
	(543, 26, 236, 1, '2018-10-16 09:05:51', '2018-10-16 09:05:51', 18),
	(544, 26, 171, 1, '2018-10-16 09:05:51', '2018-10-16 09:05:51', 18),
	(545, 26, 4, 1, '2018-10-16 09:05:51', '2018-10-16 09:05:51', 18),
	(546, 26, 286, 1, '2018-10-16 09:05:51', '2018-10-16 09:05:51', 18),
	(547, 26, 141, 1, '2018-10-16 09:05:51', '2018-10-16 09:05:51', 18),
	(548, 26, 381, 1, '2018-10-16 09:05:51', '2018-10-16 09:06:11', 18),
	(549, 26, 376, 1, '2018-10-16 09:05:51', '2018-10-16 09:05:51', 18),
	(550, 27, 462, 1, '2018-10-16 09:07:11', '2018-10-16 09:07:26', 18),
	(551, 27, 417, 0, '2018-10-16 09:07:11', '2018-10-16 09:07:11', 18),
	(552, 27, 284, 1, '2018-10-16 09:07:11', '2018-10-16 09:07:11', 18),
	(553, 27, 106, 1, '2018-10-16 09:07:11', '2018-10-16 09:07:11', 18),
	(554, 27, 125, 1, '2018-10-16 09:07:11', '2018-10-16 09:07:11', 18),
	(555, 27, 69, 1, '2018-10-16 09:07:11', '2018-10-16 09:07:11', 18),
	(556, 27, 494, 1, '2018-10-16 09:07:11', '2018-10-16 09:07:11', 18),
	(557, 27, 177, 1, '2018-10-16 09:07:11', '2018-10-16 09:07:11', 18),
	(558, 27, 170, 1, '2018-10-16 09:07:11', '2018-10-16 09:07:11', 18),
	(559, 27, 46, 1, '2018-10-16 09:07:11', '2018-10-16 09:07:11', 18),
	(560, 27, 279, 1, '2018-10-16 09:07:11', '2018-10-16 09:07:11', 18),
	(561, 27, 219, 1, '2018-10-16 09:07:11', '2018-10-16 09:07:11', 18),
	(562, 27, 138, 1, '2018-10-16 09:07:11', '2018-10-16 09:07:11', 18),
	(563, 27, 217, 1, '2018-10-16 09:07:11', '2018-10-16 09:07:11', 18),
	(564, 27, 310, 1, '2018-10-16 09:07:11', '2018-10-16 09:07:11', 18),
	(565, 27, 236, 1, '2018-10-16 09:07:11', '2018-10-16 09:07:11', 18),
	(566, 27, 171, 1, '2018-10-16 09:07:11', '2018-10-16 09:07:11', 18),
	(567, 27, 4, 1, '2018-10-16 09:07:11', '2018-10-16 09:07:11', 18),
	(568, 27, 286, 1, '2018-10-16 09:07:11', '2018-10-16 09:07:11', 18),
	(569, 27, 141, 1, '2018-10-16 09:07:11', '2018-10-16 09:07:11', 18),
	(570, 27, 381, 1, '2018-10-16 09:07:11', '2018-10-16 09:07:37', 18),
	(571, 27, 376, 1, '2018-10-16 09:07:11', '2018-10-16 09:07:11', 18),
	(572, 28, 92, 52, '2018-10-19 10:23:00', '2018-11-20 16:05:43', 17),
	(573, 28, 468, 0, '2018-10-19 10:23:00', '2018-10-19 10:23:00', 17),
	(574, 28, 433, 0, '2018-10-19 10:23:00', '2018-10-19 10:23:00', 17),
	(575, 28, 434, 0, '2018-10-19 10:23:00', '2018-10-19 10:23:00', 17),
	(576, 28, 435, 0, '2018-10-19 10:23:00', '2018-10-19 10:23:00', 17),
	(577, 28, 412, 0, '2018-10-19 10:23:00', '2018-10-19 10:23:00', 17),
	(578, 28, 510, 0, '2018-10-19 10:23:00', '2018-10-19 10:23:00', 17),
	(579, 28, 234, 26, '2018-10-19 10:23:00', '2018-11-20 16:06:49', 17),
	(580, 28, 193, 30, '2018-10-19 10:23:00', '2018-11-20 16:06:21', 17),
	(581, 28, 308, 17, '2018-10-19 10:23:00', '2018-11-20 16:07:51', 17),
	(582, 28, 59, 45, '2018-10-19 10:23:00', '2018-11-20 16:05:23', 17),
	(583, 28, 207, 43, '2018-10-19 10:23:00', '2018-11-20 16:06:40', 17),
	(584, 28, 132, 56, '2018-10-19 10:23:00', '2018-11-20 16:05:54', 17),
	(585, 28, 189, 19, '2018-10-19 10:23:00', '2018-11-20 16:07:16', 17),
	(586, 28, 266, 16, '2018-10-19 10:23:00', '2018-11-20 16:07:31', 17),
	(587, 28, 238, 29, '2018-10-19 10:23:00', '2018-11-20 16:07:05', 17),
	(588, 28, 206, 43, '2018-10-19 10:23:00', '2018-11-20 16:06:30', 17),
	(590, 28, 148, 52, '2018-10-19 10:23:00', '2018-11-20 16:06:02', 17),
	(591, 28, 162, 27, '2018-10-19 10:23:00', '2018-11-20 16:06:12', 17),
	(592, 28, 86, 44, '2018-10-19 10:23:00', '2018-11-20 16:05:33', 17),
	(593, 28, 453, 0, '2018-10-19 10:23:00', '2018-10-19 10:23:00', 17),
	(594, 28, 425, 0, '2018-10-19 10:23:00', '2018-10-19 10:23:00', 17),
	(595, 28, 53, 39, '2018-10-19 10:23:00', '2018-11-20 16:05:12', 17),
	(596, 28, 340, 52, '2018-10-19 10:23:00', '2018-11-20 16:07:43', 17),
	(597, 28, 30, 31, '2018-10-19 17:32:14', '2018-11-20 16:05:01', 17),
	(598, 29, 119, 1, '2018-10-23 16:37:19', '2018-10-23 16:37:19', 19),
	(599, 29, 413, 0, '2018-10-23 16:37:19', '2018-10-23 16:37:19', 19),
	(600, 29, 420, 0, '2018-10-23 16:37:19', '2018-10-23 16:37:19', 19),
	(601, 29, 289, 1, '2018-10-23 16:37:19', '2018-10-23 16:37:19', 19),
	(602, 29, 84, 1, '2018-10-23 16:37:19', '2018-10-23 16:37:19', 19),
	(603, 29, 379, 1, '2018-10-23 16:37:19', '2018-10-23 16:37:19', 19),
	(604, 29, 263, 1, '2018-10-23 16:37:19', '2018-10-23 16:37:19', 19),
	(605, 29, 405, 0, '2018-10-23 16:37:19', '2018-10-23 16:37:19', 19),
	(606, 29, 128, 1, '2018-10-23 16:37:19', '2018-10-23 16:37:19', 19),
	(607, 29, 247, 1, '2018-10-23 16:37:19', '2018-10-23 16:37:19', 19),
	(608, 29, 55, 1, '2018-10-23 16:37:19', '2018-10-23 16:37:19', 19),
	(609, 29, 2, 1, '2018-10-23 16:37:19', '2018-10-23 16:37:19', 19),
	(610, 29, 224, 1, '2018-10-23 16:37:19', '2018-10-23 16:37:19', 19),
	(611, 29, 68, 1, '2018-10-23 16:37:19', '2018-10-23 16:37:19', 19),
	(612, 29, 95, 1, '2018-10-23 16:37:19', '2018-10-23 16:37:19', 19),
	(613, 29, 267, 1, '2018-10-23 16:37:19', '2018-10-23 16:37:19', 19),
	(614, 29, 3, 15, '2018-10-23 16:37:19', '2018-10-23 16:38:59', 19),
	(615, 29, 309, 1, '2018-10-23 16:37:19', '2018-10-23 16:37:19', 19),
	(616, 29, 19, 1, '2018-10-23 16:37:19', '2018-10-23 16:37:19', 19),
	(617, 29, 101, 1, '2018-10-23 16:37:19', '2018-10-23 16:37:19', 19),
	(618, 29, 244, 1, '2018-10-23 16:37:19', '2018-10-23 16:37:19', 19),
	(619, 29, 88, 1, '2018-10-23 16:37:19', '2018-10-23 16:37:19', 19),
	(620, 29, 8, 10, '2018-10-23 16:37:19', '2018-10-23 16:39:54', 19),
	(621, 29, 75, 1, '2018-10-23 16:37:19', '2018-10-23 16:37:19', 19),
	(622, 29, 342, 1, '2018-10-23 16:37:19', '2018-10-23 16:37:19', 19),
	(623, 30, 143, 1, '2018-10-24 15:21:45', '2018-10-24 15:21:45', 23),
	(624, 30, 44, 1, '2018-10-24 15:21:45', '2018-10-24 15:21:45', 23),
	(625, 30, 430, 1, '2018-10-24 15:21:45', '2018-10-24 15:21:45', 23),
	(626, 30, 419, 1, '2018-10-24 15:21:46', '2018-10-24 15:21:46', 23),
	(627, 30, 418, 1, '2018-10-24 15:21:46', '2018-10-24 15:21:46', 23),
	(628, 30, 85, 1, '2018-10-24 15:21:46', '2018-10-24 15:21:46', 23),
	(629, 30, 157, 1, '2018-10-24 15:21:46', '2018-10-24 15:21:46', 23),
	(630, 30, 122, 1, '2018-10-24 15:21:46', '2018-10-24 15:21:46', 23),
	(631, 30, 268, 1, '2018-10-24 15:21:46', '2018-10-24 15:21:46', 23),
	(632, 30, 76, 1, '2018-10-24 15:21:46', '2018-10-24 15:21:46', 23),
	(633, 30, 225, 1, '2018-10-24 15:21:46', '2018-10-24 15:21:46', 23),
	(634, 30, 175, 1, '2018-10-24 15:21:46', '2018-10-24 15:21:46', 23),
	(635, 30, 63, 1, '2018-10-24 15:21:46', '2018-10-24 15:21:46', 23),
	(636, 30, 144, 1, '2018-10-24 15:21:46', '2018-10-24 15:21:46', 23),
	(637, 30, 49, 1, '2018-10-24 15:21:46', '2018-10-24 15:21:46', 23),
	(638, 30, 303, 1, '2018-10-24 15:21:46', '2018-10-24 15:21:46', 23),
	(639, 30, 232, 1, '2018-10-24 15:21:46', '2018-10-24 15:21:46', 23),
	(640, 30, 465, 1, '2018-10-24 15:21:46', '2018-10-24 15:21:46', 23),
	(641, 31, 389, 1, '2018-10-24 16:23:20', '2018-10-24 16:23:20', 22),
	(642, 31, 192, 1, '2018-10-24 16:23:20', '2018-10-24 16:23:20', 22),
	(643, 31, 525, 0, '2018-10-24 16:23:20', '2018-10-24 16:23:20', 22),
	(644, 31, 81, 1, '2018-10-24 16:23:20', '2018-10-24 16:23:20', 22),
	(645, 31, 307, 1, '2018-10-24 16:23:20', '2018-10-24 16:23:20', 22),
	(646, 31, 38, 1, '2018-10-24 16:23:20', '2018-10-24 16:23:20', 22),
	(647, 31, 124, 1, '2018-10-24 16:23:20', '2018-10-24 16:23:20', 22),
	(648, 31, 407, 0, '2018-10-24 16:23:20', '2018-10-24 16:23:20', 22),
	(649, 31, 254, 1, '2018-10-24 16:23:20', '2018-10-24 16:23:20', 22),
	(650, 31, 6, 1, '2018-10-24 16:23:20', '2018-10-24 16:23:20', 22),
	(651, 31, 214, 1, '2018-10-24 16:23:20', '2018-10-24 16:23:20', 22),
	(652, 31, 294, 1, '2018-10-24 16:23:20', '2018-10-24 16:23:20', 22),
	(653, 31, 94, 1, '2018-10-24 16:23:20', '2018-10-24 16:23:20', 22),
	(654, 31, 431, 0, '2018-10-24 16:23:20', '2018-10-24 16:23:20', 22),
	(655, 31, 432, 0, '2018-10-24 16:23:20', '2018-10-24 16:23:20', 22),
	(656, 32, 389, 1, '2018-10-29 14:09:43', '2018-10-29 14:09:43', 22),
	(657, 32, 192, 1, '2018-10-29 14:09:43', '2018-10-29 14:09:43', 22),
	(658, 32, 525, 1, '2018-10-29 14:09:43', '2018-10-29 14:09:43', 22),
	(659, 32, 81, 1, '2018-10-29 14:09:43', '2018-10-29 14:09:43', 22),
	(660, 32, 307, 1, '2018-10-29 14:09:43', '2018-10-29 14:09:43', 22),
	(661, 32, 38, 1, '2018-10-29 14:09:43', '2018-10-29 14:09:43', 22),
	(662, 32, 124, 1, '2018-10-29 14:09:43', '2018-10-29 14:09:43', 22),
	(663, 32, 407, 1, '2018-10-29 14:09:43', '2018-10-29 14:09:43', 22),
	(664, 32, 254, 1, '2018-10-29 14:09:43', '2018-10-29 14:09:43', 22),
	(665, 32, 6, 1, '2018-10-29 14:09:43', '2018-10-29 14:09:43', 22),
	(666, 32, 214, 1, '2018-10-29 14:09:43', '2018-10-29 14:09:43', 22),
	(667, 32, 294, 1, '2018-10-29 14:09:43', '2018-10-29 14:09:43', 22),
	(668, 32, 94, 1, '2018-10-29 14:09:43', '2018-10-29 14:09:43', 22),
	(669, 32, 431, 1, '2018-10-29 14:09:43', '2018-10-29 14:09:43', 22),
	(670, 32, 432, 1, '2018-10-29 14:09:43', '2018-10-29 14:09:43', 22),
	(671, 33, 92, 1, '2018-11-19 16:33:29', '2018-11-19 16:33:29', 17),
	(672, 33, 468, 0, '2018-11-19 16:33:29', '2018-11-19 16:33:29', 17),
	(673, 33, 433, 0, '2018-11-19 16:33:29', '2018-11-19 16:33:29', 17),
	(674, 33, 434, 0, '2018-11-19 16:33:29', '2018-11-19 16:33:29', 17),
	(675, 33, 435, 0, '2018-11-19 16:33:29', '2018-11-19 16:33:29', 17),
	(676, 33, 412, 0, '2018-11-19 16:33:29', '2018-11-19 16:33:29', 17),
	(677, 33, 510, 0, '2018-11-19 16:33:29', '2018-11-19 16:33:29', 17),
	(678, 33, 234, 1, '2018-11-19 16:33:29', '2018-11-19 16:33:29', 17),
	(679, 33, 193, 1, '2018-11-19 16:33:29', '2018-11-19 16:33:29', 17),
	(680, 33, 308, 1, '2018-11-19 16:33:29', '2018-11-19 16:33:29', 17),
	(681, 33, 59, 1, '2018-11-19 16:33:29', '2018-11-19 16:33:29', 17),
	(682, 33, 207, 1, '2018-11-19 16:33:29', '2018-11-19 16:33:29', 17),
	(683, 33, 132, 1, '2018-11-19 16:33:29', '2018-11-19 16:33:29', 17),
	(684, 33, 189, 1, '2018-11-19 16:33:29', '2018-11-19 16:33:29', 17),
	(685, 33, 266, 1, '2018-11-19 16:33:29', '2018-11-19 16:33:29', 17),
	(686, 33, 238, 1, '2018-11-19 16:33:29', '2018-11-19 16:33:29', 17),
	(687, 33, 206, 1, '2018-11-19 16:33:29', '2018-11-19 16:33:29', 17),
	(688, 33, 30, 1, '2018-11-19 16:33:29', '2018-11-19 16:33:29', 17),
	(689, 33, 148, 1, '2018-11-19 16:33:29', '2018-11-19 16:33:29', 17),
	(690, 33, 162, 1, '2018-11-19 16:33:29', '2018-11-19 16:33:29', 17),
	(691, 33, 86, 1, '2018-11-19 16:33:29', '2018-11-19 16:33:29', 17),
	(692, 33, 453, 0, '2018-11-19 16:33:29', '2018-11-19 16:33:29', 17),
	(693, 33, 425, 0, '2018-11-19 16:33:29', '2018-11-19 16:33:29', 17),
	(694, 33, 53, 1, '2018-11-19 16:33:29', '2018-11-19 16:33:29', 17),
	(695, 33, 340, 1, '2018-11-19 16:33:29', '2018-11-19 16:33:29', 17);

-- Dump della struttura di tabella cittadini_dev.house_qec_values
